{"id":46761,"date":"2017-12-01T00:00:00","date_gmt":"2017-12-01T00:00:00","guid":{"rendered":"https:\/\/wydawnictwo.ug.edu.pl\/ksiegarnia-online\/uncategorized\/prawne-problemy-rozpraszania-i-koncentracji-zabudowy\/"},"modified":"2026-02-11T15:56:36","modified_gmt":"2026-02-11T15:56:36","slug":"prawne-problemy-rozpraszania-i-koncentracji-zabudowy","status":"publish","type":"product","link":"https:\/\/wydawnictwo.ug.edu.pl\/en\/ksiegarnia-online\/prawo-i-administracja\/prawne-problemy-rozpraszania-i-koncentracji-zabudowy\/","title":{"rendered":"Prawne problemy rozpraszania i koncentracji zabudowy"},"content":{"rendered":"","protected":false},"excerpt":{"rendered":"<p>Zjawiska rozpraszania zabudowy, w szczeg\u00f3lno\u015bci tego niekontrolowanego, okre\u015blanego r\u00f3wnie\u017c mianem \u201erozlewania\u201d, oraz jej koncentracji, zw\u0142aszcza tej nadmiernej, s\u0105 przedmiotem dyskusji i studi\u00f3w wielu dyscyplin, w tym: urbanistyki, architektury, ekonomii czy geografii. \u015awiadczy to mi\u0119dzy innymi o tym, \u017ce wnikliwe badanie tych zjawisk wymaga podej\u015bcia interdyscyplinarnego. Nale\u017cy przyzna\u0107, \u017ce wielorako\u015b\u0107 perspektyw, z jakich jest postrzegany badany przedmiot, r\u00f3\u017cnorodno\u015b\u0107 podej\u015b\u0107 i metod wykorzystywanych w procesie badawczym sprawiaj\u0105, \u017ce poznanie istoty badanego przedmiotu staje si\u0119 pe\u0142niejsze. To za\u015b z kolei prowokuje do postawienia pytania o to, czy rozpraszanie i koncentracja zabudowy posiada na tyle donios\u0142y kontekst prawny, by sta\u0107 si\u0119 przedmiotem naukowej refleksji tak\u017ce i z jurydycznego punktu widzenia.<\/p>\n","protected":false},"featured_media":14779,"template":"","meta":{"_acf_changed":false},"journal":[],"rodzaj":[7074],"seria":[],"product_brand":[],"product_cat":[6932],"product_tag":[7610],"class_list":{"0":"post-46761","1":"product","2":"type-product","3":"status-publish","4":"has-post-thumbnail","6":"rodzaj-ksiazki","7":"product_cat-prawo-i-administracja","8":"product_tag-tomasz-bakowski","10":"first","11":"outofstock","12":"taxable","13":"shipping-taxable","14":"purchasable","15":"product-type-simple"},"acf":[],"_links":{"self":[{"href":"https:\/\/wydawnictwo.ug.edu.pl\/en\/wp-json\/wp\/v2\/product\/46761","targetHints":{"allow":["GET"]}}],"collection":[{"href":"https:\/\/wydawnictwo.ug.edu.pl\/en\/wp-json\/wp\/v2\/product"}],"about":[{"href":"https:\/\/wydawnictwo.ug.edu.pl\/en\/wp-json\/wp\/v2\/types\/product"}],"wp:featuredmedia":[{"embeddable":true,"href":"https:\/\/wydawnictwo.ug.edu.pl\/en\/wp-json\/wp\/v2\/media\/14779"}],"wp:attachment":[{"href":"https:\/\/wydawnictwo.ug.edu.pl\/en\/wp-json\/wp\/v2\/media?parent=46761"}],"wp:term":[{"taxonomy":"journal","embeddable":true,"href":"https:\/\/wydawnictwo.ug.edu.pl\/en\/wp-json\/wp\/v2\/journal?post=46761"},{"taxonomy":"rodzaj","embeddable":true,"href":"https:\/\/wydawnictwo.ug.edu.pl\/en\/wp-json\/wp\/v2\/rodzaj?post=46761"},{"taxonomy":"seria","embeddable":true,"href":"https:\/\/wydawnictwo.ug.edu.pl\/en\/wp-json\/wp\/v2\/seria?post=46761"},{"taxonomy":"product_brand","embeddable":true,"href":"https:\/\/wydawnictwo.ug.edu.pl\/en\/wp-json\/wp\/v2\/product_brand?post=46761"},{"taxonomy":"product_cat","embeddable":true,"href":"https:\/\/wydawnictwo.ug.edu.pl\/en\/wp-json\/wp\/v2\/product_cat?post=46761"},{"taxonomy":"product_tag","embeddable":true,"href":"https:\/\/wydawnictwo.ug.edu.pl\/en\/wp-json\/wp\/v2\/product_tag?post=46761"}],"curies":[{"name":"wp","href":"https:\/\/api.w.org\/{rel}","templated":true}]}}

<p>Zjawiska rozpraszania zabudowy, w szczególności tego niekontrolowanego, określanego również mianem „rozlewania”, oraz jej koncentracji, zwłaszcza tej nadmiernej, są przedmiotem dyskusji i studiów wielu dyscyplin, w tym: urbanistyki, architektury, ekonomii czy geografii. Świadczy to między innymi o tym, że wnikliwe badanie tych zjawisk wymaga podejścia interdyscyplinarnego. Należy przyznać, że wielorakość perspektyw, z jakich jest postrzegany badany przedmiot, różnorodność podejść i metod wykorzystywanych w procesie badawczym sprawiają, że poznanie istoty badanego przedmiotu staje się pełniejsze. To zaś z kolei prowokuje do postawienia pytania o to, czy rozpraszanie i koncentracja zabudowy posiada na tyle doniosły kontekst prawny, by stać się przedmiotem naukowej refleksji także i z jurydycznego punktu widzenia.</p>
