{"id":46760,"date":"2017-12-01T00:00:00","date_gmt":"2017-12-01T00:00:00","guid":{"rendered":"https:\/\/wydawnictwo.ug.edu.pl\/ksiegarnia-online\/uncategorized\/kontakty-interregionalne-w-basenie-morza-baltyckiego-na-przestrzeni-dziejow\/"},"modified":"2026-02-11T15:59:23","modified_gmt":"2026-02-11T15:59:23","slug":"kontakty-interregionalne-w-basenie-morza-baltyckiego-na-przestrzeni-dziejow","status":"publish","type":"product","link":"https:\/\/wydawnictwo.ug.edu.pl\/en\/ksiegarnia-online\/historia\/kontakty-interregionalne-w-basenie-morza-baltyckiego-na-przestrzeni-dziejow\/","title":{"rendered":"Kontakty interregionalne w basenie Morza Ba\u0142tyckiego na przestrzeni dziej\u00f3w"},"content":{"rendered":"","protected":false},"excerpt":{"rendered":"<p>Niniejsza publikacja obejmuje pisemne wersje wybranych referat\u00f3w wyg\u0142oszonych w trakcie og\u00f3lnopolskiej studencko-doktoranckiej konferencji naukowej archeolog\u00f3w zatytu\u0142owanej \u201eKontakty interregionalne w basenie Morza Ba\u0142tyckiego na przestrzeni dziej\u00f3w, handel \u2013 konflikty \u2013 migracje \u2013 dyspersja idei\u201d. Sympozjum odby\u0142o si\u0119 w dniach 14\u201315 maja 2015 roku w Gda\u0144sku, a jego organizatorami by\u0142o Ko\u0142o Naukowe Student\u00f3w Archeologii Uniwersytetu Gda\u0144skiego oraz doktoranci archeologii z Wydzia\u0142u Historycznego tej uczelni. By\u0142o to ju\u017c drugie spotkanie tego typu zorganizowane przez gda\u0144ski o\u015brodek akademicki, a niniejsza ksi\u0105\u017cka stanowi kontynuacj\u0119 zbioru artyku\u0142\u00f3w Stan i perspektywy bada\u0144 archeologicznych na Pomorzu opublikowanego po poprzedniej sesji, kt\u00f3ra odby\u0142a si\u0119 w maju 2013 roku.<\/p>\n","protected":false},"featured_media":15039,"template":"","meta":{"_acf_changed":false},"journal":[],"rodzaj":[],"seria":[],"product_brand":[],"product_cat":[6958],"product_tag":[8129,8130,8131],"class_list":{"0":"post-46760","1":"product","2":"type-product","3":"status-publish","4":"has-post-thumbnail","6":"product_cat-historia","7":"product_tag-agnieszka-nalezny","8":"product_tag-anna-korczynska","9":"product_tag-kamil-niedziolka","11":"first","12":"outofstock","13":"taxable","14":"shipping-taxable","15":"product-type-simple"},"acf":[],"_links":{"self":[{"href":"https:\/\/wydawnictwo.ug.edu.pl\/en\/wp-json\/wp\/v2\/product\/46760","targetHints":{"allow":["GET"]}}],"collection":[{"href":"https:\/\/wydawnictwo.ug.edu.pl\/en\/wp-json\/wp\/v2\/product"}],"about":[{"href":"https:\/\/wydawnictwo.ug.edu.pl\/en\/wp-json\/wp\/v2\/types\/product"}],"wp:featuredmedia":[{"embeddable":true,"href":"https:\/\/wydawnictwo.ug.edu.pl\/en\/wp-json\/wp\/v2\/media\/15039"}],"wp:attachment":[{"href":"https:\/\/wydawnictwo.ug.edu.pl\/en\/wp-json\/wp\/v2\/media?parent=46760"}],"wp:term":[{"taxonomy":"journal","embeddable":true,"href":"https:\/\/wydawnictwo.ug.edu.pl\/en\/wp-json\/wp\/v2\/journal?post=46760"},{"taxonomy":"rodzaj","embeddable":true,"href":"https:\/\/wydawnictwo.ug.edu.pl\/en\/wp-json\/wp\/v2\/rodzaj?post=46760"},{"taxonomy":"seria","embeddable":true,"href":"https:\/\/wydawnictwo.ug.edu.pl\/en\/wp-json\/wp\/v2\/seria?post=46760"},{"taxonomy":"product_brand","embeddable":true,"href":"https:\/\/wydawnictwo.ug.edu.pl\/en\/wp-json\/wp\/v2\/product_brand?post=46760"},{"taxonomy":"product_cat","embeddable":true,"href":"https:\/\/wydawnictwo.ug.edu.pl\/en\/wp-json\/wp\/v2\/product_cat?post=46760"},{"taxonomy":"product_tag","embeddable":true,"href":"https:\/\/wydawnictwo.ug.edu.pl\/en\/wp-json\/wp\/v2\/product_tag?post=46760"}],"curies":[{"name":"wp","href":"https:\/\/api.w.org\/{rel}","templated":true}]}}

Kontakty interregionalne w basenie Morza Bałtyckiego na przestrzeni dziejów

<p>Niniejsza publikacja obejmuje pisemne wersje wybranych referatów wygłoszonych w trakcie ogólnopolskiej studencko-doktoranckiej konferencji naukowej archeologów zatytułowanej „Kontakty interregionalne w basenie Morza Bałtyckiego na przestrzeni dziejów, handel – konflikty – migracje – dyspersja idei”. Sympozjum odbyło się w dniach 14–15 maja 2015 roku w Gdańsku, a jego organizatorami było Koło Naukowe Studentów Archeologii Uniwersytetu Gdańskiego oraz doktoranci archeologii z Wydziału Historycznego tej uczelni. Było to już drugie spotkanie tego typu zorganizowane przez gdański ośrodek akademicki, a niniejsza książka stanowi kontynuację zbioru artykułów Stan i perspektywy badań archeologicznych na Pomorzu opublikowanego po poprzedniej sesji, która odbyła się w maju 2013 roku.</p>
