{"id":46759,"date":"2017-12-01T00:00:00","date_gmt":"2017-12-01T00:00:00","guid":{"rendered":"https:\/\/wydawnictwo.ug.edu.pl\/ksiegarnia-online\/uncategorized\/el-andaluz-polifacetico-acercamientos-desde-la-comunicacion-y-la-didactica\/"},"modified":"2026-02-11T15:59:24","modified_gmt":"2026-02-11T15:59:24","slug":"el-andaluz-polifacetico-acercamientos-desde-la-comunicacion-y-la-didactica","status":"publish","type":"product","link":"https:\/\/wydawnictwo.ug.edu.pl\/en\/ksiegarnia-online\/nauka-jezykow-obcych\/el-andaluz-polifacetico-acercamientos-desde-la-comunicacion-y-la-didactica\/","title":{"rendered":"El andaluz polifac\u00e9tico. Acercamientos desde la comunicaci\u00f3n y la did\u00e1ctica"},"content":{"rendered":"","protected":false},"excerpt":{"rendered":"<p>Ksi\u0105\u017cka jest monografi\u0105 wieloautorsk\u0105 po\u015bwi\u0119con\u0105 dialektowi andaluzyjskiemu. Sk\u0142ada si\u0119 na ni\u0105 dziesi\u0119\u0107 oryginalnych rozdzia\u0142\u00f3w, kt\u00f3rych autorami s\u0105 naukowcy z dw\u00f3ch presti\u017cowych uniwersytet\u00f3w hiszpa\u0144skich (Uniwersytet w Kadyksie, Uniwersytet w Almerii) oraz z Uniwersytetu Gda\u0144skiego. Nowatorski charakter opracowania polega na zebraniu studi\u00f3w, kt\u00f3rych charakter wykracza poza dominuj\u0105c\u0105 do tej pory w badaniach nad dialektem andaluzyjskim perspektyw\u0119 typologiczno-leksykograficzn\u0105. Autorzy ksi\u0105\u017cki proponuj\u0105 uj\u0119cie, w kt\u00f3rym andaluzyjska odmiana j\u0119zyka hiszpa\u0144skiego postrzegana jest przede wszystkim przez pryzmat samych jej u\u017cytkownik\u00f3w oraz miejsca, jakie ten w\u0142a\u015bnie dialekt zajmuje w szeroko poj\u0119tej przestrzeni spo\u0142ecznej i komunikacyjnej. W ten spos\u00f3b odniesienia teoretyczno-interpretacyjne, kt\u00f3re dominuj\u0105 w ksi\u0105\u017cce, maj\u0105 zasadniczo charakter socjolingwistyczny, interakcyjny i dydaktyczny. Ta ostatnia perspektywa jest godna podkre\u015blenia, bowiem znacz\u0105ca cz\u0119\u015b\u0107 monografii to w\u0142a\u015bnie opracowania b\u0119d\u0105ce jednocze\u015bnie konkretnymi propozycjami dydaktycznymi, kt\u00f3re z powodzeniem mo\u017cna wykorzysta\u0107 w nauczaniu j\u0119zyka hiszpa\u0144skiego, tak\u017ce jako j\u0119zyka obcego. W\u015br\u00f3d kwestii szczeg\u00f3\u0142owych, kt\u00f3re znalaz\u0142y miejsce w monografii, wspomnie\u0107 mo\u017cna m.in. problem planifikacji j\u0119zykowej, kt\u00f3rej podlega Andaluzja; andaluzyjskie regionalizmy notowane w S\u0142owniku Hiszpa\u0144skiej Akademii Kr\u00f3lewskiej, literatur\u0119 andaluzyjsk\u0105 i sposoby jej wykorzystania w nauczaniu hiszpa\u0144skiego oraz potoczny, andaluzyjski uzus konwersacyjny.<\/p>\n","protected":false},"featured_media":15036,"template":"","meta":{"_acf_changed":false},"journal":[],"rodzaj":[2602],"seria":[],"product_brand":[],"product_cat":[7310],"product_tag":[320],"class_list":{"0":"post-46759","1":"product","2":"type-product","3":"status-publish","4":"has-post-thumbnail","6":"rodzaj-ksiazki","7":"product_cat-nauka-jezykow-obcych","8":"product_tag-marek-baran","10":"first","11":"outofstock","12":"taxable","13":"shipping-taxable","14":"purchasable","15":"product-type-simple"},"acf":[],"_links":{"self":[{"href":"https:\/\/wydawnictwo.ug.edu.pl\/en\/wp-json\/wp\/v2\/product\/46759","targetHints":{"allow":["GET"]}}],"collection":[{"href":"https:\/\/wydawnictwo.ug.edu.pl\/en\/wp-json\/wp\/v2\/product"}],"about":[{"href":"https:\/\/wydawnictwo.ug.edu.pl\/en\/wp-json\/wp\/v2\/types\/product"}],"wp:featuredmedia":[{"embeddable":true,"href":"https:\/\/wydawnictwo.ug.edu.pl\/en\/wp-json\/wp\/v2\/media\/15036"}],"wp:attachment":[{"href":"https:\/\/wydawnictwo.ug.edu.pl\/en\/wp-json\/wp\/v2\/media?parent=46759"}],"wp:term":[{"taxonomy":"journal","embeddable":true,"href":"https:\/\/wydawnictwo.ug.edu.pl\/en\/wp-json\/wp\/v2\/journal?post=46759"},{"taxonomy":"rodzaj","embeddable":true,"href":"https:\/\/wydawnictwo.ug.edu.pl\/en\/wp-json\/wp\/v2\/rodzaj?post=46759"},{"taxonomy":"seria","embeddable":true,"href":"https:\/\/wydawnictwo.ug.edu.pl\/en\/wp-json\/wp\/v2\/seria?post=46759"},{"taxonomy":"product_brand","embeddable":true,"href":"https:\/\/wydawnictwo.ug.edu.pl\/en\/wp-json\/wp\/v2\/product_brand?post=46759"},{"taxonomy":"product_cat","embeddable":true,"href":"https:\/\/wydawnictwo.ug.edu.pl\/en\/wp-json\/wp\/v2\/product_cat?post=46759"},{"taxonomy":"product_tag","embeddable":true,"href":"https:\/\/wydawnictwo.ug.edu.pl\/en\/wp-json\/wp\/v2\/product_tag?post=46759"}],"curies":[{"name":"wp","href":"https:\/\/api.w.org\/{rel}","templated":true}]}}

El andaluz polifacético. Acercamientos desde la comunicación y la didáctica

<p>Książka jest monografią wieloautorską poświęconą dialektowi andaluzyjskiemu. Składa się na nią dziesięć oryginalnych rozdziałów, których autorami są naukowcy z dwóch prestiżowych uniwersytetów hiszpańskich (Uniwersytet w Kadyksie, Uniwersytet w Almerii) oraz z Uniwersytetu Gdańskiego. Nowatorski charakter opracowania polega na zebraniu studiów, których charakter wykracza poza dominującą do tej pory w badaniach nad dialektem andaluzyjskim perspektywę typologiczno-leksykograficzną. Autorzy książki proponują ujęcie, w którym andaluzyjska odmiana języka hiszpańskiego postrzegana jest przede wszystkim przez pryzmat samych jej użytkowników oraz miejsca, jakie ten właśnie dialekt zajmuje w szeroko pojętej przestrzeni społecznej i komunikacyjnej. W ten sposób odniesienia teoretyczno-interpretacyjne, które dominują w książce, mają zasadniczo charakter socjolingwistyczny, interakcyjny i dydaktyczny. Ta ostatnia perspektywa jest godna podkreślenia, bowiem znacząca część monografii to właśnie opracowania będące jednocześnie konkretnymi propozycjami dydaktycznymi, które z powodzeniem można wykorzystać w nauczaniu języka hiszpańskiego, także jako języka obcego. Wśród kwestii szczegółowych, które znalazły miejsce w monografii, wspomnieć można m.in. problem planifikacji językowej, której podlega Andaluzja; andaluzyjskie regionalizmy notowane w Słowniku Hiszpańskiej Akademii Królewskiej, literaturę andaluzyjską i sposoby jej wykorzystania w nauczaniu hiszpańskiego oraz potoczny, andaluzyjski uzus konwersacyjny.</p>
