{"id":46758,"date":"2017-12-01T00:00:00","date_gmt":"2017-12-01T00:00:00","guid":{"rendered":"https:\/\/wydawnictwo.ug.edu.pl\/ksiegarnia-online\/uncategorized\/narracje-miejskie-w-literaturze-polskiej-po-1989-roku-pamiec-przestrzen-dyskurs\/"},"modified":"2026-02-11T15:59:30","modified_gmt":"2026-02-11T15:59:30","slug":"narracje-miejskie-w-literaturze-polskiej-po-1989-roku-pamiec-przestrzen-dyskurs","status":"publish","type":"product","link":"https:\/\/wydawnictwo.ug.edu.pl\/en\/ksiegarnia-online\/literaturoznawstwo\/narracje-miejskie-w-literaturze-polskiej-po-1989-roku-pamiec-przestrzen-dyskurs\/","title":{"rendered":"Narracje miejskie w literaturze polskiej po 1989 roku. Pami\u0119\u0107, przestrze\u0144, dyskurs"},"content":{"rendered":"","protected":false},"excerpt":{"rendered":"<p>G\u0142\u00f3wnym obszarem badawczym publikacji jest relacja mi\u0119dzy pami\u0119ci\u0105, przestrzeni\u0105 miejsk\u0105 i kategori\u0105 dyskursu w literaturze polskiej po 1989 roku. W tekstach, kt\u00f3re stanowi\u0105 przedmiot analizy, mo\u017cna si\u0119 dopatrzy\u0107 r\u00f3\u017cnych strategii narracyjnych, za pomoc\u0105 kt\u00f3rych autorzy pr\u00f3buj\u0105 uchwyci\u0107 i odda\u0107 relacj\u0119 mi\u0119dzy przestrzeni\u0105 miejsk\u0105, wyzwalan\u0105 przez ni\u0105 (lub na ni\u0105 projektowan\u0105) pami\u0119ci\u0105 a podmiotami indywidualnymi b\u0105d\u017a grupowymi. W toku analizy autorka wykazuje, \u017ce zwr\u00f3cenie si\u0119 ku miastu, miejsko\u015bci oraz przestrzeni w kontek\u015bcie proces\u00f3w zachodz\u0105cych w pami\u0119ci zbiorowej i kulturowej nie tylko pozwala ods\u0142oni\u0107 pewne wzory i schematy narracji pami\u0119ciowych (wp\u0142ywaj\u0105cych na spos\u00f3b postrzegania rzeczywisto\u015bci kulturowej oraz kszta\u0142tuj\u0105cych relacje spo\u0142eczne), ale r\u00f3wnie\u017c umo\u017cliwia dostrze\u017cenie p\u0119kni\u0119\u0107, fa\u0142d, napi\u0119\u0107, potkni\u0119\u0107 i przemieszcze\u0144 w obr\u0119bie tych narracji.<\/p>\n","protected":false},"featured_media":14936,"template":"","meta":{"_acf_changed":false},"journal":[],"rodzaj":[7074,7076],"seria":[7797],"product_brand":[],"product_cat":[6925],"product_tag":[8127],"class_list":{"0":"post-46758","1":"product","2":"type-product","3":"status-publish","4":"has-post-thumbnail","6":"rodzaj-ksiazki","7":"rodzaj-serie-wydawnicze","8":"seria-dissertationes-laudatissimae-universitas-gedanensis","9":"product_cat-literaturoznawstwo","10":"product_tag-dobroslawa-korczynska-partyka","12":"first","13":"outofstock","14":"taxable","15":"shipping-taxable","16":"product-type-simple"},"acf":[],"_links":{"self":[{"href":"https:\/\/wydawnictwo.ug.edu.pl\/en\/wp-json\/wp\/v2\/product\/46758","targetHints":{"allow":["GET"]}}],"collection":[{"href":"https:\/\/wydawnictwo.ug.edu.pl\/en\/wp-json\/wp\/v2\/product"}],"about":[{"href":"https:\/\/wydawnictwo.ug.edu.pl\/en\/wp-json\/wp\/v2\/types\/product"}],"wp:featuredmedia":[{"embeddable":true,"href":"https:\/\/wydawnictwo.ug.edu.pl\/en\/wp-json\/wp\/v2\/media\/14936"}],"wp:attachment":[{"href":"https:\/\/wydawnictwo.ug.edu.pl\/en\/wp-json\/wp\/v2\/media?parent=46758"}],"wp:term":[{"taxonomy":"journal","embeddable":true,"href":"https:\/\/wydawnictwo.ug.edu.pl\/en\/wp-json\/wp\/v2\/journal?post=46758"},{"taxonomy":"rodzaj","embeddable":true,"href":"https:\/\/wydawnictwo.ug.edu.pl\/en\/wp-json\/wp\/v2\/rodzaj?post=46758"},{"taxonomy":"seria","embeddable":true,"href":"https:\/\/wydawnictwo.ug.edu.pl\/en\/wp-json\/wp\/v2\/seria?post=46758"},{"taxonomy":"product_brand","embeddable":true,"href":"https:\/\/wydawnictwo.ug.edu.pl\/en\/wp-json\/wp\/v2\/product_brand?post=46758"},{"taxonomy":"product_cat","embeddable":true,"href":"https:\/\/wydawnictwo.ug.edu.pl\/en\/wp-json\/wp\/v2\/product_cat?post=46758"},{"taxonomy":"product_tag","embeddable":true,"href":"https:\/\/wydawnictwo.ug.edu.pl\/en\/wp-json\/wp\/v2\/product_tag?post=46758"}],"curies":[{"name":"wp","href":"https:\/\/api.w.org\/{rel}","templated":true}]}}

Narracje miejskie w literaturze polskiej po 1989 roku. Pamięć, przestrzeń, dyskurs

<p>Głównym obszarem badawczym publikacji jest relacja między pamięcią, przestrzenią miejską i kategorią dyskursu w literaturze polskiej po 1989 roku. W tekstach, które stanowią przedmiot analizy, można się dopatrzyć różnych strategii narracyjnych, za pomocą których autorzy próbują uchwycić i oddać relację między przestrzenią miejską, wyzwalaną przez nią (lub na nią projektowaną) pamięcią a podmiotami indywidualnymi bądź grupowymi. W toku analizy autorka wykazuje, że zwrócenie się ku miastu, miejskości oraz przestrzeni w kontekście procesów zachodzących w pamięci zbiorowej i kulturowej nie tylko pozwala odsłonić pewne wzory i schematy narracji pamięciowych (wpływających na sposób postrzegania rzeczywistości kulturowej oraz kształtujących relacje społeczne), ale również umożliwia dostrzeżenie pęknięć, fałd, napięć, potknięć i przemieszczeń w obrębie tych narracji.</p>
