{"id":46741,"date":"2017-12-02T00:00:00","date_gmt":"2017-12-02T00:00:00","guid":{"rendered":"https:\/\/wydawnictwo.ug.edu.pl\/ksiegarnia-online\/uncategorized\/gospodarka-finansowa-samorzadu-terytorialnego-tendencje-problemy-i-dylematy-modelu-panstwa-i-demokracji\/"},"modified":"2026-02-11T15:55:03","modified_gmt":"2026-02-11T15:55:03","slug":"gospodarka-finansowa-samorzadu-terytorialnego-tendencje-problemy-i-dylematy-modelu-panstwa-i-demokracji","status":"publish","type":"product","link":"https:\/\/wydawnictwo.ug.edu.pl\/en\/ksiegarnia-online\/zarzadzanie\/gospodarka-finansowa-samorzadu-terytorialnego-tendencje-problemy-i-dylematy-modelu-panstwa-i-demokracji\/","title":{"rendered":"Gospodarka finansowa samorz\u0105du terytorialnego. Tendencje, problemy i dylematy modelu pa\u0144stwa i demokracji"},"content":{"rendered":"","protected":false},"excerpt":{"rendered":"<p>Autor przedstawia w ksi\u0105\u017cce wyniki bada\u0144 dotycz\u0105cych gospodarki \ufb01nansowej jednostek samorz\u0105du terytorialnego za lata 2010\u20132016. Wymiar \ufb01nansowy dzia\u0142ania organ\u00f3w samorz\u0105du stanowi obszar badawczy pozwalaj\u0105cy na zastosowanie narz\u0119dzi analizy umo\u017cliwiaj\u0105cych obiektywny pomiar zamierzonych i przypadkowych skutk\u00f3w tej dzia\u0142alno\u015bci. W zwi\u0105zku z analiz\u0105 polityki \ufb01nansowej przedmiotem bada\u0144 staj\u0105 si\u0119 prawid\u0142owo\u015bci, regu\u0142y oraz kszta\u0142tuj\u0105ce si\u0119 nowe standardy post\u0119powania organ\u00f3w lokalnego i regionalnego samorz\u0105du, a w\u015br\u00f3d nich te, kt\u00f3re mo\u017cna uzna\u0107 za metody i narz\u0119dzia wyra\u017caj\u0105ce jego samodzielno\u015b\u0107 i samo\ufb01nansowanie.<\/p>\n","protected":false},"featured_media":14942,"template":"","meta":{"_acf_changed":false},"journal":[],"rodzaj":[],"seria":[],"product_brand":[],"product_cat":[6942],"product_tag":[596],"class_list":{"0":"post-46741","1":"product","2":"type-product","3":"status-publish","4":"has-post-thumbnail","6":"product_cat-zarzadzanie","7":"product_tag-lech-jedrzejewski","9":"first","10":"outofstock","11":"taxable","12":"shipping-taxable","13":"product-type-simple"},"acf":[],"_links":{"self":[{"href":"https:\/\/wydawnictwo.ug.edu.pl\/en\/wp-json\/wp\/v2\/product\/46741","targetHints":{"allow":["GET"]}}],"collection":[{"href":"https:\/\/wydawnictwo.ug.edu.pl\/en\/wp-json\/wp\/v2\/product"}],"about":[{"href":"https:\/\/wydawnictwo.ug.edu.pl\/en\/wp-json\/wp\/v2\/types\/product"}],"wp:featuredmedia":[{"embeddable":true,"href":"https:\/\/wydawnictwo.ug.edu.pl\/en\/wp-json\/wp\/v2\/media\/14942"}],"wp:attachment":[{"href":"https:\/\/wydawnictwo.ug.edu.pl\/en\/wp-json\/wp\/v2\/media?parent=46741"}],"wp:term":[{"taxonomy":"journal","embeddable":true,"href":"https:\/\/wydawnictwo.ug.edu.pl\/en\/wp-json\/wp\/v2\/journal?post=46741"},{"taxonomy":"rodzaj","embeddable":true,"href":"https:\/\/wydawnictwo.ug.edu.pl\/en\/wp-json\/wp\/v2\/rodzaj?post=46741"},{"taxonomy":"seria","embeddable":true,"href":"https:\/\/wydawnictwo.ug.edu.pl\/en\/wp-json\/wp\/v2\/seria?post=46741"},{"taxonomy":"product_brand","embeddable":true,"href":"https:\/\/wydawnictwo.ug.edu.pl\/en\/wp-json\/wp\/v2\/product_brand?post=46741"},{"taxonomy":"product_cat","embeddable":true,"href":"https:\/\/wydawnictwo.ug.edu.pl\/en\/wp-json\/wp\/v2\/product_cat?post=46741"},{"taxonomy":"product_tag","embeddable":true,"href":"https:\/\/wydawnictwo.ug.edu.pl\/en\/wp-json\/wp\/v2\/product_tag?post=46741"}],"curies":[{"name":"wp","href":"https:\/\/api.w.org\/{rel}","templated":true}]}}

Gospodarka finansowa samorządu terytorialnego. Tendencje, problemy i dylematy modelu państwa i demokracji

<p>Autor przedstawia w książce wyniki badań dotyczących gospodarki ﬁnansowej jednostek samorządu terytorialnego za lata 2010–2016. Wymiar ﬁnansowy działania organów samorządu stanowi obszar badawczy pozwalający na zastosowanie narzędzi analizy umożliwiających obiektywny pomiar zamierzonych i przypadkowych skutków tej działalności. W związku z analizą polityki ﬁnansowej przedmiotem badań stają się prawidłowości, reguły oraz kształtujące się nowe standardy postępowania organów lokalnego i regionalnego samorządu, a wśród nich te, które można uznać za metody i narzędzia wyrażające jego samodzielność i samoﬁnansowanie.</p>
