{"id":46740,"date":"2017-12-02T00:00:00","date_gmt":"2017-12-02T00:00:00","guid":{"rendered":"https:\/\/wydawnictwo.ug.edu.pl\/ksiegarnia-online\/uncategorized\/francuskie-glosy-o-szlachcie-feudalizmie-i-monarchii-w-przededniu-feudalizmu\/"},"modified":"2026-02-11T15:51:05","modified_gmt":"2026-02-11T15:51:05","slug":"francuskie-glosy-o-szlachcie-feudalizmie-i-monarchii-w-przededniu-feudalizmu","status":"publish","type":"product","link":"https:\/\/wydawnictwo.ug.edu.pl\/en\/ksiegarnia-online\/historia\/francuskie-glosy-o-szlachcie-feudalizmie-i-monarchii-w-przededniu-feudalizmu\/","title":{"rendered":"Francuskie g\u0142osy. O szlachcie, feudalizmie i monarchii w przededniu feudalizmu"},"content":{"rendered":"","protected":false},"excerpt":{"rendered":"<p>W latach 1774\u20131792, za panowania Ludwika XVI, zegar odmierzaj\u0105cy czas ko\u0144ca feudalizmu zacz\u0105\u0142 gwa\u0142townie przyspiesza\u0107. Najpierw by\u0142y remonstrancje Malesherbesa, dotycz\u0105ce dra\u017cliwej kwestii podatk\u00f3w i arbitralno\u015bci w\u0142adzy kr\u00f3lewskiej, przed\u0142o\u017cone nowemu monarsze 6 maja 1775 roku. I jak zwykle bulwersowa\u0142y absolutyzm swym wo\u0142aniem o wolno\u015b\u0107 i sprawiedliwo\u015b\u0107 spo\u0142eczn\u0105. Potem od roku 1781 ca\u0142a Francja \u017cy\u0142a spraw\u0105 Wesela Figara, kt\u00f3ra rozpali\u0142a do bia\u0142o\u015bci uczucia opinii publicznej i sko\u0144czy\u0142a si\u0119 wielkim tryumfem Beaumarchais&#8217;go z 27 kwietnia 1784 roku. Ale to tylko pierwsze elementy d\u0142ugiego ci\u0105gu niefortunnych dla monarchii zdarze\u0144. W 1785 roku wybucha s\u0142ynna afera naszyjnikowa. Kompromituje ona kr\u00f3low\u0105 i arcybiskupa de Rohan, potomka jednego z najznamienitszych francuskich rod\u00f3w, rzucaj\u0105c cie\u0144 na samo ko\u015bcielno-monarchiczne j\u0105dro struktury dawnego ustroju. Rok 1786 to z kolei okres narastaj\u0105cych jak lawina problem\u00f3w finansowych kr\u00f3lestwa i sporu monarchy z Parlamentem o wprowadzenie nowych, obci\u0105\u017caj\u0105cych szlacht\u0119 podatk\u00f3w. Rok 1787 przebiega natomiast pod znakiem Zgromadzenia Notabli, kt\u00f3re ko\u0144czy si\u0119 niepowodzeniem i prowadzi do upadku ministra Calonne. A rok 1788 to ju\u017c tylko ostatnie podrygi dawnego ustroju, przygrywka do Wielkiej Rewolucji. Lamoignon, kanclerz i stra\u017cnik piecz\u0119ci, usi\u0142uje wprawdzie powt\u00f3rzy\u0107 manewr Maupeou sprzed siedemnastu lat i rozp\u0119dzi\u0107 niepokorny Parlament, ale robi to bezskutecznie. W efekcie w\u0142adza kr\u00f3lewska, kt\u00f3rej nie po raz pierwszy przychodzi zmierzy\u0107 si\u0119 z opini\u0105 publiczn\u0105, jawnie oburzon\u0105 jej \u201etyrani\u0105&#8221;, tym razem kapituluje. Ostatnim aktem tego dramatu jest sp\u00f3\u017aniona o wiele dekad decyzja Rady Stanu z 8 sierpnia 1788 roku zwo\u0142uj\u0105ca na rok nast\u0119pny Stany Generalne.<\/p>\n","protected":false},"featured_media":14785,"template":"","meta":{"_acf_changed":false},"journal":[],"rodzaj":[2602],"seria":[],"product_brand":[],"product_cat":[6958],"product_tag":[551,552],"class_list":{"0":"post-46740","1":"product","2":"type-product","3":"status-publish","4":"has-post-thumbnail","6":"rodzaj-ksiazki","7":"product_cat-historia","8":"product_tag-marek-mosakowski","9":"product_tag-przemyslaw-kossakowski","11":"first","12":"outofstock","13":"taxable","14":"shipping-taxable","15":"product-type-simple"},"acf":[],"_links":{"self":[{"href":"https:\/\/wydawnictwo.ug.edu.pl\/en\/wp-json\/wp\/v2\/product\/46740","targetHints":{"allow":["GET"]}}],"collection":[{"href":"https:\/\/wydawnictwo.ug.edu.pl\/en\/wp-json\/wp\/v2\/product"}],"about":[{"href":"https:\/\/wydawnictwo.ug.edu.pl\/en\/wp-json\/wp\/v2\/types\/product"}],"wp:featuredmedia":[{"embeddable":true,"href":"https:\/\/wydawnictwo.ug.edu.pl\/en\/wp-json\/wp\/v2\/media\/14785"}],"wp:attachment":[{"href":"https:\/\/wydawnictwo.ug.edu.pl\/en\/wp-json\/wp\/v2\/media?parent=46740"}],"wp:term":[{"taxonomy":"journal","embeddable":true,"href":"https:\/\/wydawnictwo.ug.edu.pl\/en\/wp-json\/wp\/v2\/journal?post=46740"},{"taxonomy":"rodzaj","embeddable":true,"href":"https:\/\/wydawnictwo.ug.edu.pl\/en\/wp-json\/wp\/v2\/rodzaj?post=46740"},{"taxonomy":"seria","embeddable":true,"href":"https:\/\/wydawnictwo.ug.edu.pl\/en\/wp-json\/wp\/v2\/seria?post=46740"},{"taxonomy":"product_brand","embeddable":true,"href":"https:\/\/wydawnictwo.ug.edu.pl\/en\/wp-json\/wp\/v2\/product_brand?post=46740"},{"taxonomy":"product_cat","embeddable":true,"href":"https:\/\/wydawnictwo.ug.edu.pl\/en\/wp-json\/wp\/v2\/product_cat?post=46740"},{"taxonomy":"product_tag","embeddable":true,"href":"https:\/\/wydawnictwo.ug.edu.pl\/en\/wp-json\/wp\/v2\/product_tag?post=46740"}],"curies":[{"name":"wp","href":"https:\/\/api.w.org\/{rel}","templated":true}]}}

Francuskie głosy. O szlachcie, feudalizmie i monarchii w przededniu feudalizmu

<p>W latach 1774–1792, za panowania Ludwika XVI, zegar odmierzający czas końca feudalizmu zaczął gwałtownie przyspieszać. Najpierw były remonstrancje Malesherbesa, dotyczące drażliwej kwestii podatków i arbitralności władzy królewskiej, przedłożone nowemu monarsze 6 maja 1775 roku. I jak zwykle bulwersowały absolutyzm swym wołaniem o wolność i sprawiedliwość społeczną. Potem od roku 1781 cała Francja żyła sprawą Wesela Figara, która rozpaliła do białości uczucia opinii publicznej i skończyła się wielkim tryumfem Beaumarchais&#8217;go z 27 kwietnia 1784 roku. Ale to tylko pierwsze elementy długiego ciągu niefortunnych dla monarchii zdarzeń. W 1785 roku wybucha słynna afera naszyjnikowa. Kompromituje ona królową i arcybiskupa de Rohan, potomka jednego z najznamienitszych francuskich rodów, rzucając cień na samo kościelno-monarchiczne jądro struktury dawnego ustroju. Rok 1786 to z kolei okres narastających jak lawina problemów finansowych królestwa i sporu monarchy z Parlamentem o wprowadzenie nowych, obciążających szlachtę podatków. Rok 1787 przebiega natomiast pod znakiem Zgromadzenia Notabli, które kończy się niepowodzeniem i prowadzi do upadku ministra Calonne. A rok 1788 to już tylko ostatnie podrygi dawnego ustroju, przygrywka do Wielkiej Rewolucji. Lamoignon, kanclerz i strażnik pieczęci, usiłuje wprawdzie powtórzyć manewr Maupeou sprzed siedemnastu lat i rozpędzić niepokorny Parlament, ale robi to bezskutecznie. W efekcie władza królewska, której nie po raz pierwszy przychodzi zmierzyć się z opinią publiczną, jawnie oburzoną jej „tyranią&#8221;, tym razem kapituluje. Ostatnim aktem tego dramatu jest spóźniona o wiele dekad decyzja Rady Stanu z 8 sierpnia 1788 roku zwołująca na rok następny Stany Generalne.</p>
