{"id":46739,"date":"2017-12-02T00:00:00","date_gmt":"2017-12-02T00:00:00","guid":{"rendered":"https:\/\/wydawnictwo.ug.edu.pl\/ksiegarnia-online\/uncategorized\/jestesmy-elita-nie-tlumem-w-sercach-nosimy-dume-czyli-o-srodkach-perswazyjnych-na-flagach-kibicow-klubow-polskiej-ekstraklasy\/"},"modified":"2026-02-11T15:51:07","modified_gmt":"2026-02-11T15:51:07","slug":"jestesmy-elita-nie-tlumem-w-sercach-nosimy-dume-czyli-o-srodkach-perswazyjnych-na-flagach-kibicow-klubow-polskiej-ekstraklasy","status":"publish","type":"product","link":"https:\/\/wydawnictwo.ug.edu.pl\/en\/ksiegarnia-online\/jezykoznawstwo\/jestesmy-elita-nie-tlumem-w-sercach-nosimy-dume-czyli-o-srodkach-perswazyjnych-na-flagach-kibicow-klubow-polskiej-ekstraklasy\/","title":{"rendered":"\u201eJeste\u015bmy elit\u0105 \u2013 nie t\u0142umem, w sercach nosimy dum\u0119&#8230;\u201d czyli o \u015brodkach perswazyjnych na flagach kibic\u00f3w klub\u00f3w polskiej ekstraklasy"},"content":{"rendered":"","protected":false},"excerpt":{"rendered":"<p>W publikacji tej analizowane s\u0105 \u015brodki perswazyjne u\u017cyte przez kibic\u00f3w klub\u00f3w ekstraklasy na flagach, kt\u00f3re wieszaj\u0105 oni na p\u0142otach w trakcie spotka\u0144 pi\u0142karskich. Przedstawiony zostanie proces przygotowywania flagi, wyboru has\u0142a oraz analiza owego has\u0142a pod k\u0105tem \u015brodk\u00f3w j\u0119zykowych, nawi\u0105za\u0144 intertekstualnych i tym podobnych. Publikacja zwiera\u0107 b\u0119dzie tak\u017ce s\u0142ownik hase\u0142.<\/p>\n","protected":false},"featured_media":14783,"template":"","meta":{"_acf_changed":false},"journal":[],"rodzaj":[2602],"seria":[],"product_brand":[],"product_cat":[6924],"product_tag":[340],"class_list":{"0":"post-46739","1":"product","2":"type-product","3":"status-publish","4":"has-post-thumbnail","6":"rodzaj-ksiazki","7":"product_cat-jezykoznawstwo","8":"product_tag-lukasz-bieszke","10":"first","11":"outofstock","12":"taxable","13":"shipping-taxable","14":"product-type-simple"},"acf":[],"_links":{"self":[{"href":"https:\/\/wydawnictwo.ug.edu.pl\/en\/wp-json\/wp\/v2\/product\/46739","targetHints":{"allow":["GET"]}}],"collection":[{"href":"https:\/\/wydawnictwo.ug.edu.pl\/en\/wp-json\/wp\/v2\/product"}],"about":[{"href":"https:\/\/wydawnictwo.ug.edu.pl\/en\/wp-json\/wp\/v2\/types\/product"}],"wp:featuredmedia":[{"embeddable":true,"href":"https:\/\/wydawnictwo.ug.edu.pl\/en\/wp-json\/wp\/v2\/media\/14783"}],"wp:attachment":[{"href":"https:\/\/wydawnictwo.ug.edu.pl\/en\/wp-json\/wp\/v2\/media?parent=46739"}],"wp:term":[{"taxonomy":"journal","embeddable":true,"href":"https:\/\/wydawnictwo.ug.edu.pl\/en\/wp-json\/wp\/v2\/journal?post=46739"},{"taxonomy":"rodzaj","embeddable":true,"href":"https:\/\/wydawnictwo.ug.edu.pl\/en\/wp-json\/wp\/v2\/rodzaj?post=46739"},{"taxonomy":"seria","embeddable":true,"href":"https:\/\/wydawnictwo.ug.edu.pl\/en\/wp-json\/wp\/v2\/seria?post=46739"},{"taxonomy":"product_brand","embeddable":true,"href":"https:\/\/wydawnictwo.ug.edu.pl\/en\/wp-json\/wp\/v2\/product_brand?post=46739"},{"taxonomy":"product_cat","embeddable":true,"href":"https:\/\/wydawnictwo.ug.edu.pl\/en\/wp-json\/wp\/v2\/product_cat?post=46739"},{"taxonomy":"product_tag","embeddable":true,"href":"https:\/\/wydawnictwo.ug.edu.pl\/en\/wp-json\/wp\/v2\/product_tag?post=46739"}],"curies":[{"name":"wp","href":"https:\/\/api.w.org\/{rel}","templated":true}]}}

„Jesteśmy elitą – nie tłumem, w sercach nosimy dumę&#8230;” czyli o środkach perswazyjnych na flagach kibiców klubów polskiej ekstraklasy

<p>W publikacji tej analizowane są środki perswazyjne użyte przez kibiców klubów ekstraklasy na flagach, które wieszają oni na płotach w trakcie spotkań piłkarskich. Przedstawiony zostanie proces przygotowywania flagi, wyboru hasła oraz analiza owego hasła pod kątem środków językowych, nawiązań intertekstualnych i tym podobnych. Publikacja zwierać będzie także słownik haseł.</p>
