{"id":46736,"date":"2017-12-02T00:00:00","date_gmt":"2017-12-02T00:00:00","guid":{"rendered":"https:\/\/wydawnictwo.ug.edu.pl\/ksiegarnia-online\/uncategorized\/mysl-filozoficzna-teologiczna-i-socjologiczna-boleslawa-prusa\/"},"modified":"2026-02-11T15:53:20","modified_gmt":"2026-02-11T15:53:20","slug":"mysl-filozoficzna-teologiczna-i-socjologiczna-boleslawa-prusa","status":"publish","type":"product","link":"https:\/\/wydawnictwo.ug.edu.pl\/en\/ksiegarnia-online\/literaturoznawstwo\/mysl-filozoficzna-teologiczna-i-socjologiczna-boleslawa-prusa\/","title":{"rendered":"My\u015bl filozoficzna, teologiczna i socjologiczna Boles\u0142awa Prusa"},"content":{"rendered":"","protected":false},"excerpt":{"rendered":"<p>Niniejszy tom zbiera wypowiedzi historyk\u00f3w i teoretyk\u00f3w literatury, teolog\u00f3w oraz edytor\u00f3w. Profil pomieszczonych tekst\u00f3w jest poszerzony o rozmaite konteksty, a horyzonty podejmowanych bada\u0144 wyznacza perspektywa dorobku\u00a0beletrystycznego i publicystycznego Prusa. Przedmiotem namys\u0142u Autor\u00f3w sta\u0142y si\u0119 zagadnienia wielowymiarowo\u015bci my\u015bli pisarza oraz jej filozoficznego, teologicznego, socjologicznego, historycznego, przyrodniczego aspektu. W prezentowanych tekstach widzimy wi\u0119c drobiazgowe interpretacje pojedynczych utwor\u00f3w Prusa, analizy por\u00f3wnawcze z dzie\u0142ami innych autor\u00f3w, uj\u0119cia syntezuj\u0105ce wybrane problemy tw\u00f3rczo\u015bci autora Lalki, a tak\u017ce badania j\u0119zykoznawcze i koncepcje edytorskie.<\/p>\n<p>Na ok\u0142adce ksi\u0105\u017cki\u00a0<i>My\u015bl filozoficzna, teologiczna\u00a0 i socjologiczna Boles\u0142awa Prusa\u00a0<\/i>wykorzystano plakat autorstwa Anny Nadrowskiej.<\/p>\n","protected":false},"featured_media":14848,"template":"","meta":{"_acf_changed":false},"journal":[],"rodzaj":[2602],"seria":[],"product_brand":[],"product_cat":[6925],"product_tag":[346,566],"class_list":{"0":"post-46736","1":"product","2":"type-product","3":"status-publish","4":"has-post-thumbnail","6":"rodzaj-ksiazki","7":"product_cat-literaturoznawstwo","8":"product_tag-roksana-blech","9":"product_tag-sylwia-karpowicz-slowikowska","11":"first","12":"outofstock","13":"taxable","14":"shipping-taxable","15":"purchasable","16":"product-type-simple"},"acf":[],"_links":{"self":[{"href":"https:\/\/wydawnictwo.ug.edu.pl\/en\/wp-json\/wp\/v2\/product\/46736","targetHints":{"allow":["GET"]}}],"collection":[{"href":"https:\/\/wydawnictwo.ug.edu.pl\/en\/wp-json\/wp\/v2\/product"}],"about":[{"href":"https:\/\/wydawnictwo.ug.edu.pl\/en\/wp-json\/wp\/v2\/types\/product"}],"wp:featuredmedia":[{"embeddable":true,"href":"https:\/\/wydawnictwo.ug.edu.pl\/en\/wp-json\/wp\/v2\/media\/14848"}],"wp:attachment":[{"href":"https:\/\/wydawnictwo.ug.edu.pl\/en\/wp-json\/wp\/v2\/media?parent=46736"}],"wp:term":[{"taxonomy":"journal","embeddable":true,"href":"https:\/\/wydawnictwo.ug.edu.pl\/en\/wp-json\/wp\/v2\/journal?post=46736"},{"taxonomy":"rodzaj","embeddable":true,"href":"https:\/\/wydawnictwo.ug.edu.pl\/en\/wp-json\/wp\/v2\/rodzaj?post=46736"},{"taxonomy":"seria","embeddable":true,"href":"https:\/\/wydawnictwo.ug.edu.pl\/en\/wp-json\/wp\/v2\/seria?post=46736"},{"taxonomy":"product_brand","embeddable":true,"href":"https:\/\/wydawnictwo.ug.edu.pl\/en\/wp-json\/wp\/v2\/product_brand?post=46736"},{"taxonomy":"product_cat","embeddable":true,"href":"https:\/\/wydawnictwo.ug.edu.pl\/en\/wp-json\/wp\/v2\/product_cat?post=46736"},{"taxonomy":"product_tag","embeddable":true,"href":"https:\/\/wydawnictwo.ug.edu.pl\/en\/wp-json\/wp\/v2\/product_tag?post=46736"}],"curies":[{"name":"wp","href":"https:\/\/api.w.org\/{rel}","templated":true}]}}

Myśl filozoficzna, teologiczna i socjologiczna Bolesława Prusa

<p>Niniejszy tom zbiera wypowiedzi historyków i teoretyków literatury, teologów oraz edytorów. Profil pomieszczonych tekstów jest poszerzony o rozmaite konteksty, a horyzonty podejmowanych badań wyznacza perspektywa dorobku beletrystycznego i publicystycznego Prusa. Przedmiotem namysłu Autorów stały się zagadnienia wielowymiarowości myśli pisarza oraz jej filozoficznego, teologicznego, socjologicznego, historycznego, przyrodniczego aspektu. W prezentowanych tekstach widzimy więc drobiazgowe interpretacje pojedynczych utworów Prusa, analizy porównawcze z dziełami innych autorów, ujęcia syntezujące wybrane problemy twórczości autora Lalki, a także badania językoznawcze i koncepcje edytorskie.</p>
<p>Na okładce książki <i>Myśl filozoficzna, teologiczna  i socjologiczna Bolesława Prusa </i>wykorzystano plakat autorstwa Anny Nadrowskiej.</p>
