{"id":46735,"date":"2017-12-02T00:00:00","date_gmt":"2017-12-02T00:00:00","guid":{"rendered":"https:\/\/wydawnictwo.ug.edu.pl\/ksiegarnia-online\/uncategorized\/nazwiska-pomorzan-pochodzenie-i-zmiany-tom-iv-czesc-i-a-j\/"},"modified":"2026-02-11T15:53:22","modified_gmt":"2026-02-11T15:53:22","slug":"nazwiska-pomorzan-pochodzenie-i-zmiany-tom-iv-czesc-i-a-j","status":"publish","type":"product","link":"https:\/\/wydawnictwo.ug.edu.pl\/en\/ksiegarnia-online\/jezykoznawstwo\/nazwiska-pomorzan-pochodzenie-i-zmiany-tom-iv-czesc-i-a-j\/","title":{"rendered":"Nazwiska Pomorzan. Pochodzenie i zmiany. Tom IV. Cz\u0119\u015b\u0107 I (A\u2013J)"},"content":{"rendered":"","protected":false},"excerpt":{"rendered":"<p>Po ukazaniu si\u0119 NP III otrzymywa\u0142em dalej pytania o\u00a0pochodzenie wielu nazwisk (kto pyta\u0142, podaj\u0119 w tek\u015bcie), odpowiada\u0142em albo prywatnie osobom zapytuj\u0105cym, albo w GK b\u0105d\u017a w periodykach naukowych. Z w\u0142asnej tak\u017ce inicjatywy zastanawia\u0142em si\u0119 nad spotykanymi w TV, prasie czy na wizyt\u00f3wkach s\u0142u\u017cbowych nazwiskami. Nadto do czerwca 2011 r. pracowa\u0142em ci\u0105gle w Wy\u017cszej Szkole Zawodowej w Ciechanowie, na jej zamiejscowym Wydziale Humanistycznym w M\u0142awie, gdzie prowadzi\u0142em wyk\u0142ad monograficzny z onomastyki i seminarium licencjackie, na kt\u00f3rym s\u0142uchacze spisywali nazwiska z nagrobk\u00f3w cmentarnych w\u0142asnych parafii i opracowywali je w postaci prac licencjackich.<\/p>\n<p>Te w\u0142a\u015bnie przemy\u015blenia, podbudowane literatur\u0105 naukow\u0105 i zapisami historycznymi przedstawiam w t. IV i na pewno ostatnim. Znalaz\u0142o si\u0119 w nim du\u017co nazwisk pochodzenia niemieckiego, ale noszonych przez obywateli polskich, bo notowane w SNW. Tak powsta\u0142 NP IV, kt\u00f3ry przedk\u0142adam zainteresowanym Czytelnikom i nosicielom tych nazwisk. Du\u017co w tym materiale nazwisk pochodzenia niemieckiego, jak to ju\u017c powiedziano, jednak zawsze s\u0105 one dokumentowane historycznie lub wsp\u00f3\u0142cze\u015bnie na Pomorzu Gda\u0144skim. Nazwisk z tylko historyczn\u0105 dokumentacj\u0105 z zasady nie zamieszcza\u0142em.<\/p>\n<p><em>Ze wst\u0119pu autora<\/em><\/p>\n","protected":false},"featured_media":14843,"template":"","meta":{"_acf_changed":false},"journal":[],"rodzaj":[7074,7075],"seria":[],"product_brand":[],"product_cat":[6924],"product_tag":[8112],"class_list":{"0":"post-46735","1":"product","2":"type-product","3":"status-publish","4":"has-post-thumbnail","6":"rodzaj-ksiazki","7":"rodzaj-e-book","8":"product_cat-jezykoznawstwo","9":"product_tag-edward-brezaedward-breza","11":"first","12":"instock","13":"taxable","14":"shipping-taxable","15":"product-type-external"},"acf":[],"_links":{"self":[{"href":"https:\/\/wydawnictwo.ug.edu.pl\/en\/wp-json\/wp\/v2\/product\/46735","targetHints":{"allow":["GET"]}}],"collection":[{"href":"https:\/\/wydawnictwo.ug.edu.pl\/en\/wp-json\/wp\/v2\/product"}],"about":[{"href":"https:\/\/wydawnictwo.ug.edu.pl\/en\/wp-json\/wp\/v2\/types\/product"}],"wp:featuredmedia":[{"embeddable":true,"href":"https:\/\/wydawnictwo.ug.edu.pl\/en\/wp-json\/wp\/v2\/media\/14843"}],"wp:attachment":[{"href":"https:\/\/wydawnictwo.ug.edu.pl\/en\/wp-json\/wp\/v2\/media?parent=46735"}],"wp:term":[{"taxonomy":"journal","embeddable":true,"href":"https:\/\/wydawnictwo.ug.edu.pl\/en\/wp-json\/wp\/v2\/journal?post=46735"},{"taxonomy":"rodzaj","embeddable":true,"href":"https:\/\/wydawnictwo.ug.edu.pl\/en\/wp-json\/wp\/v2\/rodzaj?post=46735"},{"taxonomy":"seria","embeddable":true,"href":"https:\/\/wydawnictwo.ug.edu.pl\/en\/wp-json\/wp\/v2\/seria?post=46735"},{"taxonomy":"product_brand","embeddable":true,"href":"https:\/\/wydawnictwo.ug.edu.pl\/en\/wp-json\/wp\/v2\/product_brand?post=46735"},{"taxonomy":"product_cat","embeddable":true,"href":"https:\/\/wydawnictwo.ug.edu.pl\/en\/wp-json\/wp\/v2\/product_cat?post=46735"},{"taxonomy":"product_tag","embeddable":true,"href":"https:\/\/wydawnictwo.ug.edu.pl\/en\/wp-json\/wp\/v2\/product_tag?post=46735"}],"curies":[{"name":"wp","href":"https:\/\/api.w.org\/{rel}","templated":true}]}}

Nazwiska Pomorzan. Pochodzenie i zmiany. Tom IV. Część I (A–J)

<p>Po ukazaniu się NP III otrzymywałem dalej pytania o pochodzenie wielu nazwisk (kto pytał, podaję w tekście), odpowiadałem albo prywatnie osobom zapytującym, albo w GK bądź w periodykach naukowych. Z własnej także inicjatywy zastanawiałem się nad spotykanymi w TV, prasie czy na wizytówkach służbowych nazwiskami. Nadto do czerwca 2011 r. pracowałem ciągle w Wyższej Szkole Zawodowej w Ciechanowie, na jej zamiejscowym Wydziale Humanistycznym w Mławie, gdzie prowadziłem wykład monograficzny z onomastyki i seminarium licencjackie, na którym słuchacze spisywali nazwiska z nagrobków cmentarnych własnych parafii i opracowywali je w postaci prac licencjackich.</p>
<p>Te właśnie przemyślenia, podbudowane literaturą naukową i zapisami historycznymi przedstawiam w t. IV i na pewno ostatnim. Znalazło się w nim dużo nazwisk pochodzenia niemieckiego, ale noszonych przez obywateli polskich, bo notowane w SNW. Tak powstał NP IV, który przedkładam zainteresowanym Czytelnikom i nosicielom tych nazwisk. Dużo w tym materiale nazwisk pochodzenia niemieckiego, jak to już powiedziano, jednak zawsze są one dokumentowane historycznie lub współcześnie na Pomorzu Gdańskim. Nazwisk z tylko historyczną dokumentacją z zasady nie zamieszczałem.</p>
<p><em>Ze wstępu autora</em></p>
