{"id":46733,"date":"2017-12-02T00:00:00","date_gmt":"2017-12-02T00:00:00","guid":{"rendered":"https:\/\/wydawnictwo.ug.edu.pl\/ksiegarnia-online\/uncategorized\/nowe-media-w-trzecim-sektorze-krytyczna-analiza-tendencji-i-uwarunkowan\/"},"modified":"2026-02-11T15:53:28","modified_gmt":"2026-02-11T15:53:28","slug":"nowe-media-w-trzecim-sektorze-krytyczna-analiza-tendencji-i-uwarunkowan","status":"publish","type":"product","link":"https:\/\/wydawnictwo.ug.edu.pl\/en\/ksiegarnia-online\/socjologia\/nowe-media-w-trzecim-sektorze-krytyczna-analiza-tendencji-i-uwarunkowan\/","title":{"rendered":"Nowe media w trzecim sektorze. Krytyczna analiza tendencji i uwarunkowa\u0144"},"content":{"rendered":"","protected":false},"excerpt":{"rendered":"<p>Ci\u0105g\u0142a zmiana, b\u0119d\u0105ca tendencj\u0105 globaln\u0105, modernizacje oraz innowacje wpisa\u0142y si\u0119 w krajobraz otoczenia rynkowego i s\u0105 sta\u0142ymi elementami determinuj\u0105cymi funkcjonowanie trzeciego sektora. W obliczu rozwoju technologii informacja zyskuje nowy wymiar strategicznego zasobu b\u0119d\u0105cego motorem proces\u00f3w zarz\u0105dczych organizacji pozarz\u0105dowych. U\u0142atwia im uczenie si\u0119 oraz staje si\u0119 obiektem powszechnego zainteresowania podmiot\u00f3w, kt\u00f3re chc\u0105 wytworzy\u0107 i utrzyma\u0107 przewag\u0119 konkurencyjn\u0105. Ksi\u0105\u017cka przedstawia analiz\u0119 aktywno\u015bci organizacji po\u017cytku publicznego (OPP) w wykorzystaniu technologii informacyjno-komunikacyjnych. Identyfikacja i ocena skuteczno\u015bci u\u017cytkowania nowych medi\u00f3w w realizacji polityki informacyjno-komunikacyjnej OPP odby\u0142a si\u0119 na podstawie danych zaczerpni\u0119tych z oficjalnych stron internetowych i profili\/kont w mediach spo\u0142eczno\u015bciowych.<\/p>\n","protected":false},"featured_media":14837,"template":"","meta":{"_acf_changed":false},"journal":[],"rodzaj":[],"seria":[],"product_brand":[],"product_cat":[6953],"product_tag":[7617],"class_list":{"0":"post-46733","1":"product","2":"type-product","3":"status-publish","4":"has-post-thumbnail","6":"product_cat-socjologia","7":"product_tag-malgorzata-losiewicz","9":"first","10":"outofstock","11":"taxable","12":"shipping-taxable","13":"product-type-simple"},"acf":[],"_links":{"self":[{"href":"https:\/\/wydawnictwo.ug.edu.pl\/en\/wp-json\/wp\/v2\/product\/46733","targetHints":{"allow":["GET"]}}],"collection":[{"href":"https:\/\/wydawnictwo.ug.edu.pl\/en\/wp-json\/wp\/v2\/product"}],"about":[{"href":"https:\/\/wydawnictwo.ug.edu.pl\/en\/wp-json\/wp\/v2\/types\/product"}],"wp:featuredmedia":[{"embeddable":true,"href":"https:\/\/wydawnictwo.ug.edu.pl\/en\/wp-json\/wp\/v2\/media\/14837"}],"wp:attachment":[{"href":"https:\/\/wydawnictwo.ug.edu.pl\/en\/wp-json\/wp\/v2\/media?parent=46733"}],"wp:term":[{"taxonomy":"journal","embeddable":true,"href":"https:\/\/wydawnictwo.ug.edu.pl\/en\/wp-json\/wp\/v2\/journal?post=46733"},{"taxonomy":"rodzaj","embeddable":true,"href":"https:\/\/wydawnictwo.ug.edu.pl\/en\/wp-json\/wp\/v2\/rodzaj?post=46733"},{"taxonomy":"seria","embeddable":true,"href":"https:\/\/wydawnictwo.ug.edu.pl\/en\/wp-json\/wp\/v2\/seria?post=46733"},{"taxonomy":"product_brand","embeddable":true,"href":"https:\/\/wydawnictwo.ug.edu.pl\/en\/wp-json\/wp\/v2\/product_brand?post=46733"},{"taxonomy":"product_cat","embeddable":true,"href":"https:\/\/wydawnictwo.ug.edu.pl\/en\/wp-json\/wp\/v2\/product_cat?post=46733"},{"taxonomy":"product_tag","embeddable":true,"href":"https:\/\/wydawnictwo.ug.edu.pl\/en\/wp-json\/wp\/v2\/product_tag?post=46733"}],"curies":[{"name":"wp","href":"https:\/\/api.w.org\/{rel}","templated":true}]}}

Nowe media w trzecim sektorze. Krytyczna analiza tendencji i uwarunkowań

<p>Ciągła zmiana, będąca tendencją globalną, modernizacje oraz innowacje wpisały się w krajobraz otoczenia rynkowego i są stałymi elementami determinującymi funkcjonowanie trzeciego sektora. W obliczu rozwoju technologii informacja zyskuje nowy wymiar strategicznego zasobu będącego motorem procesów zarządczych organizacji pozarządowych. Ułatwia im uczenie się oraz staje się obiektem powszechnego zainteresowania podmiotów, które chcą wytworzyć i utrzymać przewagę konkurencyjną. Książka przedstawia analizę aktywności organizacji pożytku publicznego (OPP) w wykorzystaniu technologii informacyjno-komunikacyjnych. Identyfikacja i ocena skuteczności użytkowania nowych mediów w realizacji polityki informacyjno-komunikacyjnej OPP odbyła się na podstawie danych zaczerpniętych z oficjalnych stron internetowych i profili/kont w mediach społecznościowych.</p>
