{"id":46731,"date":"2017-12-02T00:00:00","date_gmt":"2017-12-02T00:00:00","guid":{"rendered":"https:\/\/wydawnictwo.ug.edu.pl\/ksiegarnia-online\/uncategorized\/w-sluzbie-ludu-i-inzynierii-spolecznej-media-publiczne-w-danii-norwegii-i-szwecji-w-perspektywie-historycznej-i-kulturowej\/"},"modified":"2026-02-11T15:54:57","modified_gmt":"2026-02-11T15:54:57","slug":"w-sluzbie-ludu-i-inzynierii-spolecznej-media-publiczne-w-danii-norwegii-i-szwecji-w-perspektywie-historycznej-i-kulturowej","status":"publish","type":"product","link":"https:\/\/wydawnictwo.ug.edu.pl\/en\/ksiegarnia-online\/literaturoznawstwo\/w-sluzbie-ludu-i-inzynierii-spolecznej-media-publiczne-w-danii-norwegii-i-szwecji-w-perspektywie-historycznej-i-kulturowej\/","title":{"rendered":"W s\u0142u\u017cbie ludu i in\u017cynierii spo\u0142ecznej. Media publiczne w Danii, Norwegii i Szwecji w perspektywie historycznej i kulturowej"},"content":{"rendered":"","protected":false},"excerpt":{"rendered":"<p>Kraje nordyckie, daleka p\u00f3\u0142noc Europy, s\u0105 w Polsce od pocz\u0105tku XXI wieku\u00a0niezmiennie popularne. Na pewno przyczynia si\u0119 do tego, z jednej strony,\u00a0pewien egzotyzm po\u0142o\u017conych najdalej na p\u00f3\u0142noc cz\u0119\u015bci Norwegii, Szwecji\u00a0czy Finlandii, z drugiej za\u015b profesjonalne dzia\u0142ania marketingowe:\u00a0tworzenie i umacnianie marek narodowych. Tymczasem nordyckie media,\u00a0za wyj\u0105tkiem niekt\u00f3rych film\u00f3w fabularnych i seriali, s\u0105 do\u015b\u0107 ma\u0142o znane\u00a0na \u015bwiecie, a edukacyjna oferta skandynawskich medi\u00f3w publicznych jest\u00a0jedynie od czasu do czasu przywo\u0142ywana, na przyk\u0142ad w mediach angloj\u0119zycznych, jako ciekawostka. W ksi\u0105\u017cce przybli\u017cono zar\u00f3wno struktur\u0119,\u00a0jak i ofert\u0119 medi\u00f3w publicznych Danii, Norwegii i Szwecji, nakre\u015blaj\u0105c\u00a0szerokie t\u0142o historyczne i kulturowe.<\/p>\n","protected":false},"featured_media":14952,"template":"","meta":{"_acf_changed":false},"journal":[],"rodzaj":[7074],"seria":[],"product_brand":[],"product_cat":[6925],"product_tag":[7454],"class_list":{"0":"post-46731","1":"product","2":"type-product","3":"status-publish","4":"has-post-thumbnail","6":"rodzaj-ksiazki","7":"product_cat-literaturoznawstwo","8":"product_tag-maja-chacinskamaja-chacinska","10":"first","11":"outofstock","12":"taxable","13":"shipping-taxable","14":"product-type-simple"},"acf":[],"_links":{"self":[{"href":"https:\/\/wydawnictwo.ug.edu.pl\/en\/wp-json\/wp\/v2\/product\/46731","targetHints":{"allow":["GET"]}}],"collection":[{"href":"https:\/\/wydawnictwo.ug.edu.pl\/en\/wp-json\/wp\/v2\/product"}],"about":[{"href":"https:\/\/wydawnictwo.ug.edu.pl\/en\/wp-json\/wp\/v2\/types\/product"}],"wp:featuredmedia":[{"embeddable":true,"href":"https:\/\/wydawnictwo.ug.edu.pl\/en\/wp-json\/wp\/v2\/media\/14952"}],"wp:attachment":[{"href":"https:\/\/wydawnictwo.ug.edu.pl\/en\/wp-json\/wp\/v2\/media?parent=46731"}],"wp:term":[{"taxonomy":"journal","embeddable":true,"href":"https:\/\/wydawnictwo.ug.edu.pl\/en\/wp-json\/wp\/v2\/journal?post=46731"},{"taxonomy":"rodzaj","embeddable":true,"href":"https:\/\/wydawnictwo.ug.edu.pl\/en\/wp-json\/wp\/v2\/rodzaj?post=46731"},{"taxonomy":"seria","embeddable":true,"href":"https:\/\/wydawnictwo.ug.edu.pl\/en\/wp-json\/wp\/v2\/seria?post=46731"},{"taxonomy":"product_brand","embeddable":true,"href":"https:\/\/wydawnictwo.ug.edu.pl\/en\/wp-json\/wp\/v2\/product_brand?post=46731"},{"taxonomy":"product_cat","embeddable":true,"href":"https:\/\/wydawnictwo.ug.edu.pl\/en\/wp-json\/wp\/v2\/product_cat?post=46731"},{"taxonomy":"product_tag","embeddable":true,"href":"https:\/\/wydawnictwo.ug.edu.pl\/en\/wp-json\/wp\/v2\/product_tag?post=46731"}],"curies":[{"name":"wp","href":"https:\/\/api.w.org\/{rel}","templated":true}]}}

W służbie ludu i inżynierii społecznej. Media publiczne w Danii, Norwegii i Szwecji w perspektywie historycznej i kulturowej

<p>Kraje nordyckie, daleka północ Europy, są w Polsce od początku XXI wieku niezmiennie popularne. Na pewno przyczynia się do tego, z jednej strony, pewien egzotyzm położonych najdalej na północ części Norwegii, Szwecji czy Finlandii, z drugiej zaś profesjonalne działania marketingowe: tworzenie i umacnianie marek narodowych. Tymczasem nordyckie media, za wyjątkiem niektórych filmów fabularnych i seriali, są dość mało znane na świecie, a edukacyjna oferta skandynawskich mediów publicznych jest jedynie od czasu do czasu przywoływana, na przykład w mediach anglojęzycznych, jako ciekawostka. W książce przybliżono zarówno strukturę, jak i ofertę mediów publicznych Danii, Norwegii i Szwecji, nakreślając szerokie tło historyczne i kulturowe.</p>
