{"id":46728,"date":"2017-12-02T00:00:00","date_gmt":"2017-12-02T00:00:00","guid":{"rendered":"https:\/\/wydawnictwo.ug.edu.pl\/ksiegarnia-online\/uncategorized\/miasto-dla-sztuki-sztuka-dla-miasta-60-lat-dzialalnosci-gdanskiego-towarzystwa-przyjaciol-sztuki\/"},"modified":"2026-02-11T15:53:33","modified_gmt":"2026-02-11T15:53:33","slug":"miasto-dla-sztuki-sztuka-dla-miasta-60-lat-dzialalnosci-gdanskiego-towarzystwa-przyjaciol-sztuki","status":"publish","type":"product","link":"https:\/\/wydawnictwo.ug.edu.pl\/en\/ksiegarnia-online\/historia\/miasto-dla-sztuki-sztuka-dla-miasta-60-lat-dzialalnosci-gdanskiego-towarzystwa-przyjaciol-sztuki\/","title":{"rendered":"Miasto (dla) sztuki. Sztuka (dla) miasta. 60 lat dzia\u0142alno\u015bci Gda\u0144skiego Towarzystwa Przyjaci\u00f3\u0142 Sztuki"},"content":{"rendered":"<p>Publikacja ma charakter interdyscyplinarny, co pozwala\u0142a na wielowymiarowe ujmowanie poruszanych problem\u00f3w. Jednocze\u015bnie zdajemy sobie spraw\u0119, \u017ce stanowi jedynie przyczynek do podejmowanych tu zagadnie\u0144, zas\u0142uguj\u0105cych na rozwini\u0119cie w kolejnych opracowaniach. W pierwszej cz\u0119\u015bci ksi\u0105\u017cki przedstawiamy gda\u0144sk\u0105 kultur\u0119 i sztuk\u0119 w uj\u0119ciu historycznym, a tak\u017ce w kontek\u015bcie wsp\u00f3\u0142zale\u017cno\u015bci ludzi, miejsca, kultury i ekonomii. Cz\u0119\u015b\u0107 druga dotyczy Gda\u0144skiego Towarzystwa Przyjaci\u00f3\u0142 Sztuki jako wsp\u00f3lnoty in actu. Wydaje si\u0119, \u017ce niekonwencjonalnie i by\u0107 mo\u017ce nowatorsko potraktowali\u015bmy histori\u0119 GTPS w rozdziale opartym na materia\u0142ach zasob\u00f3w Archiwum Pa\u0144stwowego w Gda\u0144sku oraz Instytutu Pami\u0119ci Narodowej, w kt\u00f3rych, jak si\u0119 okaza\u0142o, jego autor nie znalaz\u0142 niczego strasznego. Cz\u0119\u015b\u0107 trzecia ksi\u0105\u017cki, niemaj\u0105ca raczej charakteru naukowego, ukazuje GTPS we wspomnieniach i jest rodzajem otwartej trybuny. To niezwykle wa\u017cne wypowiedzi, z kt\u00f3rych \u2013 z jednej\u00a0strony \u2013 mo\u017cna o GTPS sporo si\u0119 dowiedzie\u0107; z drugiej \u2013 bardzo zbli\u017cy\u0107 si\u0119 do istoty wspomnianej wzajemno\u015bci i zrozumie\u0107 g\u0142\u0119bi\u0119 relacji miasto\u2013sztuka.<\/p>\n","protected":false},"excerpt":{"rendered":"<p>Publikacja ma charakter interdyscyplinarny, co pozwala\u0142a na wielowymiarowe ujmowanie poruszanych problem\u00f3w. Jednocze\u015bnie zdajemy sobie spraw\u0119, \u017ce stanowi jedynie przyczynek do podejmowanych tu zagadnie\u0144, zas\u0142uguj\u0105cych na rozwini\u0119cie w kolejnych opracowaniach. W pierwszej cz\u0119\u015bci ksi\u0105\u017cki przedstawiamy gda\u0144sk\u0105 kultur\u0119 i sztuk\u0119 w uj\u0119ciu historycznym, a tak\u017ce w kontek\u015bcie wsp\u00f3\u0142zale\u017cno\u015bci ludzi, miejsca, kultury i ekonomii. Cz\u0119\u015b\u0107 druga dotyczy Gda\u0144skiego [&hellip;]<\/p>\n","protected":false},"featured_media":14808,"template":"","meta":{"_acf_changed":false},"journal":[],"rodzaj":[7074],"seria":[],"product_brand":[],"product_cat":[6958],"product_tag":[8109,7607],"class_list":{"0":"post-46728","1":"product","2":"type-product","3":"status-publish","4":"has-post-thumbnail","6":"rodzaj-ksiazki","7":"product_cat-historia","8":"product_tag-jaroslaw-balcewicz3","9":"product_tag-maria-mendelmaria-mendel","11":"first","12":"outofstock","13":"taxable","14":"shipping-taxable","15":"product-type-simple"},"acf":[],"_links":{"self":[{"href":"https:\/\/wydawnictwo.ug.edu.pl\/en\/wp-json\/wp\/v2\/product\/46728","targetHints":{"allow":["GET"]}}],"collection":[{"href":"https:\/\/wydawnictwo.ug.edu.pl\/en\/wp-json\/wp\/v2\/product"}],"about":[{"href":"https:\/\/wydawnictwo.ug.edu.pl\/en\/wp-json\/wp\/v2\/types\/product"}],"wp:featuredmedia":[{"embeddable":true,"href":"https:\/\/wydawnictwo.ug.edu.pl\/en\/wp-json\/wp\/v2\/media\/14808"}],"wp:attachment":[{"href":"https:\/\/wydawnictwo.ug.edu.pl\/en\/wp-json\/wp\/v2\/media?parent=46728"}],"wp:term":[{"taxonomy":"journal","embeddable":true,"href":"https:\/\/wydawnictwo.ug.edu.pl\/en\/wp-json\/wp\/v2\/journal?post=46728"},{"taxonomy":"rodzaj","embeddable":true,"href":"https:\/\/wydawnictwo.ug.edu.pl\/en\/wp-json\/wp\/v2\/rodzaj?post=46728"},{"taxonomy":"seria","embeddable":true,"href":"https:\/\/wydawnictwo.ug.edu.pl\/en\/wp-json\/wp\/v2\/seria?post=46728"},{"taxonomy":"product_brand","embeddable":true,"href":"https:\/\/wydawnictwo.ug.edu.pl\/en\/wp-json\/wp\/v2\/product_brand?post=46728"},{"taxonomy":"product_cat","embeddable":true,"href":"https:\/\/wydawnictwo.ug.edu.pl\/en\/wp-json\/wp\/v2\/product_cat?post=46728"},{"taxonomy":"product_tag","embeddable":true,"href":"https:\/\/wydawnictwo.ug.edu.pl\/en\/wp-json\/wp\/v2\/product_tag?post=46728"}],"curies":[{"name":"wp","href":"https:\/\/api.w.org\/{rel}","templated":true}]}}

Miasto (dla) sztuki. Sztuka (dla) miasta. 60 lat działalności Gdańskiego Towarzystwa Przyjaciół Sztuki

<p>Publikacja ma charakter interdyscyplinarny, co pozwalała na wielowymiarowe ujmowanie poruszanych problemów. Jednocześnie zdajemy sobie sprawę, że stanowi jedynie przyczynek do podejmowanych tu zagadnień, zasługujących na rozwinięcie w kolejnych opracowaniach. W pierwszej części książki przedstawiamy gdańską kulturę i sztukę w ujęciu historycznym, a także w kontekście współzależności ludzi, miejsca, kultury i ekonomii. Część druga dotyczy Gdańskiego Towarzystwa Przyjaciół Sztuki jako wspólnoty in actu. Wydaje się, że niekonwencjonalnie i być może nowatorsko potraktowaliśmy historię GTPS w rozdziale opartym na materiałach zasobów Archiwum Państwowego w Gdańsku oraz Instytutu Pamięci Narodowej, w których, jak się okazało, jego autor nie znalazł niczego strasznego. Część trzecia książki, niemająca raczej charakteru naukowego, ukazuje GTPS we wspomnieniach i jest rodzajem otwartej trybuny. To niezwykle ważne wypowiedzi, z których – z jednej strony – można o GTPS sporo się dowiedzieć; z drugiej – bardzo zbliżyć się do istoty wspomnianej wzajemności i zrozumieć głębię relacji miasto–sztuka.</p>

<p>Publikacja ma charakter interdyscyplinarny, co pozwalała na wielowymiarowe ujmowanie poruszanych problemów. Jednocześnie zdajemy sobie sprawę, że stanowi jedynie przyczynek do podejmowanych tu zagadnień, zasługujących na rozwinięcie w kolejnych opracowaniach. W pierwszej części książki przedstawiamy gdańską kulturę i sztukę w ujęciu historycznym, a także w kontekście współzależności ludzi, miejsca, kultury i ekonomii. Część druga dotyczy Gdańskiego [&hellip;]</p>
