{"id":46722,"date":"2017-12-03T00:00:00","date_gmt":"2017-12-03T00:00:00","guid":{"rendered":"https:\/\/wydawnictwo.ug.edu.pl\/ksiegarnia-online\/uncategorized\/burzliwe-dzieje-wielkiej-karaweli-peter-von-danzig-z-sadem-ostatecznym-hansa-memlinga-w-tle\/"},"modified":"2026-02-11T15:51:19","modified_gmt":"2026-02-11T15:51:19","slug":"burzliwe-dzieje-wielkiej-karaweli-peter-von-danzig-z-sadem-ostatecznym-hansa-memlinga-w-tle","status":"publish","type":"product","link":"https:\/\/wydawnictwo.ug.edu.pl\/en\/ksiegarnia-online\/historia\/burzliwe-dzieje-wielkiej-karaweli-peter-von-danzig-z-sadem-ostatecznym-hansa-memlinga-w-tle\/","title":{"rendered":"Burzliwe dzieje wielkiej karaweli \u201ePeter von Danzig\u201d. Z S\u0105dem Ostatecznym Hansa Memlinga w tle"},"content":{"rendered":"","protected":false},"excerpt":{"rendered":"<p>Niniejsza ksi\u0105\u017cka, mimo \u017ce jest prac\u0105 popularnonaukow\u0105, opiera si\u0119 na materia\u0142ach \u017ar\u00f3d\u0142owych i nie porusza w\u0105tk\u00f3w legend, jakimi obros\u0142a akcja Paula Benekego z wiosny 1473 r. Wydaje si\u0119 jednak, \u017ce zupe\u0142nie nie jest to potrzebne, wszak losy wielkiej karaweli s\u0105 wystarczaj\u0105co fascynuj\u0105ce bez spekulacji i koloryzowania, sama historia i znane nam fakty sk\u0142adaj\u0105 si\u0119 na opowie\u015b\u0107, kt\u00f3ra zainteresuje Czytelnik\u00f3w. Dodatkowo \u015bwiadomo\u015b\u0107 pewnych tajemnic i nierozwik\u0142anych jeszcze zagadek pobudza do dalszych bada\u0144 i poszukiwa\u0144 \u017ar\u00f3d\u0142owych.<\/p>\n<p><em>Pod wzgl\u0119dem merytorycznym ksi\u0105\u017cka jest wyj\u0105tkowo ciekawym studium historii gospodarczej, uj\u0119tej w kontek\u015bcie kulturowym, spo\u0142ecznym i<\/em>\u00a0<em>geopolitycznym. Samo skupienie tematyki na wielkim statku handlowym w<\/em>\u00a0<em>powa\u017cnych tarapatach jest bardzo dobrym zabiegiem literackim. Wszystko jest osadzone w<\/em>\u00a0<em>dynamicznej sytuacji czasowo-przestrzennej, zwi\u0105zanej z<\/em>\u00a0<em>bogat\u0105 histori\u0105 statku na morzu, na p\u00f3\u0142nocy Europy oraz w<\/em>\u00a0<em>gda\u0144skim porcie. (\u2026) Losy statku i<\/em>\u00a0<em>za\u0142ogi s\u0105 zwi\u0105zane z<\/em>\u00a0<em>ca\u0142ym wielkim akwenem europejskiej p\u00f3\u0142nocy, jego pa\u0144stwami, gospodarkami i<\/em>\u00a0<em>spo\u0142ecze\u0144stwami. Ten wzgl\u0105d przez pryzmat karaweli i<\/em>\u00a0<em>jej dziej\u00f3w na przestrze\u0144 kulturow\u0105 i<\/em>\u00a0<em>gospodarcz\u0105 M\u00f3rz P\u00f3\u0142nocnego i<\/em>\u00a0<em>Ba\u0142tyckiego przypomina mi najbardziej udane inicjatywy badawcze dotycz\u0105ce \u015bwiata \u015br\u00f3dziemnomorskiego. W tych wielkich kontekstach niebagatelny jest w\u0105tek pojawienia si\u0119 w Gda\u0144sku \u201eS\u0105du Ostatecznego\u201d Memlinga. Podsumowuj\u0105c: jest to wielowarstwowa i<\/em>\u00a0<em>fascynuj\u0105ca historia, kt\u00f3r\u0105 Autorka przekaza\u0142a w znakomitej formie.<\/em><\/p>\n<p>Z recenzji prof. Piotra G\u00f3reckiego (Uniwersytet Kalifornijski)<\/p>\n<p><strong><a href=\"https:\/\/audycje.tokfm.pl\/podcast\/79158,Jak-Piotr-z-Gdanska-przejal-Sad-ostateczny-Hansa-Memlinga\" target=\"_blank\" rel=\"noopener\">Audycja o ksi\u0105\u017cce w TOK FM<\/a><\/strong><\/p>\n<p><strong><a href=\"https:\/\/radiogdansk.pl\/audycje\/co-za-historia\/2023\/04\/26\/burzliwe-losy-wyjatkowego-dziela-jakim-jest-sad-ostateczny-hansa-memlinga\/\">Rozmowa z autork\u0105 w Radio Gda\u0144sk<\/a><\/strong><\/p>\n<p>&nbsp;<\/p>\n","protected":false},"featured_media":15138,"template":"","meta":{"_acf_changed":false},"journal":[],"rodzaj":[7074],"seria":[],"product_brand":[],"product_cat":[6958],"product_tag":[7393],"class_list":{"0":"post-46722","1":"product","2":"type-product","3":"status-publish","4":"has-post-thumbnail","6":"rodzaj-ksiazki","7":"product_cat-historia","8":"product_tag-beata-mozejko","10":"first","11":"instock","12":"taxable","13":"shipping-taxable","14":"purchasable","15":"product-type-simple"},"acf":[],"_links":{"self":[{"href":"https:\/\/wydawnictwo.ug.edu.pl\/en\/wp-json\/wp\/v2\/product\/46722","targetHints":{"allow":["GET"]}}],"collection":[{"href":"https:\/\/wydawnictwo.ug.edu.pl\/en\/wp-json\/wp\/v2\/product"}],"about":[{"href":"https:\/\/wydawnictwo.ug.edu.pl\/en\/wp-json\/wp\/v2\/types\/product"}],"wp:featuredmedia":[{"embeddable":true,"href":"https:\/\/wydawnictwo.ug.edu.pl\/en\/wp-json\/wp\/v2\/media\/15138"}],"wp:attachment":[{"href":"https:\/\/wydawnictwo.ug.edu.pl\/en\/wp-json\/wp\/v2\/media?parent=46722"}],"wp:term":[{"taxonomy":"journal","embeddable":true,"href":"https:\/\/wydawnictwo.ug.edu.pl\/en\/wp-json\/wp\/v2\/journal?post=46722"},{"taxonomy":"rodzaj","embeddable":true,"href":"https:\/\/wydawnictwo.ug.edu.pl\/en\/wp-json\/wp\/v2\/rodzaj?post=46722"},{"taxonomy":"seria","embeddable":true,"href":"https:\/\/wydawnictwo.ug.edu.pl\/en\/wp-json\/wp\/v2\/seria?post=46722"},{"taxonomy":"product_brand","embeddable":true,"href":"https:\/\/wydawnictwo.ug.edu.pl\/en\/wp-json\/wp\/v2\/product_brand?post=46722"},{"taxonomy":"product_cat","embeddable":true,"href":"https:\/\/wydawnictwo.ug.edu.pl\/en\/wp-json\/wp\/v2\/product_cat?post=46722"},{"taxonomy":"product_tag","embeddable":true,"href":"https:\/\/wydawnictwo.ug.edu.pl\/en\/wp-json\/wp\/v2\/product_tag?post=46722"}],"curies":[{"name":"wp","href":"https:\/\/api.w.org\/{rel}","templated":true}]}}

Burzliwe dzieje wielkiej karaweli „Peter von Danzig”. Z Sądem Ostatecznym Hansa Memlinga w tle

<p>Niniejsza książka, mimo że jest pracą popularnonaukową, opiera się na materiałach źródłowych i nie porusza wątków legend, jakimi obrosła akcja Paula Benekego z wiosny 1473 r. Wydaje się jednak, że zupełnie nie jest to potrzebne, wszak losy wielkiej karaweli są wystarczająco fascynujące bez spekulacji i koloryzowania, sama historia i znane nam fakty składają się na opowieść, która zainteresuje Czytelników. Dodatkowo świadomość pewnych tajemnic i nierozwikłanych jeszcze zagadek pobudza do dalszych badań i poszukiwań źródłowych.</p>
<p><em>Pod względem merytorycznym książka jest wyjątkowo ciekawym studium historii gospodarczej, ujętej w kontekście kulturowym, społecznym i</em> <em>geopolitycznym. Samo skupienie tematyki na wielkim statku handlowym w</em> <em>poważnych tarapatach jest bardzo dobrym zabiegiem literackim. Wszystko jest osadzone w</em> <em>dynamicznej sytuacji czasowo-przestrzennej, związanej z</em> <em>bogatą historią statku na morzu, na północy Europy oraz w</em> <em>gdańskim porcie. (…) Losy statku i</em> <em>załogi są związane z</em> <em>całym wielkim akwenem europejskiej północy, jego państwami, gospodarkami i</em> <em>społeczeństwami. Ten wzgląd przez pryzmat karaweli i</em> <em>jej dziejów na przestrzeń kulturową i</em> <em>gospodarczą Mórz Północnego i</em> <em>Bałtyckiego przypomina mi najbardziej udane inicjatywy badawcze dotyczące świata śródziemnomorskiego. W tych wielkich kontekstach niebagatelny jest wątek pojawienia się w Gdańsku „Sądu Ostatecznego” Memlinga. Podsumowując: jest to wielowarstwowa i</em> <em>fascynująca historia, którą Autorka przekazała w znakomitej formie.</em></p>
<p>Z recenzji prof. Piotra Góreckiego (Uniwersytet Kalifornijski)</p>
<p><strong><a href="https://audycje.tokfm.pl/podcast/79158,Jak-Piotr-z-Gdanska-przejal-Sad-ostateczny-Hansa-Memlinga" target="_blank" rel="noopener">Audycja o książce w TOK FM</a></strong></p>
<p><strong><a href="https://radiogdansk.pl/audycje/co-za-historia/2023/04/26/burzliwe-losy-wyjatkowego-dziela-jakim-jest-sad-ostateczny-hansa-memlinga/">Rozmowa z autorką w Radio Gdańsk</a></strong></p>
<p>&nbsp;</p>
