{"id":46720,"date":"2017-12-03T00:00:00","date_gmt":"2017-12-03T00:00:00","guid":{"rendered":"https:\/\/wydawnictwo.ug.edu.pl\/ksiegarnia-online\/uncategorized\/rosja-adama-mickiewicza-oraz-jego-polskich-i-rosyjskich-przyjaciol\/"},"modified":"2026-02-11T15:51:16","modified_gmt":"2026-02-11T15:51:16","slug":"rosja-adama-mickiewicza-oraz-jego-polskich-i-rosyjskich-przyjaciol","status":"publish","type":"product","link":"https:\/\/wydawnictwo.ug.edu.pl\/en\/ksiegarnia-online\/literaturoznawstwo\/rosja-adama-mickiewicza-oraz-jego-polskich-i-rosyjskich-przyjaciol\/","title":{"rendered":"Rosja Adama Mickiewicza oraz jego polskich i rosyjskich przyjaci\u00f3\u0142"},"content":{"rendered":"","protected":false},"excerpt":{"rendered":"<p>Ksi\u0105\u017cka Svetlany Pavlenko jest pr\u00f3b\u0105 por\u00f3wnawczego uj\u0119cia sposob\u00f3w przedstawiania Imperium Rosyjskiego i jego mieszka\u0144c\u00f3w w Ust\u0119pie III\u00a0cz\u0119\u015bci Dziad\u00f3w oraz w pi\u015bmiennictwie prywatnym przyjaci\u00f3\u0142 poety &#8211; filomat\u00f3w i dekabryst\u00f3w (Onufrego Pietraszkiewicza, Cypriana Daszkiewicza, Tomasza Zana, Franciszka Malewskiego, Adama Suzina oraz Konrada Rylejewa, Aleksandra, Micha\u0142a i Miko\u0142aja Bestu\u017cew\u00f3w). Autorka w swoim studium pos\u0142ugiwa\u0142a si\u0119 metod\u0105 strukturalno-semiotyczn\u0105 ukszta\u0142towan\u0105 w obr\u0119bie szko\u0142y tartusko-moskiewskiej a tak\u017ce narz\u0119dziami wypracowanymi przez wsp\u00f3\u0142czesnych rosyjskich badaczy zajmuj\u0105cych si\u0119 analiz\u0105 regionalnych\/lokalnych tekst\u00f3w kultury i odwo\u0142ywa\u0142a si\u0119 do teorii postkolonialnej. Ksi\u0105\u017cka wzbogaca Ust\u0119p o nowe konteksty dotycz\u0105ce obrazu Rosji. Przedmiotem opisu w literaturze dokumentu osobistego wy\u017cej wymienionych autor\u00f3w s\u0105 bowiem zar\u00f3wno miasta Moskwa i Petersburg, jak i Ural oraz Syberia.<\/p>\n","protected":false},"featured_media":14861,"template":"","meta":{"_acf_changed":false},"journal":[],"rodzaj":[7074],"seria":[],"product_brand":[],"product_cat":[6925],"product_tag":[7572],"class_list":{"0":"post-46720","1":"product","2":"type-product","3":"status-publish","4":"has-post-thumbnail","6":"rodzaj-ksiazki","7":"product_cat-literaturoznawstwo","8":"product_tag-svetlana-pavlenko","10":"first","11":"outofstock","12":"taxable","13":"shipping-taxable","14":"purchasable","15":"product-type-simple"},"acf":[],"_links":{"self":[{"href":"https:\/\/wydawnictwo.ug.edu.pl\/en\/wp-json\/wp\/v2\/product\/46720","targetHints":{"allow":["GET"]}}],"collection":[{"href":"https:\/\/wydawnictwo.ug.edu.pl\/en\/wp-json\/wp\/v2\/product"}],"about":[{"href":"https:\/\/wydawnictwo.ug.edu.pl\/en\/wp-json\/wp\/v2\/types\/product"}],"wp:featuredmedia":[{"embeddable":true,"href":"https:\/\/wydawnictwo.ug.edu.pl\/en\/wp-json\/wp\/v2\/media\/14861"}],"wp:attachment":[{"href":"https:\/\/wydawnictwo.ug.edu.pl\/en\/wp-json\/wp\/v2\/media?parent=46720"}],"wp:term":[{"taxonomy":"journal","embeddable":true,"href":"https:\/\/wydawnictwo.ug.edu.pl\/en\/wp-json\/wp\/v2\/journal?post=46720"},{"taxonomy":"rodzaj","embeddable":true,"href":"https:\/\/wydawnictwo.ug.edu.pl\/en\/wp-json\/wp\/v2\/rodzaj?post=46720"},{"taxonomy":"seria","embeddable":true,"href":"https:\/\/wydawnictwo.ug.edu.pl\/en\/wp-json\/wp\/v2\/seria?post=46720"},{"taxonomy":"product_brand","embeddable":true,"href":"https:\/\/wydawnictwo.ug.edu.pl\/en\/wp-json\/wp\/v2\/product_brand?post=46720"},{"taxonomy":"product_cat","embeddable":true,"href":"https:\/\/wydawnictwo.ug.edu.pl\/en\/wp-json\/wp\/v2\/product_cat?post=46720"},{"taxonomy":"product_tag","embeddable":true,"href":"https:\/\/wydawnictwo.ug.edu.pl\/en\/wp-json\/wp\/v2\/product_tag?post=46720"}],"curies":[{"name":"wp","href":"https:\/\/api.w.org\/{rel}","templated":true}]}}

Rosja Adama Mickiewicza oraz jego polskich i rosyjskich przyjaciół

<p>Książka Svetlany Pavlenko jest próbą porównawczego ujęcia sposobów przedstawiania Imperium Rosyjskiego i jego mieszkańców w Ustępie III części Dziadów oraz w piśmiennictwie prywatnym przyjaciół poety &#8211; filomatów i dekabrystów (Onufrego Pietraszkiewicza, Cypriana Daszkiewicza, Tomasza Zana, Franciszka Malewskiego, Adama Suzina oraz Konrada Rylejewa, Aleksandra, Michała i Mikołaja Bestużewów). Autorka w swoim studium posługiwała się metodą strukturalno-semiotyczną ukształtowaną w obrębie szkoły tartusko-moskiewskiej a także narzędziami wypracowanymi przez współczesnych rosyjskich badaczy zajmujących się analizą regionalnych/lokalnych tekstów kultury i odwoływała się do teorii postkolonialnej. Książka wzbogaca Ustęp o nowe konteksty dotyczące obrazu Rosji. Przedmiotem opisu w literaturze dokumentu osobistego wyżej wymienionych autorów są bowiem zarówno miasta Moskwa i Petersburg, jak i Ural oraz Syberia.</p>
