{"id":46711,"date":"2018-11-30T00:00:00","date_gmt":"2018-11-30T00:00:00","guid":{"rendered":"https:\/\/wydawnictwo.ug.edu.pl\/ksiegarnia-online\/uncategorized\/pani-redaktor-w-kregu-mediow-kultury-i-polityki\/"},"modified":"2026-02-11T15:45:25","modified_gmt":"2026-02-11T15:45:25","slug":"pani-redaktor-w-kregu-mediow-kultury-i-polityki","status":"publish","type":"product","link":"https:\/\/wydawnictwo.ug.edu.pl\/en\/ksiegarnia-online\/jezykoznawstwo\/pani-redaktor-w-kregu-mediow-kultury-i-polityki\/","title":{"rendered":"Pani Redaktor. W kr\u0119gu medi\u00f3w, kultury i polityki"},"content":{"rendered":"","protected":false},"excerpt":{"rendered":"<p>Redaktorki\u00a0Ksi\u0119gi jubileuszowej\u00a0do\u0142o\u017cy\u0142y wszelkich stara\u0144,\u00a0aby ukaza\u0107 wielo\u015b\u0107 zainteresowa\u0144 [&#8230;] Aliny Kietrys \u2014 osoby\u00a0wyj\u0105tkowej nie tylko w medialno-akademickim pejza\u017cu\u00a0Tr\u00f3jmiasta. Ka\u017cdy, kto zetkn\u0105\u0142 si\u0119 z Pani\u0105 Redaktor, mo\u017ce\u00a0po\u015bwiadczy\u0107, ile w Niej zaanga\u017cowania, zrozumienia, rado\u015bci\u00a0i ch\u0119ci wsp\u00f3\u0142tworzenia, cho\u0107by medi\u00f3w akademickich.\u00a0[&#8230;] Zgromadzone teksty pokazuj\u0105 posta\u0107 charakterystyczn\u0105\u00a0dla etosu inteligenta o szerokich horyzontach humanistycznych [&#8230;], potwierdzaj\u0105, \u017ce mamy do czynienia z cz\u0142owiekiem\u00a0dobrym, m\u0105drym, otwartym.\u00a0[&#8230;] Walorem ksi\u0105\u017cki\u00a0Pani Redaktor. W kr\u0119gu medi\u00f3w, kultury\u00a0i polityki\u00a0jest ponadto dokumentacja spo\u0142ecznego oddzia\u0142ywania Aliny Kietrys na ka\u017cdym etapie Jej zawodowego \u017cycia\u00a0oraz zobrazowanie poprzez biografi\u0119 historii regionu, r\u00f3\u017cnorodno\u015bci kulturowej i medialnej.<\/p>\n<p><em>Z recenzji prof. dr hab. Iwony Hofman<\/em><\/p>\n","protected":false},"featured_media":17491,"template":"","meta":{"_acf_changed":false},"journal":[],"rodzaj":[7074],"seria":[],"product_brand":[],"product_cat":[6924,7047],"product_tag":[7617],"class_list":{"0":"post-46711","1":"product","2":"type-product","3":"status-publish","4":"has-post-thumbnail","6":"rodzaj-ksiazki","7":"product_cat-jezykoznawstwo","8":"product_cat-politologia","9":"product_tag-malgorzata-losiewicz","10":"pa_rok-wydania-2019-en","12":"first","13":"outofstock","14":"taxable","15":"shipping-taxable","16":"purchasable","17":"product-type-simple"},"acf":[],"_links":{"self":[{"href":"https:\/\/wydawnictwo.ug.edu.pl\/en\/wp-json\/wp\/v2\/product\/46711","targetHints":{"allow":["GET"]}}],"collection":[{"href":"https:\/\/wydawnictwo.ug.edu.pl\/en\/wp-json\/wp\/v2\/product"}],"about":[{"href":"https:\/\/wydawnictwo.ug.edu.pl\/en\/wp-json\/wp\/v2\/types\/product"}],"wp:featuredmedia":[{"embeddable":true,"href":"https:\/\/wydawnictwo.ug.edu.pl\/en\/wp-json\/wp\/v2\/media\/17491"}],"wp:attachment":[{"href":"https:\/\/wydawnictwo.ug.edu.pl\/en\/wp-json\/wp\/v2\/media?parent=46711"}],"wp:term":[{"taxonomy":"journal","embeddable":true,"href":"https:\/\/wydawnictwo.ug.edu.pl\/en\/wp-json\/wp\/v2\/journal?post=46711"},{"taxonomy":"rodzaj","embeddable":true,"href":"https:\/\/wydawnictwo.ug.edu.pl\/en\/wp-json\/wp\/v2\/rodzaj?post=46711"},{"taxonomy":"seria","embeddable":true,"href":"https:\/\/wydawnictwo.ug.edu.pl\/en\/wp-json\/wp\/v2\/seria?post=46711"},{"taxonomy":"product_brand","embeddable":true,"href":"https:\/\/wydawnictwo.ug.edu.pl\/en\/wp-json\/wp\/v2\/product_brand?post=46711"},{"taxonomy":"product_cat","embeddable":true,"href":"https:\/\/wydawnictwo.ug.edu.pl\/en\/wp-json\/wp\/v2\/product_cat?post=46711"},{"taxonomy":"product_tag","embeddable":true,"href":"https:\/\/wydawnictwo.ug.edu.pl\/en\/wp-json\/wp\/v2\/product_tag?post=46711"}],"curies":[{"name":"wp","href":"https:\/\/api.w.org\/{rel}","templated":true}]}}

Pani Redaktor. W kręgu mediów, kultury i polityki

<p>Redaktorki Księgi jubileuszowej dołożyły wszelkich starań, aby ukazać wielość zainteresowań [&#8230;] Aliny Kietrys — osoby wyjątkowej nie tylko w medialno-akademickim pejzażu Trójmiasta. Każdy, kto zetknął się z Panią Redaktor, może poświadczyć, ile w Niej zaangażowania, zrozumienia, radości i chęci współtworzenia, choćby mediów akademickich. [&#8230;] Zgromadzone teksty pokazują postać charakterystyczną dla etosu inteligenta o szerokich horyzontach humanistycznych [&#8230;], potwierdzają, że mamy do czynienia z człowiekiem dobrym, mądrym, otwartym. [&#8230;] Walorem książki Pani Redaktor. W kręgu mediów, kultury i polityki jest ponadto dokumentacja społecznego oddziaływania Aliny Kietrys na każdym etapie Jej zawodowego życia oraz zobrazowanie poprzez biografię historii regionu, różnorodności kulturowej i medialnej.</p>
<p><em>Z recenzji prof. dr hab. Iwony Hofman</em></p>
