{"id":46706,"date":"2018-11-30T00:00:00","date_gmt":"2018-11-30T00:00:00","guid":{"rendered":"https:\/\/wydawnictwo.ug.edu.pl\/ksiegarnia-online\/uncategorized\/demokracja-socjalizacja-wychowanie-publikacja-dedykowana-profesorowi-janowi-papiezowi\/"},"modified":"2026-02-11T15:45:29","modified_gmt":"2026-02-11T15:45:29","slug":"demokracja-socjalizacja-wychowanie-publikacja-dedykowana-profesorowi-janowi-papiezowi","status":"publish","type":"product","link":"https:\/\/wydawnictwo.ug.edu.pl\/en\/ksiegarnia-online\/socjologia\/demokracja-socjalizacja-wychowanie-publikacja-dedykowana-profesorowi-janowi-papiezowi\/","title":{"rendered":"Demokracja. Socjalizacja. Wychowanie. Publikacja dedykowana profesorowi Janowi Papie\u017cowi"},"content":{"rendered":"","protected":false},"excerpt":{"rendered":"<p>Niniejsza publikacja dedykowana Profesorowi Janowi Papie\u017cowi z okazji Jubileuszu siedemdziesi\u0105tych urodzin oraz czterdziestopi\u0119ciolecia pracy naukowo-dydaktycznej powsta\u0142a z inicjatywy uczni\u00f3w i wsp\u00f3\u0142pracownik\u00f3w Pana Profesora z Zak\u0142adu Teorii Wychowania Instytutu Pedagogiki Uniwersytetu Gda\u0144skiego. Wsp\u00f3lnie z licznym gronem przyjaci\u00f3\u0142 Pana Profesora pragn\u0119li podarowa\u0107 Jubilatowi swoje przemy\u015blenia i owoce bada\u0144 po\u015bwi\u0119conych demokracji, socjalizacji i wychowaniu, uj\u0119te w r\u00f3\u017cnych kontekstach poznawczych oraz metodologicznych i z r\u00f3\u017cn\u0105 szczeg\u00f3\u0142owo\u015bci\u0105. Autorzy tekst\u00f3w tworz\u0105cych ten tom pochodz\u0105 z r\u00f3\u017cnych szk\u00f3\u0142 i o\u015brodk\u00f3w badawczych \u2013 po\u0142\u0105czy\u0142a ich osoba Jubilata, z kt\u00f3rym wsp\u00f3\u0142pracowali na wielu p\u0142aszczyznach \u017cycia akademickiego.<\/p>\n","protected":false},"featured_media":17672,"template":"","meta":{"_acf_changed":false},"journal":[],"rodzaj":[],"seria":[],"product_brand":[],"product_cat":[6953],"product_tag":[8096,8097],"class_list":{"0":"post-46706","1":"product","2":"type-product","3":"status-publish","4":"has-post-thumbnail","6":"product_cat-socjologia","7":"product_tag-marcin-welenc","8":"product_tag-piotr-baucpiotr-bauc","9":"pa_rok-wydania-2019-en","11":"first","12":"outofstock","13":"taxable","14":"shipping-taxable","15":"purchasable","16":"product-type-simple"},"acf":[],"_links":{"self":[{"href":"https:\/\/wydawnictwo.ug.edu.pl\/en\/wp-json\/wp\/v2\/product\/46706","targetHints":{"allow":["GET"]}}],"collection":[{"href":"https:\/\/wydawnictwo.ug.edu.pl\/en\/wp-json\/wp\/v2\/product"}],"about":[{"href":"https:\/\/wydawnictwo.ug.edu.pl\/en\/wp-json\/wp\/v2\/types\/product"}],"wp:featuredmedia":[{"embeddable":true,"href":"https:\/\/wydawnictwo.ug.edu.pl\/en\/wp-json\/wp\/v2\/media\/17672"}],"wp:attachment":[{"href":"https:\/\/wydawnictwo.ug.edu.pl\/en\/wp-json\/wp\/v2\/media?parent=46706"}],"wp:term":[{"taxonomy":"journal","embeddable":true,"href":"https:\/\/wydawnictwo.ug.edu.pl\/en\/wp-json\/wp\/v2\/journal?post=46706"},{"taxonomy":"rodzaj","embeddable":true,"href":"https:\/\/wydawnictwo.ug.edu.pl\/en\/wp-json\/wp\/v2\/rodzaj?post=46706"},{"taxonomy":"seria","embeddable":true,"href":"https:\/\/wydawnictwo.ug.edu.pl\/en\/wp-json\/wp\/v2\/seria?post=46706"},{"taxonomy":"product_brand","embeddable":true,"href":"https:\/\/wydawnictwo.ug.edu.pl\/en\/wp-json\/wp\/v2\/product_brand?post=46706"},{"taxonomy":"product_cat","embeddable":true,"href":"https:\/\/wydawnictwo.ug.edu.pl\/en\/wp-json\/wp\/v2\/product_cat?post=46706"},{"taxonomy":"product_tag","embeddable":true,"href":"https:\/\/wydawnictwo.ug.edu.pl\/en\/wp-json\/wp\/v2\/product_tag?post=46706"}],"curies":[{"name":"wp","href":"https:\/\/api.w.org\/{rel}","templated":true}]}}

Demokracja. Socjalizacja. Wychowanie. Publikacja dedykowana profesorowi Janowi Papieżowi

<p>Niniejsza publikacja dedykowana Profesorowi Janowi Papieżowi z okazji Jubileuszu siedemdziesiątych urodzin oraz czterdziestopięciolecia pracy naukowo-dydaktycznej powstała z inicjatywy uczniów i współpracowników Pana Profesora z Zakładu Teorii Wychowania Instytutu Pedagogiki Uniwersytetu Gdańskiego. Wspólnie z licznym gronem przyjaciół Pana Profesora pragnęli podarować Jubilatowi swoje przemyślenia i owoce badań poświęconych demokracji, socjalizacji i wychowaniu, ujęte w różnych kontekstach poznawczych oraz metodologicznych i z różną szczegółowością. Autorzy tekstów tworzących ten tom pochodzą z różnych szkół i ośrodków badawczych – połączyła ich osoba Jubilata, z którym współpracowali na wielu płaszczyznach życia akademickiego.</p>
