{"id":46705,"date":"2018-11-30T00:00:00","date_gmt":"2018-11-30T00:00:00","guid":{"rendered":"https:\/\/wydawnictwo.ug.edu.pl\/ksiegarnia-online\/uncategorized\/znaczenie-bezpieczenstwa-dla-funkcjonowania-miedzynarodowych-lancuchow-dostaw\/"},"modified":"2026-02-11T15:41:48","modified_gmt":"2026-02-11T15:41:48","slug":"znaczenie-bezpieczenstwa-dla-funkcjonowania-miedzynarodowych-lancuchow-dostaw","status":"publish","type":"product","link":"https:\/\/wydawnictwo.ug.edu.pl\/en\/ksiegarnia-online\/ekonomia\/znaczenie-bezpieczenstwa-dla-funkcjonowania-miedzynarodowych-lancuchow-dostaw\/","title":{"rendered":"Znaczenie bezpiecze\u0144stwa dla funkcjonowania mi\u0119dzynarodowych \u0142a\u0144cuch\u00f3w dostaw"},"content":{"rendered":"","protected":false},"excerpt":{"rendered":"<p>Bezpiecze\u0144stwo \u0142a\u0144cucha dostaw (ang.\u00a0<em>supply chain security<\/em>) definiuje si\u0119 jako procedury i \u015brodki ochrony element\u00f3w \u0142a\u0144cucha dostaw oraz jego otoczenia przed dzia\u0142alno\u015bci\u0105 przest\u0119pcz\u0105 i terrorystyczn\u0105. Koncepcja ta ukszta\u0142towa\u0142a si\u0119 w literaturze naukowej oraz praktyce gospodarczej w nast\u0119pstwie atak\u00f3w terrorystycznych przeprowadzonych w Nowym Jorku i Waszyngtonie we wrze\u015bniu 2001 r. W wyniku zamach\u00f3w \u015bmier\u0107 ponios\u0142o wiele os\u00f3b, a bezpo\u015brednie i po\u015brednie straty instytucji publicznych i przedsi\u0119biorstw si\u0119ga\u0142y wielu miliard\u00f3w dolar\u00f3w. Wydarzenia te zmieni\u0142y tradycyjne postrzeganie zagro\u017ce\u0144 zwi\u0105zanych z transportem czy mi\u0119dzynarodowymi \u0142a\u0144cuchami dostaw. Dotychczasowe mi\u0119dzynarodowe wysi\u0142ki w zakresie likwidowania barier handlowych i harmonizacji przepis\u00f3w ust\u0105pi\u0142y miejsca potrzebie zapewnienia bezpiecze\u0144stwa \u0142a\u0144cuch\u00f3w dostaw i\u00a0ochrony przed terroryzmem. Rezultatem tych dzia\u0142a\u0144 by\u0142o wprowadzenie szeregu regulacji i inicjatyw oraz \u015brodk\u00f3w kontroli i ochrony \u0142a\u0144cuch\u00f3w dostaw.<\/p>\n<p>W ksi\u0105\u017cce przedstawiono szczeg\u00f3\u0142ow\u0105 analiz\u0119 wybranych zagro\u017ce\u0144 wobec mi\u0119dzynarodowych \u0142a\u0144cuch\u00f3w dostaw, takich jak terroryzm, piractwo, kradzie\u017ce, nielegalne przekraczanie granicy, fa\u0142szerstwa towar\u00f3w, a tak\u017ce cyberprzest\u0119pczo\u015b\u0107. Scharakteryzowano r\u00f3wnie\u017c kszta\u0142t polityki bezpiecze\u0144stwa prowadzonej przez Stany Zjednoczone, Uni\u0119 Europejsk\u0105 oraz Organizacj\u0119 Narod\u00f3w Zjednoczonych, a tak\u017ce om\u00f3wiono najwa\u017cniejsze regulacje i inicjatywy w zakresie bezpiecze\u0144stwa.<\/p>\n","protected":false},"featured_media":17044,"template":"","meta":{"_acf_changed":false},"journal":[],"rodzaj":[7077,7076],"seria":[7797],"product_brand":[],"product_cat":[6934],"product_tag":[8095],"class_list":{"0":"post-46705","1":"product","2":"type-product","3":"status-publish","4":"has-post-thumbnail","6":"rodzaj-czasopismo","7":"rodzaj-serie-wydawnicze","8":"seria-dissertationes-laudatissimae-universitas-gedanensis","9":"product_cat-ekonomia","10":"product_tag-magdalena-jazdzewska-gutta","11":"pa_rok-wydania-2019-en","13":"first","14":"outofstock","15":"taxable","16":"shipping-taxable","17":"purchasable","18":"product-type-simple"},"acf":[],"_links":{"self":[{"href":"https:\/\/wydawnictwo.ug.edu.pl\/en\/wp-json\/wp\/v2\/product\/46705","targetHints":{"allow":["GET"]}}],"collection":[{"href":"https:\/\/wydawnictwo.ug.edu.pl\/en\/wp-json\/wp\/v2\/product"}],"about":[{"href":"https:\/\/wydawnictwo.ug.edu.pl\/en\/wp-json\/wp\/v2\/types\/product"}],"wp:featuredmedia":[{"embeddable":true,"href":"https:\/\/wydawnictwo.ug.edu.pl\/en\/wp-json\/wp\/v2\/media\/17044"}],"wp:attachment":[{"href":"https:\/\/wydawnictwo.ug.edu.pl\/en\/wp-json\/wp\/v2\/media?parent=46705"}],"wp:term":[{"taxonomy":"journal","embeddable":true,"href":"https:\/\/wydawnictwo.ug.edu.pl\/en\/wp-json\/wp\/v2\/journal?post=46705"},{"taxonomy":"rodzaj","embeddable":true,"href":"https:\/\/wydawnictwo.ug.edu.pl\/en\/wp-json\/wp\/v2\/rodzaj?post=46705"},{"taxonomy":"seria","embeddable":true,"href":"https:\/\/wydawnictwo.ug.edu.pl\/en\/wp-json\/wp\/v2\/seria?post=46705"},{"taxonomy":"product_brand","embeddable":true,"href":"https:\/\/wydawnictwo.ug.edu.pl\/en\/wp-json\/wp\/v2\/product_brand?post=46705"},{"taxonomy":"product_cat","embeddable":true,"href":"https:\/\/wydawnictwo.ug.edu.pl\/en\/wp-json\/wp\/v2\/product_cat?post=46705"},{"taxonomy":"product_tag","embeddable":true,"href":"https:\/\/wydawnictwo.ug.edu.pl\/en\/wp-json\/wp\/v2\/product_tag?post=46705"}],"curies":[{"name":"wp","href":"https:\/\/api.w.org\/{rel}","templated":true}]}}

Znaczenie bezpieczeństwa dla funkcjonowania międzynarodowych łańcuchów dostaw

<p>Bezpieczeństwo łańcucha dostaw (ang. <em>supply chain security</em>) definiuje się jako procedury i środki ochrony elementów łańcucha dostaw oraz jego otoczenia przed działalnością przestępczą i terrorystyczną. Koncepcja ta ukształtowała się w literaturze naukowej oraz praktyce gospodarczej w następstwie ataków terrorystycznych przeprowadzonych w Nowym Jorku i Waszyngtonie we wrześniu 2001 r. W wyniku zamachów śmierć poniosło wiele osób, a bezpośrednie i pośrednie straty instytucji publicznych i przedsiębiorstw sięgały wielu miliardów dolarów. Wydarzenia te zmieniły tradycyjne postrzeganie zagrożeń związanych z transportem czy międzynarodowymi łańcuchami dostaw. Dotychczasowe międzynarodowe wysiłki w zakresie likwidowania barier handlowych i harmonizacji przepisów ustąpiły miejsca potrzebie zapewnienia bezpieczeństwa łańcuchów dostaw i ochrony przed terroryzmem. Rezultatem tych działań było wprowadzenie szeregu regulacji i inicjatyw oraz środków kontroli i ochrony łańcuchów dostaw.</p>
<p>W książce przedstawiono szczegółową analizę wybranych zagrożeń wobec międzynarodowych łańcuchów dostaw, takich jak terroryzm, piractwo, kradzieże, nielegalne przekraczanie granicy, fałszerstwa towarów, a także cyberprzestępczość. Scharakteryzowano również kształt polityki bezpieczeństwa prowadzonej przez Stany Zjednoczone, Unię Europejską oraz Organizację Narodów Zjednoczonych, a także omówiono najważniejsze regulacje i inicjatywy w zakresie bezpieczeństwa.</p>
