{"id":46700,"date":"2018-11-30T00:00:00","date_gmt":"2018-11-30T00:00:00","guid":{"rendered":"https:\/\/wydawnictwo.ug.edu.pl\/ksiegarnia-online\/uncategorized\/pamiec-i-miejsce-perspektywa-spoleczno-edukacyjna\/"},"modified":"2026-02-11T15:42:00","modified_gmt":"2026-02-11T15:42:00","slug":"pamiec-i-miejsce-perspektywa-spoleczno-edukacyjna","status":"publish","type":"product","link":"https:\/\/wydawnictwo.ug.edu.pl\/en\/ksiegarnia-online\/pedagogika-i-psychologia\/pamiec-i-miejsce-perspektywa-spoleczno-edukacyjna\/","title":{"rendered":"Pami\u0119\u0107 i miejsce. Perspektywa spo\u0142eczno-edukacyjna"},"content":{"rendered":"","protected":false},"excerpt":{"rendered":"<p>Teksty zaproszonych do tej monografii Autor\u00f3w s\u0105\u00a0grupowym g\u0142osem w dyskusji nad\u00a0kategori\u0105 wyra\u017caj\u0105c\u0105 zwi\u0105zek pami\u0119ci i miejsca.\u00a0Kategori\u0119 t\u0119 nazywano pami\u0119ciomiejscem. Akcentuj\u0105c\u00a0jej tre\u015b\u0107 i charakter, kszta\u0142tuj\u0105cy si\u0119 pomi\u0119dzy tym,\u00a0co spo\u0142eczne (wi\u0119ziotw\u00f3rcze, konstruowane\u00a0pomi\u0119dzy lud\u017ami, kolektywne itd.), a tym,\u00a0co edukacyjne (pami\u0119ciomiejsce uczestniczy\u00a0w podmiotowej autokreacji i uczy), potraktowano\u00a0pami\u0119ciomiejsce jako propozycj\u0119 zasilaj\u0105c\u0105 teori\u0119\u00a0pedagogiki spo\u0142ecznej. \u015awiadomo\u015b\u0107 ulokowania tej\u00a0propozycji szeroko w obszarze my\u015bli spo\u0142ecznej\u00a0i pedagogicznej prowadzi do za\u0142o\u017cenia, \u017ce jest ono\u00a0kategori\u0105 funkcjonaln\u0105. Ma s\u0142u\u017cy\u0107 refleksji,\u00a0badaniom oraz praktyce spo\u0142eczno-edukacyjnej\u00a0bez ogranicze\u0144 w zakresie dyscyplin. St\u0105d szeregi\u00a0rozwijaj\u0105cych t\u0119 kategori\u0119 badaczy zasilaj\u0105\u00a0pedagodzy, socjologowie, psychologowie, geografowie\u00a0pami\u0119ci miejsca (i miejsca pami\u0119ci) oraz arty\u015bci.<\/p>\n","protected":false},"featured_media":16102,"template":"","meta":{"_acf_changed":false},"journal":[],"rodzaj":[7074],"seria":[],"product_brand":[],"product_cat":[7007],"product_tag":[7607,8093],"class_list":{"0":"post-46700","1":"product","2":"type-product","3":"status-publish","4":"has-post-thumbnail","6":"rodzaj-ksiazki","7":"product_cat-pedagogika-i-psychologia","8":"product_tag-maria-mendelmaria-mendel","9":"product_tag-wieslaw-theiss","10":"pa_rok-wydania-2019-en","12":"first","13":"outofstock","14":"taxable","15":"shipping-taxable","16":"purchasable","17":"product-type-simple"},"acf":[],"_links":{"self":[{"href":"https:\/\/wydawnictwo.ug.edu.pl\/en\/wp-json\/wp\/v2\/product\/46700","targetHints":{"allow":["GET"]}}],"collection":[{"href":"https:\/\/wydawnictwo.ug.edu.pl\/en\/wp-json\/wp\/v2\/product"}],"about":[{"href":"https:\/\/wydawnictwo.ug.edu.pl\/en\/wp-json\/wp\/v2\/types\/product"}],"wp:featuredmedia":[{"embeddable":true,"href":"https:\/\/wydawnictwo.ug.edu.pl\/en\/wp-json\/wp\/v2\/media\/16102"}],"wp:attachment":[{"href":"https:\/\/wydawnictwo.ug.edu.pl\/en\/wp-json\/wp\/v2\/media?parent=46700"}],"wp:term":[{"taxonomy":"journal","embeddable":true,"href":"https:\/\/wydawnictwo.ug.edu.pl\/en\/wp-json\/wp\/v2\/journal?post=46700"},{"taxonomy":"rodzaj","embeddable":true,"href":"https:\/\/wydawnictwo.ug.edu.pl\/en\/wp-json\/wp\/v2\/rodzaj?post=46700"},{"taxonomy":"seria","embeddable":true,"href":"https:\/\/wydawnictwo.ug.edu.pl\/en\/wp-json\/wp\/v2\/seria?post=46700"},{"taxonomy":"product_brand","embeddable":true,"href":"https:\/\/wydawnictwo.ug.edu.pl\/en\/wp-json\/wp\/v2\/product_brand?post=46700"},{"taxonomy":"product_cat","embeddable":true,"href":"https:\/\/wydawnictwo.ug.edu.pl\/en\/wp-json\/wp\/v2\/product_cat?post=46700"},{"taxonomy":"product_tag","embeddable":true,"href":"https:\/\/wydawnictwo.ug.edu.pl\/en\/wp-json\/wp\/v2\/product_tag?post=46700"}],"curies":[{"name":"wp","href":"https:\/\/api.w.org\/{rel}","templated":true}]}}

Pamięć i miejsce. Perspektywa społeczno-edukacyjna

<p>Teksty zaproszonych do tej monografii Autorów są grupowym głosem w dyskusji nad kategorią wyrażającą związek pamięci i miejsca. Kategorię tę nazywano pamięciomiejscem. Akcentując jej treść i charakter, kształtujący się pomiędzy tym, co społeczne (więziotwórcze, konstruowane pomiędzy ludźmi, kolektywne itd.), a tym, co edukacyjne (pamięciomiejsce uczestniczy w podmiotowej autokreacji i uczy), potraktowano pamięciomiejsce jako propozycję zasilającą teorię pedagogiki społecznej. Świadomość ulokowania tej propozycji szeroko w obszarze myśli społecznej i pedagogicznej prowadzi do założenia, że jest ono kategorią funkcjonalną. Ma służyć refleksji, badaniom oraz praktyce społeczno-edukacyjnej bez ograniczeń w zakresie dyscyplin. Stąd szeregi rozwijających tę kategorię badaczy zasilają pedagodzy, socjologowie, psychologowie, geografowie pamięci miejsca (i miejsca pamięci) oraz artyści.</p>
