{"id":46696,"date":"2018-11-30T00:00:00","date_gmt":"2018-11-30T00:00:00","guid":{"rendered":"https:\/\/wydawnictwo.ug.edu.pl\/ksiegarnia-online\/uncategorized\/polskie-tradycje-ezoteryczne-1890-1939-tom-i-teozofia-i-antropozofia\/"},"modified":"2026-02-11T15:43:46","modified_gmt":"2026-02-11T15:43:46","slug":"polskie-tradycje-ezoteryczne-1890-1939-tom-i-teozofia-i-antropozofia","status":"publish","type":"product","link":"https:\/\/wydawnictwo.ug.edu.pl\/en\/ksiegarnia-online\/literaturoznawstwo\/polskie-tradycje-ezoteryczne-1890-1939-tom-i-teozofia-i-antropozofia\/","title":{"rendered":"Polskie Tradycje Ezoteryczne 1890\u20131939. Tom I. Teozofia i antropozofia"},"content":{"rendered":"","protected":false},"excerpt":{"rendered":"<p>Ksi\u0105\u017cka niniejsza jest pierwszym z czterech tom\u00f3w specjalnego wydania serii \u201e\u015awiat\u0142o i Ciemno\u015b\u0107&#8221;, ukazuj\u0105cego si\u0119 pod wsp\u00f3lnym tytu\u0142em\u00a0<em>Polskie tradycje ezoteryczne<\/em>\u00a0<em>1890-1939<\/em>. Cykl obejmuje studia na temat dziej\u00f3w polskiego ezoteryzmu, pocz\u0105wszy od schy\u0142ku XIX wieku a\u017c po wybuch II wojny \u015bwiatowej. Intencj\u0105\u00a0jego autor\u00f3w by\u0142o przedstawienie najwa\u017cniejszych aspekt\u00f3w dzia\u0142alno\u015bci polskich przedwojennych \u015brodowisk ezoterycznych. Te pionierskie, zespo\u0142owe badania, prowadzone w latach 2016-2019, by\u0142y mo\u017cliwe dzi\u0119ki grantowi Narodowego Programu Rozwoju Humanistyki.<\/p>\n<p>Pierwszy tom edycji,\u00a0<em>Teozofia i antropozofia<\/em>, zawiera teksty po\u015bwi\u0119cone dw\u00f3m najwi\u0119kszym stowarzyszeniom ezoterycznym na ziemiach polskich: Towarzystwu Teozoficznemu i Towarzystwu Antropozoficznemu. Autorzy podj\u0119li pr\u00f3b\u0119 zrekonstruowania polskich dziej\u00f3w tych formacji, wpisuj\u0105c je w mi\u0119dzynarodowe konteksty. Ca\u0142o\u015b\u0107 wie\u0144czy om\u00f3wienie polskiej prasy teozoficznej i wydawnictw antropozoficznych tego okresu.<\/p>\n","protected":false},"featured_media":17276,"template":"","meta":{"_acf_changed":false},"journal":[],"rodzaj":[2602],"seria":[],"product_brand":[],"product_cat":[6925],"product_tag":[526,524],"class_list":{"0":"post-46696","1":"product","2":"type-product","3":"status-publish","4":"has-post-thumbnail","6":"rodzaj-ksiazki","7":"product_cat-literaturoznawstwo","8":"product_tag-izabela-trzcinska","9":"product_tag-monika-rzeczycka","11":"first","12":"outofstock","13":"taxable","14":"shipping-taxable","15":"product-type-simple"},"acf":[],"_links":{"self":[{"href":"https:\/\/wydawnictwo.ug.edu.pl\/en\/wp-json\/wp\/v2\/product\/46696","targetHints":{"allow":["GET"]}}],"collection":[{"href":"https:\/\/wydawnictwo.ug.edu.pl\/en\/wp-json\/wp\/v2\/product"}],"about":[{"href":"https:\/\/wydawnictwo.ug.edu.pl\/en\/wp-json\/wp\/v2\/types\/product"}],"wp:featuredmedia":[{"embeddable":true,"href":"https:\/\/wydawnictwo.ug.edu.pl\/en\/wp-json\/wp\/v2\/media\/17276"}],"wp:attachment":[{"href":"https:\/\/wydawnictwo.ug.edu.pl\/en\/wp-json\/wp\/v2\/media?parent=46696"}],"wp:term":[{"taxonomy":"journal","embeddable":true,"href":"https:\/\/wydawnictwo.ug.edu.pl\/en\/wp-json\/wp\/v2\/journal?post=46696"},{"taxonomy":"rodzaj","embeddable":true,"href":"https:\/\/wydawnictwo.ug.edu.pl\/en\/wp-json\/wp\/v2\/rodzaj?post=46696"},{"taxonomy":"seria","embeddable":true,"href":"https:\/\/wydawnictwo.ug.edu.pl\/en\/wp-json\/wp\/v2\/seria?post=46696"},{"taxonomy":"product_brand","embeddable":true,"href":"https:\/\/wydawnictwo.ug.edu.pl\/en\/wp-json\/wp\/v2\/product_brand?post=46696"},{"taxonomy":"product_cat","embeddable":true,"href":"https:\/\/wydawnictwo.ug.edu.pl\/en\/wp-json\/wp\/v2\/product_cat?post=46696"},{"taxonomy":"product_tag","embeddable":true,"href":"https:\/\/wydawnictwo.ug.edu.pl\/en\/wp-json\/wp\/v2\/product_tag?post=46696"}],"curies":[{"name":"wp","href":"https:\/\/api.w.org\/{rel}","templated":true}]}}

<p>Książka niniejsza jest pierwszym z czterech tomów specjalnego wydania serii „Światło i Ciemność&#8221;, ukazującego się pod wspólnym tytułem <em>Polskie tradycje ezoteryczne</em> <em>1890-1939</em>. Cykl obejmuje studia na temat dziejów polskiego ezoteryzmu, począwszy od schyłku XIX wieku aż po wybuch II wojny światowej. Intencją jego autorów było przedstawienie najważniejszych aspektów działalności polskich przedwojennych środowisk ezoterycznych. Te pionierskie, zespołowe badania, prowadzone w latach 2016-2019, były możliwe dzięki grantowi Narodowego Programu Rozwoju Humanistyki.</p>
<p>Pierwszy tom edycji, <em>Teozofia i antropozofia</em>, zawiera teksty poświęcone dwóm największym stowarzyszeniom ezoterycznym na ziemiach polskich: Towarzystwu Teozoficznemu i Towarzystwu Antropozoficznemu. Autorzy podjęli próbę zrekonstruowania polskich dziejów tych formacji, wpisując je w międzynarodowe konteksty. Całość wieńczy omówienie polskiej prasy teozoficznej i wydawnictw antropozoficznych tego okresu.</p>
