{"id":46695,"date":"2018-11-30T00:00:00","date_gmt":"2018-11-30T00:00:00","guid":{"rendered":"https:\/\/wydawnictwo.ug.edu.pl\/ksiegarnia-online\/uncategorized\/byc-nauczycielem-byc-uczniem-w-perspektywie-jutra-od-sztuki-uczenia-sie-do-uczenia-sie-sztuki\/"},"modified":"2026-02-11T15:43:25","modified_gmt":"2026-02-11T15:43:25","slug":"byc-nauczycielem-byc-uczniem-w-perspektywie-jutra-od-sztuki-uczenia-sie-do-uczenia-sie-sztuki","status":"publish","type":"product","link":"https:\/\/wydawnictwo.ug.edu.pl\/en\/ksiegarnia-online\/pedagogika-i-psychologia\/byc-nauczycielem-byc-uczniem-w-perspektywie-jutra-od-sztuki-uczenia-sie-do-uczenia-sie-sztuki\/","title":{"rendered":"By\u0107 nauczycielem by\u0107 uczniem w perspektywie jutra. Od sztuki uczenia si\u0119 do uczenia si\u0119 sztuki"},"content":{"rendered":"","protected":false},"excerpt":{"rendered":"<p>Publikacja jest zbiorem tekst\u00f3w, kt\u00f3rych problematyka zogniskowana jest wok\u00f3\u0142 zagadnie\u0144 sztuki. Pojawiaj\u0105 si\u0119 zatem sztuki wizualne i sztuka muzyczna z perspektywy zagadnie\u0144 pedagogiki<em>\u00a0\u2013\u00a0<\/em>sztuka uczenia si\u0119, ale tak\u017ce sztuka nauczania. Opisywana jest<em>\u00a0<\/em>przestrze\u0144, w kt\u00f3rej dochodzi (lub nie) do relacji i interakcji pomi\u0119dzy nauczycielem \u2013 uczniem, doros\u0142ym \u2013 dzieckiem, czyli ukazana jest sztuka bycia z jednej strony mistrzem, a z drugiej jego uczniem. Ksi\u0105\u017cka przywo\u0142uje tak\u017ce dobre praktyki pedagogiczne jako przyk\u0142ad sztuki dziecka i sztuki dla dziecka r\u00f3wnie\u017c w obszarze przestrzeni szkolnej i mo\u017cliwo\u015bci wyra\u017cania przez ni\u0105 siebie samego.<\/p>\n","protected":false},"featured_media":17425,"template":"","meta":{"_acf_changed":false},"journal":[],"rodzaj":[],"seria":[],"product_brand":[],"product_cat":[7007],"product_tag":[7834,8090],"class_list":{"0":"post-46695","1":"product","2":"type-product","3":"status-publish","4":"has-post-thumbnail","6":"product_cat-pedagogika-i-psychologia","7":"product_tag-agnieszka-nowak-lojewska","8":"product_tag-ewa-szatan","9":"pa_rok-wydania-2019-en","11":"first","12":"outofstock","13":"taxable","14":"shipping-taxable","15":"purchasable","16":"product-type-simple"},"acf":[],"_links":{"self":[{"href":"https:\/\/wydawnictwo.ug.edu.pl\/en\/wp-json\/wp\/v2\/product\/46695","targetHints":{"allow":["GET"]}}],"collection":[{"href":"https:\/\/wydawnictwo.ug.edu.pl\/en\/wp-json\/wp\/v2\/product"}],"about":[{"href":"https:\/\/wydawnictwo.ug.edu.pl\/en\/wp-json\/wp\/v2\/types\/product"}],"wp:featuredmedia":[{"embeddable":true,"href":"https:\/\/wydawnictwo.ug.edu.pl\/en\/wp-json\/wp\/v2\/media\/17425"}],"wp:attachment":[{"href":"https:\/\/wydawnictwo.ug.edu.pl\/en\/wp-json\/wp\/v2\/media?parent=46695"}],"wp:term":[{"taxonomy":"journal","embeddable":true,"href":"https:\/\/wydawnictwo.ug.edu.pl\/en\/wp-json\/wp\/v2\/journal?post=46695"},{"taxonomy":"rodzaj","embeddable":true,"href":"https:\/\/wydawnictwo.ug.edu.pl\/en\/wp-json\/wp\/v2\/rodzaj?post=46695"},{"taxonomy":"seria","embeddable":true,"href":"https:\/\/wydawnictwo.ug.edu.pl\/en\/wp-json\/wp\/v2\/seria?post=46695"},{"taxonomy":"product_brand","embeddable":true,"href":"https:\/\/wydawnictwo.ug.edu.pl\/en\/wp-json\/wp\/v2\/product_brand?post=46695"},{"taxonomy":"product_cat","embeddable":true,"href":"https:\/\/wydawnictwo.ug.edu.pl\/en\/wp-json\/wp\/v2\/product_cat?post=46695"},{"taxonomy":"product_tag","embeddable":true,"href":"https:\/\/wydawnictwo.ug.edu.pl\/en\/wp-json\/wp\/v2\/product_tag?post=46695"}],"curies":[{"name":"wp","href":"https:\/\/api.w.org\/{rel}","templated":true}]}}

Być nauczycielem być uczniem w perspektywie jutra. Od sztuki uczenia się do uczenia się sztuki

<p>Publikacja jest zbiorem tekstów, których problematyka zogniskowana jest wokół zagadnień sztuki. Pojawiają się zatem sztuki wizualne i sztuka muzyczna z perspektywy zagadnień pedagogiki<em> – </em>sztuka uczenia się, ale także sztuka nauczania. Opisywana jest<em> </em>przestrzeń, w której dochodzi (lub nie) do relacji i interakcji pomiędzy nauczycielem – uczniem, dorosłym – dzieckiem, czyli ukazana jest sztuka bycia z jednej strony mistrzem, a z drugiej jego uczniem. Książka przywołuje także dobre praktyki pedagogiczne jako przykład sztuki dziecka i sztuki dla dziecka również w obszarze przestrzeni szkolnej i możliwości wyrażania przez nią siebie samego.</p>
