{"id":46693,"date":"2018-11-30T00:00:00","date_gmt":"2018-11-30T00:00:00","guid":{"rendered":"https:\/\/wydawnictwo.ug.edu.pl\/ksiegarnia-online\/uncategorized\/kaszubszczyzna-pedagogicznie-o-jezyku-i-tozsamosci\/"},"modified":"2026-02-11T15:40:22","modified_gmt":"2026-02-11T15:40:22","slug":"kaszubszczyzna-pedagogicznie-o-jezyku-i-tozsamosci","status":"publish","type":"product","link":"https:\/\/wydawnictwo.ug.edu.pl\/en\/ksiegarnia-online\/pedagogika-i-psychologia\/kaszubszczyzna-pedagogicznie-o-jezyku-i-tozsamosci\/","title":{"rendered":"Kaszubszczyzna. Pedagogicznie o j\u0119zyku i to\u017csamo\u015bci"},"content":{"rendered":"","protected":false},"excerpt":{"rendered":"<p>Ksi\u0105\u017cka<em>\u00a0Kaszubszczyzna. Pedagogicznie o j\u0119zyku i to\u017csamo\u015bci<\/em>\u00a0wpisuje si\u0119 w tradycj\u0119 gda\u0144skich bada\u0144 nad kaszubszczyzn\u0105 i nad do\u015bwiadczeniami j\u0119zykowymi, spo\u0142ecznymi oraz edukacyjnymi Kaszub\u00f3w, kt\u00f3re \u2013 dok\u0142adnie tak samo jak do\u015bwiadczenia innych mniejszo\u015bci etnicznych i narodowych \u2013 s\u0105 trudne, skomplikowane i po wielekro\u0107 waloryzowane dziejami historycznymi, zmian\u0105 granic, zmian\u0105 pa\u0144stwowo\u015bci itp.<\/p>\n<p>Ksi\u0105\u017cka przedmiotem zainteresowa\u0144 czyni nie tyle kultur\u0119 kaszubsk\u0105 jako to, co bezpo\u015brednio i realnie jest udzia\u0142em cz\u0142owieka i ludzi, ile wiedz\u0119 o kulturze kaszubskiej, kt\u00f3ra wytwarzana jest instytucjonalnie i funkcjonuje jako teoretyczne koncepcje kaszubszczyzny. Te za\u015b nazwa\u0107 mo\u017cna teoriami. Daj\u0105 si\u0119 one rozpozna\u0107 jako dwa konfrontacyjne wobec siebie uj\u0119cia, kt\u00f3re nazywam kaszubocentryzmem i polonocentryzmem. Nie uprzedzaj\u0105c szczeg\u00f3\u0142owych tre\u015bci ksi\u0105\u017cki, nale\u017cy doda\u0107, \u017ce j\u0105drem pierwszej jest uznanie autonomii j\u0119zyka kaszubskiego, j\u0105drem drugiej jest uznanie jego zale\u017cno\u015bci od j\u0119zyka polskiego.<\/p>\n<p>Ksi\u0105\u017cka otrzyma\u0142a g\u0142\u00f3wn\u0105 nagrod\u0119 w kategorii ksi\u0105\u017cka naukowa i popularnonaukowa na <a href=\"https:\/\/wydawnictwo.ug.edu.pl\/nominacje-i-nagrody\/ksiazka-kaszubszczyzna-pedagogicznie-o-jezyku-i-tozsamosci-adeli-kozyczkowskiej-nagrodzona-na-xx-koscierskich-targach-ksiazki\/\">XX Ko\u015bcierskich Targach Ksi\u0105\u017cki<\/a>.<\/p>\n","protected":false},"featured_media":14963,"template":"","meta":{"_acf_changed":false},"journal":[],"rodzaj":[],"seria":[],"product_brand":[],"product_cat":[7007],"product_tag":[7930],"class_list":{"0":"post-46693","1":"product","2":"type-product","3":"status-publish","4":"has-post-thumbnail","6":"product_cat-pedagogika-i-psychologia","7":"product_tag-adela-kozyczkowskaadela-kozyczkowska","9":"first","10":"outofstock","11":"taxable","12":"shipping-taxable","13":"purchasable","14":"product-type-simple"},"acf":[],"_links":{"self":[{"href":"https:\/\/wydawnictwo.ug.edu.pl\/en\/wp-json\/wp\/v2\/product\/46693","targetHints":{"allow":["GET"]}}],"collection":[{"href":"https:\/\/wydawnictwo.ug.edu.pl\/en\/wp-json\/wp\/v2\/product"}],"about":[{"href":"https:\/\/wydawnictwo.ug.edu.pl\/en\/wp-json\/wp\/v2\/types\/product"}],"wp:featuredmedia":[{"embeddable":true,"href":"https:\/\/wydawnictwo.ug.edu.pl\/en\/wp-json\/wp\/v2\/media\/14963"}],"wp:attachment":[{"href":"https:\/\/wydawnictwo.ug.edu.pl\/en\/wp-json\/wp\/v2\/media?parent=46693"}],"wp:term":[{"taxonomy":"journal","embeddable":true,"href":"https:\/\/wydawnictwo.ug.edu.pl\/en\/wp-json\/wp\/v2\/journal?post=46693"},{"taxonomy":"rodzaj","embeddable":true,"href":"https:\/\/wydawnictwo.ug.edu.pl\/en\/wp-json\/wp\/v2\/rodzaj?post=46693"},{"taxonomy":"seria","embeddable":true,"href":"https:\/\/wydawnictwo.ug.edu.pl\/en\/wp-json\/wp\/v2\/seria?post=46693"},{"taxonomy":"product_brand","embeddable":true,"href":"https:\/\/wydawnictwo.ug.edu.pl\/en\/wp-json\/wp\/v2\/product_brand?post=46693"},{"taxonomy":"product_cat","embeddable":true,"href":"https:\/\/wydawnictwo.ug.edu.pl\/en\/wp-json\/wp\/v2\/product_cat?post=46693"},{"taxonomy":"product_tag","embeddable":true,"href":"https:\/\/wydawnictwo.ug.edu.pl\/en\/wp-json\/wp\/v2\/product_tag?post=46693"}],"curies":[{"name":"wp","href":"https:\/\/api.w.org\/{rel}","templated":true}]}}

Kaszubszczyzna. Pedagogicznie o języku i tożsamości

<p>Książka<em> Kaszubszczyzna. Pedagogicznie o języku i tożsamości</em> wpisuje się w tradycję gdańskich badań nad kaszubszczyzną i nad doświadczeniami językowymi, społecznymi oraz edukacyjnymi Kaszubów, które – dokładnie tak samo jak doświadczenia innych mniejszości etnicznych i narodowych – są trudne, skomplikowane i po wielekroć waloryzowane dziejami historycznymi, zmianą granic, zmianą państwowości itp.</p>
<p>Książka przedmiotem zainteresowań czyni nie tyle kulturę kaszubską jako to, co bezpośrednio i realnie jest udziałem człowieka i ludzi, ile wiedzę o kulturze kaszubskiej, która wytwarzana jest instytucjonalnie i funkcjonuje jako teoretyczne koncepcje kaszubszczyzny. Te zaś nazwać można teoriami. Dają się one rozpoznać jako dwa konfrontacyjne wobec siebie ujęcia, które nazywam kaszubocentryzmem i polonocentryzmem. Nie uprzedzając szczegółowych treści książki, należy dodać, że jądrem pierwszej jest uznanie autonomii języka kaszubskiego, jądrem drugiej jest uznanie jego zależności od języka polskiego.</p>
<p>Książka otrzymała główną nagrodę w kategorii książka naukowa i popularnonaukowa na <a href="https://wydawnictwo.ug.edu.pl/nominacje-i-nagrody/ksiazka-kaszubszczyzna-pedagogicznie-o-jezyku-i-tozsamosci-adeli-kozyczkowskiej-nagrodzona-na-xx-koscierskich-targach-ksiazki/">XX Kościerskich Targach Książki</a>.</p>
