{"id":46674,"date":"2018-12-01T00:00:00","date_gmt":"2018-12-01T00:00:00","guid":{"rendered":"https:\/\/wydawnictwo.ug.edu.pl\/ksiegarnia-online\/uncategorized\/kara-kryminalna-perspektywa-historyczna-i-penologiczna\/"},"modified":"2026-02-11T15:34:50","modified_gmt":"2026-02-11T15:34:50","slug":"kara-kryminalna-perspektywa-historyczna-i-penologiczna","status":"publish","type":"product","link":"https:\/\/wydawnictwo.ug.edu.pl\/en\/ksiegarnia-online\/prawo-i-administracja\/kara-kryminalna-perspektywa-historyczna-i-penologiczna\/","title":{"rendered":"Kara kryminalna \u2013 perspektywa historyczna i penologiczna"},"content":{"rendered":"","protected":false},"excerpt":{"rendered":"<p>Ksi\u0105\u017cka niniejsza stanowi pr\u00f3b\u0119 integracji refleksji historyk\u00f3w prawa,\u00a0karnist\u00f3w i kryminolog\u00f3w na temat kary i karania. Wydaje si\u0119, \u017ce tylko poprzez wsp\u00f3lne badania osi\u0105gn\u0105\u0107 mo\u017cna post\u0119p i prze\u0142ama\u0107 inercj\u0119 debaty\u00a0na temat sankcjonowania zachowa\u0144 dewiacyjnych, uznawanych przez prawodawc\u00f3w w danym czasie i danym miejscu za przest\u0119pstwa.<\/p>\n","protected":false},"featured_media":15072,"template":"","meta":{"_acf_changed":false},"journal":[],"rodzaj":[7074],"seria":[],"product_brand":[],"product_cat":[6932],"product_tag":[8068,7350],"class_list":{"0":"post-46674","1":"product","2":"type-product","3":"status-publish","4":"has-post-thumbnail","6":"rodzaj-ksiazki","7":"product_cat-prawo-i-administracja","8":"product_tag-tadeusz-maciejewskitadeusz-maciejewski","9":"product_tag-wojciech-zalewskiwojciech-zalewski","11":"first","12":"outofstock","13":"taxable","14":"shipping-taxable","15":"purchasable","16":"product-type-simple"},"acf":[],"_links":{"self":[{"href":"https:\/\/wydawnictwo.ug.edu.pl\/en\/wp-json\/wp\/v2\/product\/46674","targetHints":{"allow":["GET"]}}],"collection":[{"href":"https:\/\/wydawnictwo.ug.edu.pl\/en\/wp-json\/wp\/v2\/product"}],"about":[{"href":"https:\/\/wydawnictwo.ug.edu.pl\/en\/wp-json\/wp\/v2\/types\/product"}],"wp:featuredmedia":[{"embeddable":true,"href":"https:\/\/wydawnictwo.ug.edu.pl\/en\/wp-json\/wp\/v2\/media\/15072"}],"wp:attachment":[{"href":"https:\/\/wydawnictwo.ug.edu.pl\/en\/wp-json\/wp\/v2\/media?parent=46674"}],"wp:term":[{"taxonomy":"journal","embeddable":true,"href":"https:\/\/wydawnictwo.ug.edu.pl\/en\/wp-json\/wp\/v2\/journal?post=46674"},{"taxonomy":"rodzaj","embeddable":true,"href":"https:\/\/wydawnictwo.ug.edu.pl\/en\/wp-json\/wp\/v2\/rodzaj?post=46674"},{"taxonomy":"seria","embeddable":true,"href":"https:\/\/wydawnictwo.ug.edu.pl\/en\/wp-json\/wp\/v2\/seria?post=46674"},{"taxonomy":"product_brand","embeddable":true,"href":"https:\/\/wydawnictwo.ug.edu.pl\/en\/wp-json\/wp\/v2\/product_brand?post=46674"},{"taxonomy":"product_cat","embeddable":true,"href":"https:\/\/wydawnictwo.ug.edu.pl\/en\/wp-json\/wp\/v2\/product_cat?post=46674"},{"taxonomy":"product_tag","embeddable":true,"href":"https:\/\/wydawnictwo.ug.edu.pl\/en\/wp-json\/wp\/v2\/product_tag?post=46674"}],"curies":[{"name":"wp","href":"https:\/\/api.w.org\/{rel}","templated":true}]}}

<p>Książka niniejsza stanowi próbę integracji refleksji historyków prawa, karnistów i kryminologów na temat kary i karania. Wydaje się, że tylko poprzez wspólne badania osiągnąć można postęp i przełamać inercję debaty na temat sankcjonowania zachowań dewiacyjnych, uznawanych przez prawodawców w danym czasie i danym miejscu za przestępstwa.</p>
