{"id":46670,"date":"2018-12-01T00:00:00","date_gmt":"2018-12-01T00:00:00","guid":{"rendered":"https:\/\/wydawnictwo.ug.edu.pl\/ksiegarnia-online\/uncategorized\/modele-podzialu-ryzyka-w-hybrydowych-pracowniczych-programach-emerytalnych\/"},"modified":"2026-02-11T15:37:51","modified_gmt":"2026-02-11T15:37:51","slug":"modele-podzialu-ryzyka-w-hybrydowych-pracowniczych-programach-emerytalnych","status":"publish","type":"product","link":"https:\/\/wydawnictwo.ug.edu.pl\/en\/ksiegarnia-online\/zarzadzanie\/modele-podzialu-ryzyka-w-hybrydowych-pracowniczych-programach-emerytalnych\/","title":{"rendered":"Modele podzia\u0142u ryzyka w hybrydowych pracowniczych programach emerytalnych"},"content":{"rendered":"","protected":false},"excerpt":{"rendered":"<p>Opracowanie to po\u015bwi\u0119cone jest szeroko dyskutowanym obecnie kwestiom system\u00f3w emerytalnych i potrzebom ich modyfikacji w obliczu post\u0119puj\u0105cego starzenia si\u0119 spo\u0142ecze\u0144stw oraz zmian w wieku przechodzenia na emerytur\u0119 kobiet i m\u0119\u017cczyzn. Emerytura stanowi wa\u017cne, a cz\u0119sto jedyne \u017ar\u00f3d\u0142o dochod\u00f3w po zako\u0144czeniu aktywno\u015bci zawodowej. Finansowanie publicznych system\u00f3w emerytalnych w wielu krajach staje si\u0119 jednak coraz bardziej k\u0142opotliwe. Zmiany demograficzne, w tym g\u0142\u00f3wnie wyd\u0142u\u017caj\u0105ce si\u0119 trwanie \u017cycia i niska dzietno\u015b\u0107, zmieniaj\u0105 struktur\u0119 wiekow\u0105 ludno\u015bci \u2013 ro\u015bnie odsetek os\u00f3b w wieku poprodukcyjnym, przy r\u00f3wnoczesnym spadku os\u00f3b w wieku produkcyjnym.<\/p>\n<p>Celem tej monografii jest scharakteryzowanie podzia\u0142u ryzyka w hybrydowych programach emerytalnych z punktu widzenia zar\u00f3wno uczestnika, jak i pracodawcy oraz zaproponowanie nowego programu hybrydowego, kt\u00f3ry spe\u0142nia\u0142by zdefiniowane kryteria. Jako ryzyko rozumiana jest tu mo\u017cliwo\u015b\u0107, \u017ce ustalona wysoko\u015b\u0107 sk\u0142adki nie pozwoli na uzyskanie \u015bwiadczenia z pracowniczego programu emerytalnego w za\u0142o\u017conej z g\u00f3ry wysoko\u015bci.<\/p>\n","protected":false},"featured_media":17501,"template":"","meta":{"_acf_changed":false},"journal":[],"rodzaj":[],"seria":[],"product_brand":[],"product_cat":[6942],"product_tag":[8062],"class_list":{"0":"post-46670","1":"product","2":"type-product","3":"status-publish","4":"has-post-thumbnail","6":"product_cat-zarzadzanie","7":"product_tag-anna-gieruszanna-gierusz","8":"pa_rok-wydania-2019-en","10":"first","11":"outofstock","12":"taxable","13":"shipping-taxable","14":"purchasable","15":"product-type-simple"},"acf":[],"_links":{"self":[{"href":"https:\/\/wydawnictwo.ug.edu.pl\/en\/wp-json\/wp\/v2\/product\/46670","targetHints":{"allow":["GET"]}}],"collection":[{"href":"https:\/\/wydawnictwo.ug.edu.pl\/en\/wp-json\/wp\/v2\/product"}],"about":[{"href":"https:\/\/wydawnictwo.ug.edu.pl\/en\/wp-json\/wp\/v2\/types\/product"}],"wp:featuredmedia":[{"embeddable":true,"href":"https:\/\/wydawnictwo.ug.edu.pl\/en\/wp-json\/wp\/v2\/media\/17501"}],"wp:attachment":[{"href":"https:\/\/wydawnictwo.ug.edu.pl\/en\/wp-json\/wp\/v2\/media?parent=46670"}],"wp:term":[{"taxonomy":"journal","embeddable":true,"href":"https:\/\/wydawnictwo.ug.edu.pl\/en\/wp-json\/wp\/v2\/journal?post=46670"},{"taxonomy":"rodzaj","embeddable":true,"href":"https:\/\/wydawnictwo.ug.edu.pl\/en\/wp-json\/wp\/v2\/rodzaj?post=46670"},{"taxonomy":"seria","embeddable":true,"href":"https:\/\/wydawnictwo.ug.edu.pl\/en\/wp-json\/wp\/v2\/seria?post=46670"},{"taxonomy":"product_brand","embeddable":true,"href":"https:\/\/wydawnictwo.ug.edu.pl\/en\/wp-json\/wp\/v2\/product_brand?post=46670"},{"taxonomy":"product_cat","embeddable":true,"href":"https:\/\/wydawnictwo.ug.edu.pl\/en\/wp-json\/wp\/v2\/product_cat?post=46670"},{"taxonomy":"product_tag","embeddable":true,"href":"https:\/\/wydawnictwo.ug.edu.pl\/en\/wp-json\/wp\/v2\/product_tag?post=46670"}],"curies":[{"name":"wp","href":"https:\/\/api.w.org\/{rel}","templated":true}]}}

Modele podziału ryzyka w hybrydowych pracowniczych programach emerytalnych

<p>Opracowanie to poświęcone jest szeroko dyskutowanym obecnie kwestiom systemów emerytalnych i potrzebom ich modyfikacji w obliczu postępującego starzenia się społeczeństw oraz zmian w wieku przechodzenia na emeryturę kobiet i mężczyzn. Emerytura stanowi ważne, a często jedyne źródło dochodów po zakończeniu aktywności zawodowej. Finansowanie publicznych systemów emerytalnych w wielu krajach staje się jednak coraz bardziej kłopotliwe. Zmiany demograficzne, w tym głównie wydłużające się trwanie życia i niska dzietność, zmieniają strukturę wiekową ludności – rośnie odsetek osób w wieku poprodukcyjnym, przy równoczesnym spadku osób w wieku produkcyjnym.</p>
<p>Celem tej monografii jest scharakteryzowanie podziału ryzyka w hybrydowych programach emerytalnych z punktu widzenia zarówno uczestnika, jak i pracodawcy oraz zaproponowanie nowego programu hybrydowego, który spełniałby zdefiniowane kryteria. Jako ryzyko rozumiana jest tu możliwość, że ustalona wysokość składki nie pozwoli na uzyskanie świadczenia z pracowniczego programu emerytalnego w założonej z góry wysokości.</p>
