{"id":46668,"date":"2018-12-01T00:00:00","date_gmt":"2018-12-01T00:00:00","guid":{"rendered":"https:\/\/wydawnictwo.ug.edu.pl\/ksiegarnia-online\/uncategorized\/smierc-bialych-motyli-eliza-orzeszkowa-biografia-wyobraznia-idee\/"},"modified":"2026-02-11T15:36:04","modified_gmt":"2026-02-11T15:36:04","slug":"smierc-bialych-motyli-eliza-orzeszkowa-biografia-wyobraznia-idee","status":"publish","type":"product","link":"https:\/\/wydawnictwo.ug.edu.pl\/en\/ksiegarnia-online\/literaturoznawstwo\/smierc-bialych-motyli-eliza-orzeszkowa-biografia-wyobraznia-idee\/","title":{"rendered":"\u015amier\u0107 bia\u0142ych motyli. Eliza Orzeszkowa \u2013 biografia, wyobra\u017ania, idee"},"content":{"rendered":"","protected":false},"excerpt":{"rendered":"<p>Praca Magdaleny Kreft od pocz\u0105tku &#8211; od s\u0142\u00f3w jej pierwszych po zdanie w zapisie ostatnie &#8211; uk\u0142ada si\u0119 w tekst refleksyjnie dojrza\u0142y i prawdziwie fascynuj\u0105cy jako daleka od banalnych formu\u0142ek prezentacja dorobku i osobowo\u015bci naszej najbardziej znanej pisarki dziewi\u0119tnastowiecznej. Wst\u0119p do \u201eportretu&#8221; Elizy Orzeszkowej rozpoczyna si\u0119 na nut\u0119 melancholijnie odmienn\u0105 od znanych mi zwyczaj\u00f3w introdukcyjnych, ale dramatycznie\u00a0sygnalizuj\u0105c\u0105 niepok\u00f3j. Niepok\u00f3j zosta\u0142 przecie\u017c zespolony z formu\u0142\u0105 \u017ca\u0142obn\u0105 tytu\u0142u ca\u0142o\u015bci ksi\u0105\u017cki:\u00a0<em>\u015amier\u0107 bia\u0142ych motyli<\/em>\u00a0i harmonizuje z sygna\u0142em nazewniczym Wst\u0119pu o podobnej tonacji:\u00a0<em>Martwe skrzyd\u0142a<\/em>. Wst\u0119p jest wzruszaj\u0105c\u0105 i zgo\u0142a przejmuj\u0105c\u0105 protestacj\u0105 Autorki przeciwko poczytywaniu Elizy Orzeszkowej za pisark\u0119 zbyt staro\u015bwieck\u0105, niemodn\u0105, nudn\u0105, pisz\u0105c\u0105 j\u0119zykiem za trudnym dla czytelnika nowszych czas\u00f3w, zbyt ugrzecznion\u0105 i konserwatywn\u0105, czyli dzisiaj ju\u017c chyba nieaktualn\u0105. I oczywi\u015bcie: o ka\u017cd\u0105 z tych przypad\u0142o\u015bci pisarka jako\u015b tam si\u0119 ociera, \u017cadna jednak z nich najzupe\u0142niej nie starcza do ponownego odczytywania utwor\u00f3w Orzeszkowej i jej biografii. Pami\u0119tanie o chronologii nale\u017cy niejako do oczywisto\u015bci, bo nak\u0142ada si\u0119 na ni\u0105 \u201erama kompozycyjna&#8221; pasji i emocji, kt\u00f3re odpowiadaj\u0105 czterem cz\u0119\u015bciom pracy:\u00a0<em>Uniesienie<\/em>,\u00a0<em>Powszednio\u015b\u0107<\/em>,\u00a0<em>Protest<\/em>\u00a0i\u00a0<em>Melancholia<\/em>. [&#8230;] Z tym wszystkim jest to biografia godna wra\u017cliwej uwagi badawczej &#8211; i lekcj\u0119 tej uwagi Autorka oferuje z nale\u017cyt\u0105 i zgo\u0142a wzorow\u0105 staranno\u015bci\u0105, bo dobrze o tym wie, \u017ce staranno\u015b\u0107 nale\u017cy do elementarnych oczekiwa\u0144 literaturoznawczych. [&#8230;] W pracy tej otrzymujemy lekcj\u0119 rozmowy nie tylko o pisarskich sukcesach Orzeszkowej, ale i napomknienia o jej k\u0142opotach samej ze sob\u0105, o dyskretnych strapieniach, zgryzotach, cichych irytacjach, pora\u017ckach i poczuciu bezradno\u015bci, kt\u00f3re przecie\u017c &#8211; w miar\u0119 przybywania lat &#8211; stanowi\u0142y integralny sk\u0142adnik jej osobowo\u015bci&#8230;<\/p>\n<p><em>Z recenzji prof. dr. hab. J\u00f3zefa Bachorza<\/em><\/p>\n","protected":false},"featured_media":16496,"template":"","meta":{"_acf_changed":false},"journal":[],"rodzaj":[7074,7075],"seria":[],"product_brand":[],"product_cat":[6925],"product_tag":[8294],"class_list":{"0":"post-46668","1":"product","2":"type-product","3":"status-publish","4":"has-post-thumbnail","6":"rodzaj-ksiazki","7":"rodzaj-e-book","8":"product_cat-literaturoznawstwo","9":"product_tag-magdalena-kreft","10":"pa_rok-wydania-2019-en","12":"first","13":"instock","14":"taxable","15":"shipping-taxable","16":"product-type-external"},"acf":[],"_links":{"self":[{"href":"https:\/\/wydawnictwo.ug.edu.pl\/en\/wp-json\/wp\/v2\/product\/46668","targetHints":{"allow":["GET"]}}],"collection":[{"href":"https:\/\/wydawnictwo.ug.edu.pl\/en\/wp-json\/wp\/v2\/product"}],"about":[{"href":"https:\/\/wydawnictwo.ug.edu.pl\/en\/wp-json\/wp\/v2\/types\/product"}],"wp:featuredmedia":[{"embeddable":true,"href":"https:\/\/wydawnictwo.ug.edu.pl\/en\/wp-json\/wp\/v2\/media\/16496"}],"wp:attachment":[{"href":"https:\/\/wydawnictwo.ug.edu.pl\/en\/wp-json\/wp\/v2\/media?parent=46668"}],"wp:term":[{"taxonomy":"journal","embeddable":true,"href":"https:\/\/wydawnictwo.ug.edu.pl\/en\/wp-json\/wp\/v2\/journal?post=46668"},{"taxonomy":"rodzaj","embeddable":true,"href":"https:\/\/wydawnictwo.ug.edu.pl\/en\/wp-json\/wp\/v2\/rodzaj?post=46668"},{"taxonomy":"seria","embeddable":true,"href":"https:\/\/wydawnictwo.ug.edu.pl\/en\/wp-json\/wp\/v2\/seria?post=46668"},{"taxonomy":"product_brand","embeddable":true,"href":"https:\/\/wydawnictwo.ug.edu.pl\/en\/wp-json\/wp\/v2\/product_brand?post=46668"},{"taxonomy":"product_cat","embeddable":true,"href":"https:\/\/wydawnictwo.ug.edu.pl\/en\/wp-json\/wp\/v2\/product_cat?post=46668"},{"taxonomy":"product_tag","embeddable":true,"href":"https:\/\/wydawnictwo.ug.edu.pl\/en\/wp-json\/wp\/v2\/product_tag?post=46668"}],"curies":[{"name":"wp","href":"https:\/\/api.w.org\/{rel}","templated":true}]}}

Śmierć białych motyli. Eliza Orzeszkowa – biografia, wyobraźnia, idee

<p>Praca Magdaleny Kreft od początku &#8211; od słów jej pierwszych po zdanie w zapisie ostatnie &#8211; układa się w tekst refleksyjnie dojrzały i prawdziwie fascynujący jako daleka od banalnych formułek prezentacja dorobku i osobowości naszej najbardziej znanej pisarki dziewiętnastowiecznej. Wstęp do „portretu&#8221; Elizy Orzeszkowej rozpoczyna się na nutę melancholijnie odmienną od znanych mi zwyczajów introdukcyjnych, ale dramatycznie sygnalizującą niepokój. Niepokój został przecież zespolony z formułą żałobną tytułu całości książki: <em>Śmierć białych motyli</em> i harmonizuje z sygnałem nazewniczym Wstępu o podobnej tonacji: <em>Martwe skrzydła</em>. Wstęp jest wzruszającą i zgoła przejmującą protestacją Autorki przeciwko poczytywaniu Elizy Orzeszkowej za pisarkę zbyt staroświecką, niemodną, nudną, piszącą językiem za trudnym dla czytelnika nowszych czasów, zbyt ugrzecznioną i konserwatywną, czyli dzisiaj już chyba nieaktualną. I oczywiście: o każdą z tych przypadłości pisarka jakoś tam się ociera, żadna jednak z nich najzupełniej nie starcza do ponownego odczytywania utworów Orzeszkowej i jej biografii. Pamiętanie o chronologii należy niejako do oczywistości, bo nakłada się na nią „rama kompozycyjna&#8221; pasji i emocji, które odpowiadają czterem częściom pracy: <em>Uniesienie</em>, <em>Powszedniość</em>, <em>Protest</em> i <em>Melancholia</em>. [&#8230;] Z tym wszystkim jest to biografia godna wrażliwej uwagi badawczej &#8211; i lekcję tej uwagi Autorka oferuje z należytą i zgoła wzorową starannością, bo dobrze o tym wie, że staranność należy do elementarnych oczekiwań literaturoznawczych. [&#8230;] W pracy tej otrzymujemy lekcję rozmowy nie tylko o pisarskich sukcesach Orzeszkowej, ale i napomknienia o jej kłopotach samej ze sobą, o dyskretnych strapieniach, zgryzotach, cichych irytacjach, porażkach i poczuciu bezradności, które przecież &#8211; w miarę przybywania lat &#8211; stanowiły integralny składnik jej osobowości&#8230;</p>
<p><em>Z recenzji prof. dr. hab. Józefa Bachorza</em></p>
