{"id":46660,"date":"2018-12-01T00:00:00","date_gmt":"2018-12-01T00:00:00","guid":{"rendered":"https:\/\/wydawnictwo.ug.edu.pl\/ksiegarnia-online\/uncategorized\/ekonomiczne-i-demograficzne-uwarunkowania-funkcjonowania-i-rozwoju-ubezpieczen\/"},"modified":"2026-02-11T15:35:59","modified_gmt":"2026-02-11T15:35:59","slug":"ekonomiczne-i-demograficzne-uwarunkowania-funkcjonowania-i-rozwoju-ubezpieczen","status":"publish","type":"product","link":"https:\/\/wydawnictwo.ug.edu.pl\/en\/ksiegarnia-online\/zarzadzanie\/ekonomiczne-i-demograficzne-uwarunkowania-funkcjonowania-i-rozwoju-ubezpieczen\/","title":{"rendered":"Ekonomiczne i demograficzne uwarunkowania funkcjonowania i rozwoju ubezpiecze\u0144"},"content":{"rendered":"","protected":false},"excerpt":{"rendered":"<p>Aktualno\u015b\u0107 problemu badawczego podj\u0119tego w niniejszej monografii wynika z potrzeby interdyscyplinarnego badania teoretycznych i praktycznych aspekt\u00f3w funkcjonowania i rozwoju ubezpiecze\u0144. Wa\u017cn\u0105 cz\u0119\u015bci\u0105 prezentowanej pracy jest w\u0142\u0105czenie do analizy zjawisk demograficznych, kt\u00f3rych nie da si\u0119 ignorowa\u0107, szczeg\u00f3lnie w odniesieniu do dzia\u0142alno\u015bci ubezpieczeniowej. Zwi\u0105zki ubezpiecze\u0144 z demografi\u0105 s\u0105 do\u015b\u0107 oczywiste, poniewa\u017c od liczebno\u015bci populacji, jej wykszta\u0142cenia i nat\u0119\u017cenia r\u00f3\u017cnych proces\u00f3w demograficznych zale\u017cy skala potrzeb ubezpieczeniowych. Procesy demograficzne maj\u0105 swoje konsekwencje szczeg\u00f3lnie w odniesieniu do ubezpiecze\u0144 spo\u0142ecznych, ale w du\u017cej mierze wp\u0142ywaj\u0105 tak\u017ce na sytuacj\u0119 ubezpiecze\u0144 prywatnych.<\/p>\n<p>Mamy zatem pewien obszar wsp\u00f3\u0142zale\u017cno\u015bci, kt\u00f3ry mo\u017cna okre\u015bli\u0107 syntetycznym sformu\u0142owaniem jako demograficzne i ekonomiczne uwarunkowania rozwoju ubezpiecze\u0144. Po\u0142\u0105czenie czynnik\u00f3w demograficznych i makroekonomicznych jest w stanie znacz\u0105co wyja\u015bni\u0107 zapotrzebowanie na ubezpieczenia, zar\u00f3wno w ramach danej gospodarki narodowej, jak i w przekroju mi\u0119dzynarodowym.<\/p>\n<p>Celem niniejszej monografii jest analiza i ocena najwa\u017cniejszych czynnik\u00f3w, kt\u00f3re maj\u0105 wp\u0142yw na funkcjonowanie i rozw\u00f3j ubezpiecze\u0144, czyli czynnik\u00f3w ekonomicznych i demograficznych, kt\u00f3re nieustannie si\u0119 zmieniaj\u0105, a zatem wymagaj\u0105 ci\u0105g\u0142ego badania i monitorowania. Zalet\u0105 monografii jest to, \u017ce omawia badane zjawiska kompleksowo.<\/p>\n<p><strong>Ksi\u0105\u017cka finansowana w ramach Programu ProUG.<\/strong><\/p>\n","protected":false},"featured_media":17015,"template":"","meta":{"_acf_changed":false},"journal":[],"rodzaj":[7074,7075],"seria":[],"product_brand":[],"product_cat":[6942],"product_tag":[8056,7917,8057,8058],"class_list":{"0":"post-46660","1":"product","2":"type-product","3":"status-publish","4":"has-post-thumbnail","6":"rodzaj-ksiazki","7":"rodzaj-e-book","8":"product_cat-zarzadzanie","9":"product_tag-beata-jackowskabeata-jackowska","10":"product_tag-ewa-wycinka","11":"product_tag-kamila-bielawska","12":"product_tag-teresa-h-bednarczyk","14":"first","15":"instock","16":"taxable","17":"shipping-taxable","18":"product-type-external"},"acf":[],"_links":{"self":[{"href":"https:\/\/wydawnictwo.ug.edu.pl\/en\/wp-json\/wp\/v2\/product\/46660","targetHints":{"allow":["GET"]}}],"collection":[{"href":"https:\/\/wydawnictwo.ug.edu.pl\/en\/wp-json\/wp\/v2\/product"}],"about":[{"href":"https:\/\/wydawnictwo.ug.edu.pl\/en\/wp-json\/wp\/v2\/types\/product"}],"wp:featuredmedia":[{"embeddable":true,"href":"https:\/\/wydawnictwo.ug.edu.pl\/en\/wp-json\/wp\/v2\/media\/17015"}],"wp:attachment":[{"href":"https:\/\/wydawnictwo.ug.edu.pl\/en\/wp-json\/wp\/v2\/media?parent=46660"}],"wp:term":[{"taxonomy":"journal","embeddable":true,"href":"https:\/\/wydawnictwo.ug.edu.pl\/en\/wp-json\/wp\/v2\/journal?post=46660"},{"taxonomy":"rodzaj","embeddable":true,"href":"https:\/\/wydawnictwo.ug.edu.pl\/en\/wp-json\/wp\/v2\/rodzaj?post=46660"},{"taxonomy":"seria","embeddable":true,"href":"https:\/\/wydawnictwo.ug.edu.pl\/en\/wp-json\/wp\/v2\/seria?post=46660"},{"taxonomy":"product_brand","embeddable":true,"href":"https:\/\/wydawnictwo.ug.edu.pl\/en\/wp-json\/wp\/v2\/product_brand?post=46660"},{"taxonomy":"product_cat","embeddable":true,"href":"https:\/\/wydawnictwo.ug.edu.pl\/en\/wp-json\/wp\/v2\/product_cat?post=46660"},{"taxonomy":"product_tag","embeddable":true,"href":"https:\/\/wydawnictwo.ug.edu.pl\/en\/wp-json\/wp\/v2\/product_tag?post=46660"}],"curies":[{"name":"wp","href":"https:\/\/api.w.org\/{rel}","templated":true}]}}

Ekonomiczne i demograficzne uwarunkowania funkcjonowania i rozwoju ubezpieczeń

<p>Aktualność problemu badawczego podjętego w niniejszej monografii wynika z potrzeby interdyscyplinarnego badania teoretycznych i praktycznych aspektów funkcjonowania i rozwoju ubezpieczeń. Ważną częścią prezentowanej pracy jest włączenie do analizy zjawisk demograficznych, których nie da się ignorować, szczególnie w odniesieniu do działalności ubezpieczeniowej. Związki ubezpieczeń z demografią są dość oczywiste, ponieważ od liczebności populacji, jej wykształcenia i natężenia różnych procesów demograficznych zależy skala potrzeb ubezpieczeniowych. Procesy demograficzne mają swoje konsekwencje szczególnie w odniesieniu do ubezpieczeń społecznych, ale w dużej mierze wpływają także na sytuację ubezpieczeń prywatnych.</p>
<p>Mamy zatem pewien obszar współzależności, który można określić syntetycznym sformułowaniem jako demograficzne i ekonomiczne uwarunkowania rozwoju ubezpieczeń. Połączenie czynników demograficznych i makroekonomicznych jest w stanie znacząco wyjaśnić zapotrzebowanie na ubezpieczenia, zarówno w ramach danej gospodarki narodowej, jak i w przekroju międzynarodowym.</p>
<p>Celem niniejszej monografii jest analiza i ocena najważniejszych czynników, które mają wpływ na funkcjonowanie i rozwój ubezpieczeń, czyli czynników ekonomicznych i demograficznych, które nieustannie się zmieniają, a zatem wymagają ciągłego badania i monitorowania. Zaletą monografii jest to, że omawia badane zjawiska kompleksowo.</p>
<p><strong>Książka finansowana w ramach Programu ProUG.</strong></p>
