{"id":46634,"date":"2019-11-01T00:00:00","date_gmt":"2019-11-01T00:00:00","guid":{"rendered":"https:\/\/wydawnictwo.ug.edu.pl\/ksiegarnia-online\/uncategorized\/les-questions-au-gouvernement-du-debat-didees-et-dideologies-au-combat-de-mots-et-dimages\/"},"modified":"2026-02-11T14:46:56","modified_gmt":"2026-02-11T14:46:56","slug":"les-questions-au-gouvernement-du-debat-didees-et-dideologies-au-combat-de-mots-et-dimages","status":"publish","type":"product","link":"https:\/\/wydawnictwo.ug.edu.pl\/en\/ksiegarnia-online\/nauka-jezykow-obcych\/les-questions-au-gouvernement-du-debat-didees-et-dideologies-au-combat-de-mots-et-dimages\/","title":{"rendered":"Les Questions au Gouvernement du d\u00e9bat d\u2019id\u00e9es et d\u2019id\u00e9ologies au combat de mots et d\u2019images"},"content":{"rendered":"","protected":false},"excerpt":{"rendered":"<p>Ksi\u0105\u017cka przedstawia wyniki bada\u0144 w okresie 3 kadencji sejmu francuskiego przez 3 Prezydentury (Sarkozy, Hollande, Macron), dotycz\u0105cych parlamentaryzmu francuskiego, ewolucji j\u0119zyka polityki i pos\u0142\u00f3w.\u00a0Jest to studium j\u0119zyka parlamentaryzmu francuskiego w zale\u017cno\u015bci od bie\u017c\u0105cej sytuacji.\u00a0Zawiera liczne ciekawostki i smaczki z \u017cycia polityki francuskiej na prze\u0142omie 3 kadencji sejmu.\u00a0Przedmow\u0119 do ksi\u0105\u017cki sporz\u0105dzi jeden z aktualnych pos\u0142\u00f3w na sejm, Frederic Petit.<\/p>\n","protected":false},"featured_media":16530,"template":"","meta":{"_acf_changed":false},"journal":[],"rodzaj":[7074],"seria":[],"product_brand":[],"product_cat":[7310],"product_tag":[7516],"class_list":{"0":"post-46634","1":"product","2":"type-product","3":"status-publish","4":"has-post-thumbnail","6":"rodzaj-ksiazki","7":"product_cat-nauka-jezykow-obcych","8":"product_tag-joanna-jereczek-lipinskajoanna-jereczek-lipinska","9":"pa_rok-wydania-2020-en","11":"first","12":"outofstock","13":"taxable","14":"shipping-taxable","15":"purchasable","16":"product-type-simple"},"acf":[],"_links":{"self":[{"href":"https:\/\/wydawnictwo.ug.edu.pl\/en\/wp-json\/wp\/v2\/product\/46634","targetHints":{"allow":["GET"]}}],"collection":[{"href":"https:\/\/wydawnictwo.ug.edu.pl\/en\/wp-json\/wp\/v2\/product"}],"about":[{"href":"https:\/\/wydawnictwo.ug.edu.pl\/en\/wp-json\/wp\/v2\/types\/product"}],"wp:featuredmedia":[{"embeddable":true,"href":"https:\/\/wydawnictwo.ug.edu.pl\/en\/wp-json\/wp\/v2\/media\/16530"}],"wp:attachment":[{"href":"https:\/\/wydawnictwo.ug.edu.pl\/en\/wp-json\/wp\/v2\/media?parent=46634"}],"wp:term":[{"taxonomy":"journal","embeddable":true,"href":"https:\/\/wydawnictwo.ug.edu.pl\/en\/wp-json\/wp\/v2\/journal?post=46634"},{"taxonomy":"rodzaj","embeddable":true,"href":"https:\/\/wydawnictwo.ug.edu.pl\/en\/wp-json\/wp\/v2\/rodzaj?post=46634"},{"taxonomy":"seria","embeddable":true,"href":"https:\/\/wydawnictwo.ug.edu.pl\/en\/wp-json\/wp\/v2\/seria?post=46634"},{"taxonomy":"product_brand","embeddable":true,"href":"https:\/\/wydawnictwo.ug.edu.pl\/en\/wp-json\/wp\/v2\/product_brand?post=46634"},{"taxonomy":"product_cat","embeddable":true,"href":"https:\/\/wydawnictwo.ug.edu.pl\/en\/wp-json\/wp\/v2\/product_cat?post=46634"},{"taxonomy":"product_tag","embeddable":true,"href":"https:\/\/wydawnictwo.ug.edu.pl\/en\/wp-json\/wp\/v2\/product_tag?post=46634"}],"curies":[{"name":"wp","href":"https:\/\/api.w.org\/{rel}","templated":true}]}}

Les Questions au Gouvernement du débat d’idées et d’idéologies au combat de mots et d’images

<p>Książka przedstawia wyniki badań w okresie 3 kadencji sejmu francuskiego przez 3 Prezydentury (Sarkozy, Hollande, Macron), dotyczących parlamentaryzmu francuskiego, ewolucji języka polityki i posłów. Jest to studium języka parlamentaryzmu francuskiego w zależności od bieżącej sytuacji. Zawiera liczne ciekawostki i smaczki z życia polityki francuskiej na przełomie 3 kadencji sejmu. Przedmowę do książki sporządzi jeden z aktualnych posłów na sejm, Frederic Petit.</p>
