{"id":46627,"date":"2019-12-01T00:00:00","date_gmt":"2019-12-01T00:00:00","guid":{"rendered":"https:\/\/wydawnictwo.ug.edu.pl\/ksiegarnia-online\/uncategorized\/muzykoterapia-po-udarze-mozgu-wplyw-na-funkcjonowanie-psychiczne-i-na-jakosc-zycia\/"},"modified":"2026-02-11T14:30:14","modified_gmt":"2026-02-11T14:30:14","slug":"muzykoterapia-po-udarze-mozgu-wplyw-na-funkcjonowanie-psychiczne-i-na-jakosc-zycia","status":"publish","type":"product","link":"https:\/\/wydawnictwo.ug.edu.pl\/en\/ksiegarnia-online\/pedagogika-i-psychologia\/muzykoterapia-po-udarze-mozgu-wplyw-na-funkcjonowanie-psychiczne-i-na-jakosc-zycia\/","title":{"rendered":"Muzykoterapia po udarze m\u00f3zgu. Wp\u0142yw na funkcjonowanie psychiczne i na jako\u015b\u0107 \u017cycia"},"content":{"rendered":"","protected":false},"excerpt":{"rendered":"<p>Czy regularny udzia\u0142 w muzykoterapii indywidualnej umo\u017cliwia popraw\u0119 nastroju i oddzia\u0142uje korzystnie na funkcjonowanie psychiczne os\u00f3b po udarze m\u00f3zgu?<\/p>\n<p>Ksi\u0105\u017cka jest po\u015bwi\u0119cona tematyce udaru m\u00f3zgu i procesu adaptacji do jego nast\u0119pstw. G\u0142\u00f3wny nacisk w rozwa\u017caniach po\u0142o\u017cono na przestudiowanie zagadnie\u0144 zwi\u0105zanych z wieloaspektowym oddzia\u0142ywaniem muzyki i muzykoterapii na zdrowie cz\u0142owieka. Ponadto przedstawiono tu przegl\u0105d zar\u00f3wno polskich, jak i \u015bwiatowych bada\u0144 maj\u0105cych na celu odkrywanie roli muzykoterapii w rehabilitacji neurologicznej. Analizy koncentrowa\u0142y si\u0119 w szczeg\u00f3lno\u015bci wok\u00f3\u0142 zagadnienia wp\u0142ywu muzykoterapii na wybrane aspekty funkcjonowania psychologicznego os\u00f3b po udarze m\u00f3zgu b\u0119d\u0105cych w trakcie rehabilitacji.<\/p>\n","protected":false},"featured_media":16931,"template":"","meta":{"_acf_changed":false},"journal":[],"rodzaj":[7077,7076],"seria":[7797],"product_brand":[],"product_cat":[7007],"product_tag":[8040],"class_list":{"0":"post-46627","1":"product","2":"type-product","3":"status-publish","4":"has-post-thumbnail","6":"rodzaj-czasopismo","7":"rodzaj-serie-wydawnicze","8":"seria-dissertationes-laudatissimae-universitas-gedanensis","9":"product_cat-pedagogika-i-psychologia","10":"product_tag-ilona-pocwierz-marciniak","11":"pa_rok-wydania-2020-en","13":"first","14":"outofstock","15":"taxable","16":"shipping-taxable","17":"purchasable","18":"product-type-simple"},"acf":[],"_links":{"self":[{"href":"https:\/\/wydawnictwo.ug.edu.pl\/en\/wp-json\/wp\/v2\/product\/46627","targetHints":{"allow":["GET"]}}],"collection":[{"href":"https:\/\/wydawnictwo.ug.edu.pl\/en\/wp-json\/wp\/v2\/product"}],"about":[{"href":"https:\/\/wydawnictwo.ug.edu.pl\/en\/wp-json\/wp\/v2\/types\/product"}],"wp:featuredmedia":[{"embeddable":true,"href":"https:\/\/wydawnictwo.ug.edu.pl\/en\/wp-json\/wp\/v2\/media\/16931"}],"wp:attachment":[{"href":"https:\/\/wydawnictwo.ug.edu.pl\/en\/wp-json\/wp\/v2\/media?parent=46627"}],"wp:term":[{"taxonomy":"journal","embeddable":true,"href":"https:\/\/wydawnictwo.ug.edu.pl\/en\/wp-json\/wp\/v2\/journal?post=46627"},{"taxonomy":"rodzaj","embeddable":true,"href":"https:\/\/wydawnictwo.ug.edu.pl\/en\/wp-json\/wp\/v2\/rodzaj?post=46627"},{"taxonomy":"seria","embeddable":true,"href":"https:\/\/wydawnictwo.ug.edu.pl\/en\/wp-json\/wp\/v2\/seria?post=46627"},{"taxonomy":"product_brand","embeddable":true,"href":"https:\/\/wydawnictwo.ug.edu.pl\/en\/wp-json\/wp\/v2\/product_brand?post=46627"},{"taxonomy":"product_cat","embeddable":true,"href":"https:\/\/wydawnictwo.ug.edu.pl\/en\/wp-json\/wp\/v2\/product_cat?post=46627"},{"taxonomy":"product_tag","embeddable":true,"href":"https:\/\/wydawnictwo.ug.edu.pl\/en\/wp-json\/wp\/v2\/product_tag?post=46627"}],"curies":[{"name":"wp","href":"https:\/\/api.w.org\/{rel}","templated":true}]}}

Muzykoterapia po udarze mózgu. Wpływ na funkcjonowanie psychiczne i na jakość życia

<p>Czy regularny udział w muzykoterapii indywidualnej umożliwia poprawę nastroju i oddziałuje korzystnie na funkcjonowanie psychiczne osób po udarze mózgu?</p>
<p>Książka jest poświęcona tematyce udaru mózgu i procesu adaptacji do jego następstw. Główny nacisk w rozważaniach położono na przestudiowanie zagadnień związanych z wieloaspektowym oddziaływaniem muzyki i muzykoterapii na zdrowie człowieka. Ponadto przedstawiono tu przegląd zarówno polskich, jak i światowych badań mających na celu odkrywanie roli muzykoterapii w rehabilitacji neurologicznej. Analizy koncentrowały się w szczególności wokół zagadnienia wpływu muzykoterapii na wybrane aspekty funkcjonowania psychologicznego osób po udarze mózgu będących w trakcie rehabilitacji.</p>
