{"id":46625,"date":"2019-12-01T00:01:00","date_gmt":"2019-12-01T00:01:00","guid":{"rendered":"https:\/\/wydawnictwo.ug.edu.pl\/ksiegarnia-online\/uncategorized\/general-tomasz-hrabia-lubienski-1784-1870-zolnierz-i-przedsiebiorca\/"},"modified":"2026-02-11T14:19:37","modified_gmt":"2026-02-11T14:19:37","slug":"general-tomasz-hrabia-lubienski-1784-1870-zolnierz-i-przedsiebiorca","status":"publish","type":"product","link":"https:\/\/wydawnictwo.ug.edu.pl\/en\/ksiegarnia-online\/historia\/general-tomasz-hrabia-lubienski-1784-1870-zolnierz-i-przedsiebiorca\/","title":{"rendered":"Genera\u0142 Tomasz hrabia \u0141ubie\u0144ski (1784\u20131870) \u017co\u0142nierz i przedsi\u0119biorca"},"content":{"rendered":"","protected":false},"excerpt":{"rendered":"<p>Ksi\u0105\u017cka opowiada o losach Tomasza \u0141ubie\u0144skiego urodzonego w 1784 r., postaci zdecydowanie wyr\u00f3\u017cniaj\u0105cej si\u0119 na tle swojej epoki. By\u0142 wojskowym, bra\u0142 udzia\u0142 w bitwach pod Somosierr\u0105, Wagram, Berezyn\u0105 czy Lipskiem u boku cesarza Francuz\u00f3w, Napoleona. Kilkana\u015bcie lat p\u00f3\u017aniej toczy\u0142 batalie z regularnymi wojskami rosyjskimi w zrywie niepodleg\u0142o\u015bciowym Polak\u00f3w z 1830\/1831 r. Okresy dzia\u0142alno\u015bci wojskowej by\u0142y przeplatane dzia\u0142alno\u015bci\u0105 gospodarcz\u0105. Powstanie pierwszych sp\u00f3\u0142ek akcyjnych w Kr\u00f3lestwie Polskim, projekty utworzenia Towarzystwa Kredytowego Ziemskiego, Resursy Kupieckiej czy zaprowadzenie pierwszej trakcji kolejowej w Kr\u00f3lestwie obs\u0142ugiwanej przez lokomotyw\u0119 parow\u0105, to tylko niekt\u00f3re projekty, do kt\u00f3rych stworzenia przyczyni\u0142 si\u0119 hrabia \u0141ubie\u0144ski i jego bracia. Tomasz zmar\u0142 w 1870 r., w wieku 86 lat, bra\u0142 udzia\u0142 we wszystkich wa\u017cnych wydarzeniach, jakie mia\u0142y miejsce w kraju w XIX wieku za jego \u017cycia.<\/p>\n<p>Publikacja zosta\u0142a nagrodzona w konkursie <a href=\"https:\/\/wydawnictwo.ug.edu.pl\/aktualnosci\/ksiazka-general-hrabia-lubienski-1784-1870-zolnierz-i-przedsiebiorca-nagrodzona-przez-fundacje-lex-humana\/\">Ocali\u0107 znaczenia wczoraj, uratowa\u0107 dzisiaj<\/a> organizowanym przez Fundacj\u0119 Lex Humana jako najlepsza ksi\u0105\u017cka historyczna.<\/p>\n","protected":false},"featured_media":16834,"template":"","meta":{"_acf_changed":false},"journal":[],"rodzaj":[7077,7076],"seria":[7797],"product_brand":[],"product_cat":[6958],"product_tag":[8039],"class_list":{"0":"post-46625","1":"product","2":"type-product","3":"status-publish","4":"has-post-thumbnail","6":"rodzaj-czasopismo","7":"rodzaj-serie-wydawnicze","8":"seria-dissertationes-laudatissimae-universitas-gedanensis","9":"product_cat-historia","10":"product_tag-michal-prykaszczyk","11":"pa_rok-wydania-2020-en","13":"first","14":"outofstock","15":"taxable","16":"shipping-taxable","17":"purchasable","18":"product-type-simple"},"acf":[],"_links":{"self":[{"href":"https:\/\/wydawnictwo.ug.edu.pl\/en\/wp-json\/wp\/v2\/product\/46625","targetHints":{"allow":["GET"]}}],"collection":[{"href":"https:\/\/wydawnictwo.ug.edu.pl\/en\/wp-json\/wp\/v2\/product"}],"about":[{"href":"https:\/\/wydawnictwo.ug.edu.pl\/en\/wp-json\/wp\/v2\/types\/product"}],"wp:featuredmedia":[{"embeddable":true,"href":"https:\/\/wydawnictwo.ug.edu.pl\/en\/wp-json\/wp\/v2\/media\/16834"}],"wp:attachment":[{"href":"https:\/\/wydawnictwo.ug.edu.pl\/en\/wp-json\/wp\/v2\/media?parent=46625"}],"wp:term":[{"taxonomy":"journal","embeddable":true,"href":"https:\/\/wydawnictwo.ug.edu.pl\/en\/wp-json\/wp\/v2\/journal?post=46625"},{"taxonomy":"rodzaj","embeddable":true,"href":"https:\/\/wydawnictwo.ug.edu.pl\/en\/wp-json\/wp\/v2\/rodzaj?post=46625"},{"taxonomy":"seria","embeddable":true,"href":"https:\/\/wydawnictwo.ug.edu.pl\/en\/wp-json\/wp\/v2\/seria?post=46625"},{"taxonomy":"product_brand","embeddable":true,"href":"https:\/\/wydawnictwo.ug.edu.pl\/en\/wp-json\/wp\/v2\/product_brand?post=46625"},{"taxonomy":"product_cat","embeddable":true,"href":"https:\/\/wydawnictwo.ug.edu.pl\/en\/wp-json\/wp\/v2\/product_cat?post=46625"},{"taxonomy":"product_tag","embeddable":true,"href":"https:\/\/wydawnictwo.ug.edu.pl\/en\/wp-json\/wp\/v2\/product_tag?post=46625"}],"curies":[{"name":"wp","href":"https:\/\/api.w.org\/{rel}","templated":true}]}}

Generał Tomasz hrabia Łubieński (1784–1870) żołnierz i przedsiębiorca

<p>Książka opowiada o losach Tomasza Łubieńskiego urodzonego w 1784 r., postaci zdecydowanie wyróżniającej się na tle swojej epoki. Był wojskowym, brał udział w bitwach pod Somosierrą, Wagram, Berezyną czy Lipskiem u boku cesarza Francuzów, Napoleona. Kilkanaście lat później toczył batalie z regularnymi wojskami rosyjskimi w zrywie niepodległościowym Polaków z 1830/1831 r. Okresy działalności wojskowej były przeplatane działalnością gospodarczą. Powstanie pierwszych spółek akcyjnych w Królestwie Polskim, projekty utworzenia Towarzystwa Kredytowego Ziemskiego, Resursy Kupieckiej czy zaprowadzenie pierwszej trakcji kolejowej w Królestwie obsługiwanej przez lokomotywę parową, to tylko niektóre projekty, do których stworzenia przyczynił się hrabia Łubieński i jego bracia. Tomasz zmarł w 1870 r., w wieku 86 lat, brał udział we wszystkich ważnych wydarzeniach, jakie miały miejsce w kraju w XIX wieku za jego życia.</p>
<p>Publikacja została nagrodzona w konkursie <a href="https://wydawnictwo.ug.edu.pl/aktualnosci/ksiazka-general-hrabia-lubienski-1784-1870-zolnierz-i-przedsiebiorca-nagrodzona-przez-fundacje-lex-humana/">Ocalić znaczenia wczoraj, uratować dzisiaj</a> organizowanym przez Fundację Lex Humana jako najlepsza książka historyczna.</p>
