{"id":46606,"date":"2018-12-02T00:00:00","date_gmt":"2018-12-02T00:00:00","guid":{"rendered":"https:\/\/wydawnictwo.ug.edu.pl\/ksiegarnia-online\/uncategorized\/teatr-wybrzeze-w-latach-1996-2016-zjawiska-ludzie-przedstawienia\/"},"modified":"2026-02-11T14:48:21","modified_gmt":"2026-02-11T14:48:21","slug":"teatr-wybrzeze-w-latach-1996-2016-zjawiska-ludzie-przedstawienia","status":"publish","type":"product","link":"https:\/\/wydawnictwo.ug.edu.pl\/en\/ksiegarnia-online\/historia-sztuki-i-kulturoznawstwo\/teatr-wybrzeze-w-latach-1996-2016-zjawiska-ludzie-przedstawienia\/","title":{"rendered":"Teatr Wybrze\u017ce w latach 1996\u20132016. Zjawiska, ludzie przedstawienia"},"content":{"rendered":"","protected":false},"excerpt":{"rendered":"<p>Tom\u00a0<em>Teatr Wybrze\u017ce w latach 1996-2016. Zjawiska \u2013 ludzie \u2013 przedstawienia<\/em>\u00a0pod redakcj\u0105 Joanny Puzyny-Chojki, Katarzyny Kr\u0119glewskiej i Barbary \u015awi\u0105der-Puchowskiej jest dedykowany pami\u0119ci Puzyny-Chojki oraz drugiej wybitnej postaci polskiej i gda\u0144skiej teatrologii, Jana Ciechowicza, kt\u00f3ry zmar\u0142 we wrze\u015bniu 2017 roku. Ksi\u0105\u017cka obejmuje zagadnienia, prezentuj\u0105ce okresy trzech dyrekcji gda\u0144skiej sceny: Krzysztofa Nazara (1995 \u2013 2000), Macieja Nowaka (2000 \u2013 2006) i Adama Orzechowskiego (od 2006 roku). Autorzy tekst\u00f3w zawartych w publikacji s\u0105 teatrologami i krytykami teatralnymi, reprezentuj\u0105cymi r\u00f3\u017cne o\u015brodki (przede wszystkim Uniwersytet Gda\u0144ski), a tak\u017ce r\u00f3\u017cne pokolenia oraz odmienne perspektywy badawcze. Tom jest pok\u0142osiem og\u00f3lnopolskiej konferencji naukowej Kreacje. Ostatnie dwudziestolecie Teatru Wybrze\u017ce (1996-2016), kt\u00f3ra odby\u0142a si\u0119 w Gda\u0144sku w dniach 14-15 pa\u017adziernika 2016 roku z okazji 70-lecia Teatru Wybrze\u017ce. Jej organizatorami byli Teatr Wybrze\u017ce oraz Katedra Dramatu, Teatru i Widowisk UG. Joanna Puzyna-Chojka odpowiada\u0142a za koncepcj\u0119 konferencji, a Jan Ciechowicz sprawowa\u0142 nad ni\u0105 opiek\u0119 naukow\u0105. By\u0142 to prawdopodobnie ich ostatni wsp\u00f3lny projekt, kt\u00f3ry w\u0142a\u015bnie si\u0119 finalizuje.<\/p>\n","protected":false},"featured_media":14978,"template":"","meta":{"_acf_changed":false},"journal":[],"rodzaj":[7074],"seria":[],"product_brand":[],"product_cat":[6936],"product_tag":[],"class_list":{"0":"post-46606","1":"product","2":"type-product","3":"status-publish","4":"has-post-thumbnail","6":"rodzaj-ksiazki","7":"product_cat-historia-sztuki-i-kulturoznawstwo","9":"first","10":"instock","11":"taxable","12":"shipping-taxable","13":"purchasable","14":"product-type-simple"},"acf":[],"_links":{"self":[{"href":"https:\/\/wydawnictwo.ug.edu.pl\/en\/wp-json\/wp\/v2\/product\/46606","targetHints":{"allow":["GET"]}}],"collection":[{"href":"https:\/\/wydawnictwo.ug.edu.pl\/en\/wp-json\/wp\/v2\/product"}],"about":[{"href":"https:\/\/wydawnictwo.ug.edu.pl\/en\/wp-json\/wp\/v2\/types\/product"}],"wp:featuredmedia":[{"embeddable":true,"href":"https:\/\/wydawnictwo.ug.edu.pl\/en\/wp-json\/wp\/v2\/media\/14978"}],"wp:attachment":[{"href":"https:\/\/wydawnictwo.ug.edu.pl\/en\/wp-json\/wp\/v2\/media?parent=46606"}],"wp:term":[{"taxonomy":"journal","embeddable":true,"href":"https:\/\/wydawnictwo.ug.edu.pl\/en\/wp-json\/wp\/v2\/journal?post=46606"},{"taxonomy":"rodzaj","embeddable":true,"href":"https:\/\/wydawnictwo.ug.edu.pl\/en\/wp-json\/wp\/v2\/rodzaj?post=46606"},{"taxonomy":"seria","embeddable":true,"href":"https:\/\/wydawnictwo.ug.edu.pl\/en\/wp-json\/wp\/v2\/seria?post=46606"},{"taxonomy":"product_brand","embeddable":true,"href":"https:\/\/wydawnictwo.ug.edu.pl\/en\/wp-json\/wp\/v2\/product_brand?post=46606"},{"taxonomy":"product_cat","embeddable":true,"href":"https:\/\/wydawnictwo.ug.edu.pl\/en\/wp-json\/wp\/v2\/product_cat?post=46606"},{"taxonomy":"product_tag","embeddable":true,"href":"https:\/\/wydawnictwo.ug.edu.pl\/en\/wp-json\/wp\/v2\/product_tag?post=46606"}],"curies":[{"name":"wp","href":"https:\/\/api.w.org\/{rel}","templated":true}]}}

Teatr Wybrzeże w latach 1996–2016. Zjawiska, ludzie przedstawienia

<p>Tom <em>Teatr Wybrzeże w latach 1996-2016. Zjawiska – ludzie – przedstawienia</em> pod redakcją Joanny Puzyny-Chojki, Katarzyny Kręglewskiej i Barbary Świąder-Puchowskiej jest dedykowany pamięci Puzyny-Chojki oraz drugiej wybitnej postaci polskiej i gdańskiej teatrologii, Jana Ciechowicza, który zmarł we wrześniu 2017 roku. Książka obejmuje zagadnienia, prezentujące okresy trzech dyrekcji gdańskiej sceny: Krzysztofa Nazara (1995 – 2000), Macieja Nowaka (2000 – 2006) i Adama Orzechowskiego (od 2006 roku). Autorzy tekstów zawartych w publikacji są teatrologami i krytykami teatralnymi, reprezentującymi różne ośrodki (przede wszystkim Uniwersytet Gdański), a także różne pokolenia oraz odmienne perspektywy badawcze. Tom jest pokłosiem ogólnopolskiej konferencji naukowej Kreacje. Ostatnie dwudziestolecie Teatru Wybrzeże (1996-2016), która odbyła się w Gdańsku w dniach 14-15 października 2016 roku z okazji 70-lecia Teatru Wybrzeże. Jej organizatorami byli Teatr Wybrzeże oraz Katedra Dramatu, Teatru i Widowisk UG. Joanna Puzyna-Chojka odpowiadała za koncepcję konferencji, a Jan Ciechowicz sprawował nad nią opiekę naukową. Był to prawdopodobnie ich ostatni wspólny projekt, który właśnie się finalizuje.</p>
