{"id":46605,"date":"2018-12-02T00:00:00","date_gmt":"2018-12-02T00:00:00","guid":{"rendered":"https:\/\/wydawnictwo.ug.edu.pl\/ksiegarnia-online\/uncategorized\/relacje-prawo-intymnosc-jako-przedmiot-prawniczej-refleksji\/"},"modified":"2026-02-11T15:33:34","modified_gmt":"2026-02-11T15:33:34","slug":"relacje-prawo-intymnosc-jako-przedmiot-prawniczej-refleksji","status":"publish","type":"product","link":"https:\/\/wydawnictwo.ug.edu.pl\/en\/ksiegarnia-online\/prawo-i-administracja\/relacje-prawo-intymnosc-jako-przedmiot-prawniczej-refleksji\/","title":{"rendered":"Relacje prawo \u2013 intymno\u015b\u0107 jako przedmiot prawniczej refleksji"},"content":{"rendered":"","protected":false},"excerpt":{"rendered":"<p>Jednym z wyzwa\u0144, przed kt\u00f3rymi staj\u0105 wsp\u00f3\u0142czesne spo\u0142ecze\u0144stwa w pa\u0144stwach o\ufb01cjalnie odwo\u0142uj\u0105cych si\u0119 do idei pa\u0144stwa prawa, jest to, w jaki spos\u00f3b sprawi\u0107, by prawo, kt\u00f3rego cech\u0105 jest instrumentalno\u015b\u0107, nie stawa\u0142o si\u0119 instrumentem w r\u0119kach polityk\u00f3w, sposobem narzucania jakiej\u015b jedynie s\u0142usznej wersji sprawiedliwo\u015bci lub np. narz\u0119dziem wt\u0142aczania ludzkiej intymno\u015bci w normatywne, \u201enaturalne\u201d ramy. Zdaniem Autora, odpowiednia prawna regulacja intymno\u015bci powinna uwzgl\u0119dnia\u0107 najbardziej fundamentalne warto\u015bci aktualnej kultury prawnej (warto\u015bci-idee), takie jak: godno\u015b\u0107, wolno\u015b\u0107 i r\u00f3wno\u015b\u0107, gdy\u017c tylko one mog\u0105 stanowi\u0107 aksjologiczn\u0105 barier\u0119 instrumentalizacji prawa, w tym wykorzystywania prawa do konserwowania wyst\u0119puj\u0105cych w spo\u0142ecze\u0144stwie stosunk\u00f3w dominacji. Jednak te ponadczasowe warto\u015bci-idee powinny by\u0107 pojmowane nie dogmatycznie, lecz krytycznie, to jest jako poj\u0119cia stale konfrontowane z rzeczywistymi, tu i teraz, ludzkimi potrzebami, warto\u015bciami i celami.<\/p>\n","protected":false},"featured_media":17602,"template":"","meta":{"_acf_changed":false},"journal":[],"rodzaj":[],"seria":[],"product_brand":[],"product_cat":[6932],"product_tag":[7418],"class_list":{"0":"post-46605","1":"product","2":"type-product","3":"status-publish","4":"has-post-thumbnail","6":"product_cat-prawo-i-administracja","7":"product_tag-pawel-sut","8":"pa_rok-wydania-2019-en","10":"first","11":"outofstock","12":"taxable","13":"shipping-taxable","14":"purchasable","15":"product-type-simple"},"acf":[],"_links":{"self":[{"href":"https:\/\/wydawnictwo.ug.edu.pl\/en\/wp-json\/wp\/v2\/product\/46605","targetHints":{"allow":["GET"]}}],"collection":[{"href":"https:\/\/wydawnictwo.ug.edu.pl\/en\/wp-json\/wp\/v2\/product"}],"about":[{"href":"https:\/\/wydawnictwo.ug.edu.pl\/en\/wp-json\/wp\/v2\/types\/product"}],"wp:featuredmedia":[{"embeddable":true,"href":"https:\/\/wydawnictwo.ug.edu.pl\/en\/wp-json\/wp\/v2\/media\/17602"}],"wp:attachment":[{"href":"https:\/\/wydawnictwo.ug.edu.pl\/en\/wp-json\/wp\/v2\/media?parent=46605"}],"wp:term":[{"taxonomy":"journal","embeddable":true,"href":"https:\/\/wydawnictwo.ug.edu.pl\/en\/wp-json\/wp\/v2\/journal?post=46605"},{"taxonomy":"rodzaj","embeddable":true,"href":"https:\/\/wydawnictwo.ug.edu.pl\/en\/wp-json\/wp\/v2\/rodzaj?post=46605"},{"taxonomy":"seria","embeddable":true,"href":"https:\/\/wydawnictwo.ug.edu.pl\/en\/wp-json\/wp\/v2\/seria?post=46605"},{"taxonomy":"product_brand","embeddable":true,"href":"https:\/\/wydawnictwo.ug.edu.pl\/en\/wp-json\/wp\/v2\/product_brand?post=46605"},{"taxonomy":"product_cat","embeddable":true,"href":"https:\/\/wydawnictwo.ug.edu.pl\/en\/wp-json\/wp\/v2\/product_cat?post=46605"},{"taxonomy":"product_tag","embeddable":true,"href":"https:\/\/wydawnictwo.ug.edu.pl\/en\/wp-json\/wp\/v2\/product_tag?post=46605"}],"curies":[{"name":"wp","href":"https:\/\/api.w.org\/{rel}","templated":true}]}}

Relacje prawo – intymność jako przedmiot prawniczej refleksji

<p>Jednym z wyzwań, przed którymi stają współczesne społeczeństwa w państwach oﬁcjalnie odwołujących się do idei państwa prawa, jest to, w jaki sposób sprawić, by prawo, którego cechą jest instrumentalność, nie stawało się instrumentem w rękach polityków, sposobem narzucania jakiejś jedynie słusznej wersji sprawiedliwości lub np. narzędziem wtłaczania ludzkiej intymności w normatywne, „naturalne” ramy. Zdaniem Autora, odpowiednia prawna regulacja intymności powinna uwzględniać najbardziej fundamentalne wartości aktualnej kultury prawnej (wartości-idee), takie jak: godność, wolność i równość, gdyż tylko one mogą stanowić aksjologiczną barierę instrumentalizacji prawa, w tym wykorzystywania prawa do konserwowania występujących w społeczeństwie stosunków dominacji. Jednak te ponadczasowe wartości-idee powinny być pojmowane nie dogmatycznie, lecz krytycznie, to jest jako pojęcia stale konfrontowane z rzeczywistymi, tu i teraz, ludzkimi potrzebami, wartościami i celami.</p>
