{"id":46603,"date":"2018-12-02T00:00:00","date_gmt":"2018-12-02T00:00:00","guid":{"rendered":"https:\/\/wydawnictwo.ug.edu.pl\/ksiegarnia-online\/uncategorized\/procesy-reprywatyzacyjne-w-panstwach-europy-srodkowo-wschodniej-a-ochrona-prawa-wlasnosci-w-systemie-europejskiej-konwencji-praw-czlowieka\/"},"modified":"2026-02-11T15:33:38","modified_gmt":"2026-02-11T15:33:38","slug":"procesy-reprywatyzacyjne-w-panstwach-europy-srodkowo-wschodniej-a-ochrona-prawa-wlasnosci-w-systemie-europejskiej-konwencji-praw-czlowieka","status":"publish","type":"product","link":"https:\/\/wydawnictwo.ug.edu.pl\/en\/ksiegarnia-online\/prawo-i-administracja\/procesy-reprywatyzacyjne-w-panstwach-europy-srodkowo-wschodniej-a-ochrona-prawa-wlasnosci-w-systemie-europejskiej-konwencji-praw-czlowieka\/","title":{"rendered":"Procesy reprywatyzacyjne w pa\u0144stwach Europy \u015arodkowo-Wschodniej a ochrona prawa w\u0142asno\u015bci w systemie Europejskiej Konwencji Praw Cz\u0142owieka"},"content":{"rendered":"","protected":false},"excerpt":{"rendered":"<p>Monografia jest po\u015bwi\u0119cona orzecznictwu Europejskiego Trybuna\u0142u Praw Cz\u0142owieka w skargach sk\u0142adanych w zwi\u0105zku z procesami reprywatyzacyjnymi prowadzonymi od pocz\u0105tku lat 90. XX w. przez pa\u0144stwa Europy \u015arodkowo-Wschodniej. Od momentu przyst\u0105pienia przez kraje by\u0142ego bloku wschodniego do mi\u0119dzynarodowych um\u00f3w chroni\u0105cych prawa cz\u0142owieka przedmiotem wielu skarg kierowanych do organ\u00f3w kontrolnych, g\u0142\u00f3wnie Trybuna\u0142u w Strasburgu, by\u0142y roszczenia wynikaj\u0105ce z utraty maj\u0105tk\u00f3w pod rz\u0105dami komunistycznymi. Szczeg\u00f3lnie w pierwszych latach podlegania przez pa\u0144stwa regionu jurysdykcji mi\u0119dzynarodowych s\u0105d\u00f3w i trybuna\u0142\u00f3w skar\u017c\u0105cy pok\u0142adali w nich nadziej\u0119 na odzyskanie ca\u0142o\u015bci odebranego mienia, tak\u017ce w sytuacjach, gdy nie przewidywa\u0142y tego krajowe przepisy restytucyjne. Wielokrotnie roszczenia opierano na zarzucie niezgodno\u015bci dzia\u0142a\u0144 w\u0142adz komunistycznych z obowi\u0105zuj\u0105cym prawem b\u0105d\u017a te\u017c z prawem mi\u0119dzynarodowym. Nadziej\u0119 na odzyskanie w\u0142asno\u015bci wywodzono te\u017c z blankietowych obietnic odszkodowawczych sk\u0142adanych przez w\u0142adze komunistyczne. W du\u017cej mierze podstaw\u0105 skarg by\u0142y te\u017c nieprawid\u0142owo\u015bci zwi\u0105zane z przeprowadzanymi post\u0119powaniami reprywatyzacyjnymi.<\/p>\n<p>Polska opinia publiczna by\u0142a zainteresowana orzecznictwem Trybuna\u0142u tak\u017ce z tego wzgl\u0119du, \u017ce przez lata obawiano si\u0119, i\u017c integracja europejska na poziomie prawnym, tak\u017ce poprzez system Rady Europy, spowoduje mo\u017cliwo\u015b\u0107 realizacji na szersz\u0105 ni\u017c dotychczas skal\u0119 roszcze\u0144 maj\u0105tkowych niemieckich i \u017cydowskich.<\/p>\n<p>Pomimo up\u0142ywu niemal\u017ce 30 lat od upadku rz\u0105d\u00f3w komunistycznych w kilku pa\u0144stwach regionu, nie tylko w Polsce, ale tak\u017ce w Rumunii, Bu\u0142garii czy Albanii, problematyka reprywatyzacji jest wci\u0105\u017c aktualna. W odniesieniu do problem\u00f3w pojawiaj\u0105cych si\u0119 w Polsce Trybuna\u0142 mia\u0142 okazj\u0119 rozstrzyga\u0107 kwestie dopuszczalno\u015bci realizacji roszcze\u0144 zabu\u017ca\u0144skich, roszcze\u0144 wynikaj\u0105cych z nacjonalizacji podstawowych ga\u0142\u0119zi przemys\u0142u i las\u00f3w, niewykupienia przedwojennych obligacji, obj\u0119cia w drodze zasiedzenia nieruchomo\u015bci po\u017cydowskich czy problematyk\u0119 roszcze\u0144 warszawskich.<\/p>\n<p>Przedmiotem monografii jest doktrynalna analiza zobowi\u0105za\u0144, kt\u00f3re ci\u0105\u017c\u0105 na podstawie art. 1 Protoko\u0142u nr 1 do Europejskiej Konwencji Praw Cz\u0142owieka na pa\u0144stwach przeprowadzaj\u0105cych procesy reprywatyzacyjne. W monografii poddano analizie takie zagadnienia, jak to: czy pa\u0144stwa s\u0105 zobowi\u0105zane do zwrotu zagrabionego pod rz\u0105dami komunistycznymi mienia, czy zobowi\u0105zane s\u0105 do innych form rekompensaty, jak musz\u0105 by\u0107 ukszta\u0142towane i realizowane przepisy reprywatyzacyjne, a wreszcie, jaki standard odszkodowawczy stosuje Europejski Trybuna\u0142 Praw Cz\u0142owieka, gdy pa\u0144stwo nie wywi\u0105zuje si\u0119 ze swoich obowi\u0105zk\u00f3w mi\u0119dzynarodowych w zakresie ochrony w\u0142asno\u015bci. Monografia jest pierwsz\u0105 publikacj\u0105 na rynku polskim, kt\u00f3ra dog\u0142\u0119bnie analizuje te zagadnienia.<\/p>\n","protected":false},"featured_media":15067,"template":"","meta":{"_acf_changed":false},"journal":[],"rodzaj":[],"seria":[],"product_brand":[],"product_cat":[6932],"product_tag":[8027],"class_list":{"0":"post-46603","1":"product","2":"type-product","3":"status-publish","4":"has-post-thumbnail","6":"product_cat-prawo-i-administracja","7":"product_tag-aleksandra-mezykowska","9":"first","10":"outofstock","11":"taxable","12":"shipping-taxable","13":"product-type-simple"},"acf":[],"_links":{"self":[{"href":"https:\/\/wydawnictwo.ug.edu.pl\/en\/wp-json\/wp\/v2\/product\/46603","targetHints":{"allow":["GET"]}}],"collection":[{"href":"https:\/\/wydawnictwo.ug.edu.pl\/en\/wp-json\/wp\/v2\/product"}],"about":[{"href":"https:\/\/wydawnictwo.ug.edu.pl\/en\/wp-json\/wp\/v2\/types\/product"}],"wp:featuredmedia":[{"embeddable":true,"href":"https:\/\/wydawnictwo.ug.edu.pl\/en\/wp-json\/wp\/v2\/media\/15067"}],"wp:attachment":[{"href":"https:\/\/wydawnictwo.ug.edu.pl\/en\/wp-json\/wp\/v2\/media?parent=46603"}],"wp:term":[{"taxonomy":"journal","embeddable":true,"href":"https:\/\/wydawnictwo.ug.edu.pl\/en\/wp-json\/wp\/v2\/journal?post=46603"},{"taxonomy":"rodzaj","embeddable":true,"href":"https:\/\/wydawnictwo.ug.edu.pl\/en\/wp-json\/wp\/v2\/rodzaj?post=46603"},{"taxonomy":"seria","embeddable":true,"href":"https:\/\/wydawnictwo.ug.edu.pl\/en\/wp-json\/wp\/v2\/seria?post=46603"},{"taxonomy":"product_brand","embeddable":true,"href":"https:\/\/wydawnictwo.ug.edu.pl\/en\/wp-json\/wp\/v2\/product_brand?post=46603"},{"taxonomy":"product_cat","embeddable":true,"href":"https:\/\/wydawnictwo.ug.edu.pl\/en\/wp-json\/wp\/v2\/product_cat?post=46603"},{"taxonomy":"product_tag","embeddable":true,"href":"https:\/\/wydawnictwo.ug.edu.pl\/en\/wp-json\/wp\/v2\/product_tag?post=46603"}],"curies":[{"name":"wp","href":"https:\/\/api.w.org\/{rel}","templated":true}]}}

Procesy reprywatyzacyjne w państwach Europy Środkowo-Wschodniej a ochrona prawa własności w systemie Europejskiej Konwencji Praw Człowieka

<p>Monografia jest poświęcona orzecznictwu Europejskiego Trybunału Praw Człowieka w skargach składanych w związku z procesami reprywatyzacyjnymi prowadzonymi od początku lat 90. XX w. przez państwa Europy Środkowo-Wschodniej. Od momentu przystąpienia przez kraje byłego bloku wschodniego do międzynarodowych umów chroniących prawa człowieka przedmiotem wielu skarg kierowanych do organów kontrolnych, głównie Trybunału w Strasburgu, były roszczenia wynikające z utraty majątków pod rządami komunistycznymi. Szczególnie w pierwszych latach podlegania przez państwa regionu jurysdykcji międzynarodowych sądów i trybunałów skarżący pokładali w nich nadzieję na odzyskanie całości odebranego mienia, także w sytuacjach, gdy nie przewidywały tego krajowe przepisy restytucyjne. Wielokrotnie roszczenia opierano na zarzucie niezgodności działań władz komunistycznych z obowiązującym prawem bądź też z prawem międzynarodowym. Nadzieję na odzyskanie własności wywodzono też z blankietowych obietnic odszkodowawczych składanych przez władze komunistyczne. W dużej mierze podstawą skarg były też nieprawidłowości związane z przeprowadzanymi postępowaniami reprywatyzacyjnymi.</p>
<p>Polska opinia publiczna była zainteresowana orzecznictwem Trybunału także z tego względu, że przez lata obawiano się, iż integracja europejska na poziomie prawnym, także poprzez system Rady Europy, spowoduje możliwość realizacji na szerszą niż dotychczas skalę roszczeń majątkowych niemieckich i żydowskich.</p>
<p>Pomimo upływu niemalże 30 lat od upadku rządów komunistycznych w kilku państwach regionu, nie tylko w Polsce, ale także w Rumunii, Bułgarii czy Albanii, problematyka reprywatyzacji jest wciąż aktualna. W odniesieniu do problemów pojawiających się w Polsce Trybunał miał okazję rozstrzygać kwestie dopuszczalności realizacji roszczeń zabużańskich, roszczeń wynikających z nacjonalizacji podstawowych gałęzi przemysłu i lasów, niewykupienia przedwojennych obligacji, objęcia w drodze zasiedzenia nieruchomości pożydowskich czy problematykę roszczeń warszawskich.</p>
<p>Przedmiotem monografii jest doktrynalna analiza zobowiązań, które ciążą na podstawie art. 1 Protokołu nr 1 do Europejskiej Konwencji Praw Człowieka na państwach przeprowadzających procesy reprywatyzacyjne. W monografii poddano analizie takie zagadnienia, jak to: czy państwa są zobowiązane do zwrotu zagrabionego pod rządami komunistycznymi mienia, czy zobowiązane są do innych form rekompensaty, jak muszą być ukształtowane i realizowane przepisy reprywatyzacyjne, a wreszcie, jaki standard odszkodowawczy stosuje Europejski Trybunał Praw Człowieka, gdy państwo nie wywiązuje się ze swoich obowiązków międzynarodowych w zakresie ochrony własności. Monografia jest pierwszą publikacją na rynku polskim, która dogłębnie analizuje te zagadnienia.</p>
