{"id":46592,"date":"2018-12-30T00:00:00","date_gmt":"2018-12-30T00:00:00","guid":{"rendered":"https:\/\/wydawnictwo.ug.edu.pl\/ksiegarnia-online\/uncategorized\/prawo-i-literatura-parerga\/"},"modified":"2026-02-11T14:48:30","modified_gmt":"2026-02-11T14:48:30","slug":"prawo-i-literatura-parerga","status":"publish","type":"product","link":"https:\/\/wydawnictwo.ug.edu.pl\/en\/ksiegarnia-online\/prawo-i-administracja\/prawo-i-literatura-parerga\/","title":{"rendered":"Prawo i literatura. Parerga"},"content":{"rendered":"","protected":false},"excerpt":{"rendered":"<p>Parerga &#8211; z greki\u00a0<em>parergon<\/em>, czyli dzie\u0142o uboczne &#8211; to drobne utwory, przewa\u017cnie ma\u0142o znane, niezaliczane do podstawowej tw\u00f3rczo\u015bci autora. Dotychczas w polskiej literaturze prawniczej taki w\u0142a\u015bnie charakter mia\u0142y prace po\u015bwi\u0119cone kierunkowi filozoficznoprawnemu, jakim jest\u00a0<em>law &amp; literature<\/em>. Inaczej na \u015bwiecie &#8211; wielu znakomitych filozof\u00f3w prawa, zw\u0142aszcza z anglosaskiej, ameryka\u0144skiej kultury prawnej, uczyni\u0142o z prawa i literatury g\u0142\u00f3wny przedmiot swych docieka\u0144 i bada\u0144 naukowych. Tu jednak podej\u015bcie jest znacznie skromniejsze, cho\u0107 cel, jaki przy\u015bwieca autorom i redaktorom, zosta\u0142 okre\u015blony du\u017co bardziej ambitnie. Ot\u00f3\u017c zbi\u00f3r 31 artyku\u0142\u00f3w prezentuj\u0105cych owe poboczne zainteresowania badawcze autor\u00f3w pokazuje fascynuj\u0105c\u0105 przestrze\u0144 badawcz\u0105 i niezwyk\u0142e perspektywy dla dalszych studi\u00f3w w nurcie tzw. literackiej szko\u0142y prawa. Tym samym warto\u015b\u0107 ca\u0142ej ksi\u0105\u017cki przewy\u017csza warto\u015b\u0107 poszczeg\u00f3lnych element\u00f3w na ni\u0105 si\u0119 sk\u0142adaj\u0105cych. Mo\u017cna mie\u0107 tylko nadziej\u0119, \u017ce w ramach studi\u00f3w nad estetyk\u0105 prawa zagadnienia prawa i literatury na sta\u0142e zagoszcz\u0105 w katalogu g\u0142\u00f3wnych temat\u00f3w badawczych tak\u017ce polskich uczonych.<\/p>\n<p>\u200b\u201eMonografia pt. <em>Prawo i literatura. Parerga<\/em> znacznie wzbogaca dorobek polskiej nauki w zakresie bada\u0144 nad relacjami prawa i literatury. Badanie tych wzajemnych relacji uwa\u017cam za bardzo warto\u015bciowe dzia\u0142anie przepojone g\u0142\u0119bokim humanizmem. Ksi\u0105\u017cka ta jest na tle dotychczasowych bada\u0144 prowadzonych w Polsce pozycj\u0105 wyj\u0105tkow\u0105. Stanowi interesuj\u0105c\u0105 sp\u00f3jn\u0105 ca\u0142o\u015b\u0107, metodologicznie i merytorycznie uj\u0119t\u0105 w dw\u00f3ch aspektach: od prawa do literatury i od literatury do prawa. Efekty tych bada\u0144 mog\u0105 by\u0107 interesuj\u0105ce zar\u00f3wno dla prawnik\u00f3w, literaturoznawc\u00f3w, jak i szerokiego kr\u0119gu czytelnik\u00f3w zainteresowanych uczestnictwem w kulturze&#8221;.<\/p>\n<p><em>z recenzji prof. Jadwigi Potrzeszcz<\/em><\/p>\n<p>Ksi\u0105\u017cka ukaza\u0142a si\u0119 w serii wydawniczej Studia z Estetyki Prawa.<\/p>\n<p>Recenzja w ArtPapier:\u00a0<a href=\"http:\/\/www.artpapier.com\/index.php?page=artykul&amp;wydanie=394&amp;artykul=7891&amp;kat=15\" target=\"_blank\" rel=\"noopener\">Bocznymi drogami od prawa do literatury i z powrotem<\/a><\/p>\n<p>Recenzja w czasopi\u015bmie \u201ePa\u0144stwo i Prawo\u201d: <a href=\"https:\/\/wydawnictwo.ug.edu.pl\/wp-content\/uploads\/2021\/08\/PIP_2021_10__Iwona-Barwicka-Tylek.pdf\">Odpowiednie da\u0107 rzeczy s\u0142owo<\/a><\/p>\n<p>&nbsp;<\/p>\n","protected":false},"featured_media":15137,"template":"","meta":{"_acf_changed":false},"journal":[],"rodzaj":[6667,2604],"seria":[6762],"product_brand":[],"product_cat":[232],"product_tag":[246,749,194],"class_list":{"0":"post-46592","1":"product","2":"type-product","3":"status-publish","4":"has-post-thumbnail","6":"rodzaj-czasopismo","7":"rodzaj-serie-wydawnicze","8":"seria-studia-z-estetyki-prawa","9":"product_cat-prawo-i-administracja","10":"product_tag-jerzy-zajadlo","11":"product_tag-joanna-kamien","12":"product_tag-kamil-zeidler","13":"pa_rok-wydania-891","15":"first","16":"instock","17":"taxable","18":"shipping-taxable","19":"purchasable","20":"product-type-simple"},"acf":[],"_links":{"self":[{"href":"https:\/\/wydawnictwo.ug.edu.pl\/en\/wp-json\/wp\/v2\/product\/46592","targetHints":{"allow":["GET"]}}],"collection":[{"href":"https:\/\/wydawnictwo.ug.edu.pl\/en\/wp-json\/wp\/v2\/product"}],"about":[{"href":"https:\/\/wydawnictwo.ug.edu.pl\/en\/wp-json\/wp\/v2\/types\/product"}],"wp:featuredmedia":[{"embeddable":true,"href":"https:\/\/wydawnictwo.ug.edu.pl\/en\/wp-json\/wp\/v2\/media\/15137"}],"wp:attachment":[{"href":"https:\/\/wydawnictwo.ug.edu.pl\/en\/wp-json\/wp\/v2\/media?parent=46592"}],"wp:term":[{"taxonomy":"journal","embeddable":true,"href":"https:\/\/wydawnictwo.ug.edu.pl\/en\/wp-json\/wp\/v2\/journal?post=46592"},{"taxonomy":"rodzaj","embeddable":true,"href":"https:\/\/wydawnictwo.ug.edu.pl\/en\/wp-json\/wp\/v2\/rodzaj?post=46592"},{"taxonomy":"seria","embeddable":true,"href":"https:\/\/wydawnictwo.ug.edu.pl\/en\/wp-json\/wp\/v2\/seria?post=46592"},{"taxonomy":"product_brand","embeddable":true,"href":"https:\/\/wydawnictwo.ug.edu.pl\/en\/wp-json\/wp\/v2\/product_brand?post=46592"},{"taxonomy":"product_cat","embeddable":true,"href":"https:\/\/wydawnictwo.ug.edu.pl\/en\/wp-json\/wp\/v2\/product_cat?post=46592"},{"taxonomy":"product_tag","embeddable":true,"href":"https:\/\/wydawnictwo.ug.edu.pl\/en\/wp-json\/wp\/v2\/product_tag?post=46592"}],"curies":[{"name":"wp","href":"https:\/\/api.w.org\/{rel}","templated":true}]}}

<p>Parerga &#8211; z greki <em>parergon</em>, czyli dzieło uboczne &#8211; to drobne utwory, przeważnie mało znane, niezaliczane do podstawowej twórczości autora. Dotychczas w polskiej literaturze prawniczej taki właśnie charakter miały prace poświęcone kierunkowi filozoficznoprawnemu, jakim jest <em>law &amp; literature</em>. Inaczej na świecie &#8211; wielu znakomitych filozofów prawa, zwłaszcza z anglosaskiej, amerykańskiej kultury prawnej, uczyniło z prawa i literatury główny przedmiot swych dociekań i badań naukowych. Tu jednak podejście jest znacznie skromniejsze, choć cel, jaki przyświeca autorom i redaktorom, został określony dużo bardziej ambitnie. Otóż zbiór 31 artykułów prezentujących owe poboczne zainteresowania badawcze autorów pokazuje fascynującą przestrzeń badawczą i niezwykłe perspektywy dla dalszych studiów w nurcie tzw. literackiej szkoły prawa. Tym samym wartość całej książki przewyższa wartość poszczególnych elementów na nią się składających. Można mieć tylko nadzieję, że w ramach studiów nad estetyką prawa zagadnienia prawa i literatury na stałe zagoszczą w katalogu głównych tematów badawczych także polskich uczonych.</p>
<p>​„Monografia pt. <em>Prawo i literatura. Parerga</em> znacznie wzbogaca dorobek polskiej nauki w zakresie badań nad relacjami prawa i literatury. Badanie tych wzajemnych relacji uważam za bardzo wartościowe działanie przepojone głębokim humanizmem. Książka ta jest na tle dotychczasowych badań prowadzonych w Polsce pozycją wyjątkową. Stanowi interesującą spójną całość, metodologicznie i merytorycznie ujętą w dwóch aspektach: od prawa do literatury i od literatury do prawa. Efekty tych badań mogą być interesujące zarówno dla prawników, literaturoznawców, jak i szerokiego kręgu czytelników zainteresowanych uczestnictwem w kulturze&#8221;.</p>
<p><em>z recenzji prof. Jadwigi Potrzeszcz</em></p>
<p>Książka ukazała się w serii wydawniczej Studia z Estetyki Prawa.</p>
<p>Recenzja w ArtPapier: <a href="http://www.artpapier.com/index.php?page=artykul&amp;wydanie=394&amp;artykul=7891&amp;kat=15" target="_blank" rel="noopener">Bocznymi drogami od prawa do literatury i z powrotem</a></p>
<p>Recenzja w czasopiśmie „Państwo i Prawo”: <a href="https://wydawnictwo.ug.edu.pl/wp-content/uploads/2021/08/PIP_2021_10__Iwona-Barwicka-Tylek.pdf">Odpowiednie dać rzeczy słowo</a></p>
<p>&nbsp;</p>
