{"id":46571,"date":"2019-11-30T00:00:00","date_gmt":"2019-11-30T00:00:00","guid":{"rendered":"https:\/\/wydawnictwo.ug.edu.pl\/ksiegarnia-online\/uncategorized\/zywioly-motyw-wody-w-literaturze-kulturze-i-sztuce\/"},"modified":"2026-02-11T14:44:01","modified_gmt":"2026-02-11T14:44:01","slug":"zywioly-motyw-wody-w-literaturze-kulturze-i-sztuce","status":"publish","type":"product","link":"https:\/\/wydawnictwo.ug.edu.pl\/en\/ksiegarnia-online\/literaturoznawstwo\/zywioly-motyw-wody-w-literaturze-kulturze-i-sztuce\/","title":{"rendered":"\u017bywio\u0142y. Motyw wody w literaturze, kulturze i sztuce"},"content":{"rendered":"","protected":false},"excerpt":{"rendered":"<p>Ksi\u0105\u017cka stanowi zbi\u00f3r tekst\u00f3w literaturoznawczych, kulturoznawczych, j\u0119zykoznawczych przygotowanych przez uczestnik\u00f3w mi\u0119dzynarodowej konferencji interdyscyplinarnej:\u00a0<em>\u017bywio\u0142y. Motyw wody w literaturze, kulturze i sztuce<\/em>, kt\u00f3ra odby\u0142a si\u0119 w pa\u017adzierniku 2018 na UG. Autorami s\u0105 literaturoznawcy, kulturoznawcy i j\u0119zykoznawcy z Polski, Rosji, Ukrainy i Niemiec.<\/p>\n","protected":false},"featured_media":16592,"template":"","meta":{"_acf_changed":false},"journal":[],"rodzaj":[7074],"seria":[],"product_brand":[],"product_cat":[6925],"product_tag":[8012,7572],"class_list":{"0":"post-46571","1":"product","2":"type-product","3":"status-publish","4":"has-post-thumbnail","6":"rodzaj-ksiazki","7":"product_cat-literaturoznawstwo","8":"product_tag-irena-hubickairena-hubicka","9":"product_tag-svetlana-pavlenko","10":"pa_rok-wydania-2020-en","12":"first","13":"outofstock","14":"taxable","15":"shipping-taxable","16":"purchasable","17":"product-type-simple"},"acf":[],"_links":{"self":[{"href":"https:\/\/wydawnictwo.ug.edu.pl\/en\/wp-json\/wp\/v2\/product\/46571","targetHints":{"allow":["GET"]}}],"collection":[{"href":"https:\/\/wydawnictwo.ug.edu.pl\/en\/wp-json\/wp\/v2\/product"}],"about":[{"href":"https:\/\/wydawnictwo.ug.edu.pl\/en\/wp-json\/wp\/v2\/types\/product"}],"wp:featuredmedia":[{"embeddable":true,"href":"https:\/\/wydawnictwo.ug.edu.pl\/en\/wp-json\/wp\/v2\/media\/16592"}],"wp:attachment":[{"href":"https:\/\/wydawnictwo.ug.edu.pl\/en\/wp-json\/wp\/v2\/media?parent=46571"}],"wp:term":[{"taxonomy":"journal","embeddable":true,"href":"https:\/\/wydawnictwo.ug.edu.pl\/en\/wp-json\/wp\/v2\/journal?post=46571"},{"taxonomy":"rodzaj","embeddable":true,"href":"https:\/\/wydawnictwo.ug.edu.pl\/en\/wp-json\/wp\/v2\/rodzaj?post=46571"},{"taxonomy":"seria","embeddable":true,"href":"https:\/\/wydawnictwo.ug.edu.pl\/en\/wp-json\/wp\/v2\/seria?post=46571"},{"taxonomy":"product_brand","embeddable":true,"href":"https:\/\/wydawnictwo.ug.edu.pl\/en\/wp-json\/wp\/v2\/product_brand?post=46571"},{"taxonomy":"product_cat","embeddable":true,"href":"https:\/\/wydawnictwo.ug.edu.pl\/en\/wp-json\/wp\/v2\/product_cat?post=46571"},{"taxonomy":"product_tag","embeddable":true,"href":"https:\/\/wydawnictwo.ug.edu.pl\/en\/wp-json\/wp\/v2\/product_tag?post=46571"}],"curies":[{"name":"wp","href":"https:\/\/api.w.org\/{rel}","templated":true}]}}

Żywioły. Motyw wody w literaturze, kulturze i sztuce

<p>Książka stanowi zbiór tekstów literaturoznawczych, kulturoznawczych, językoznawczych przygotowanych przez uczestników międzynarodowej konferencji interdyscyplinarnej: <em>Żywioły. Motyw wody w literaturze, kulturze i sztuce</em>, która odbyła się w październiku 2018 na UG. Autorami są literaturoznawcy, kulturoznawcy i językoznawcy z Polski, Rosji, Ukrainy i Niemiec.</p>
