{"id":46567,"date":"2019-11-30T00:00:00","date_gmt":"2019-11-30T00:00:00","guid":{"rendered":"https:\/\/wydawnictwo.ug.edu.pl\/ksiegarnia-online\/uncategorized\/teoretyczne-i-praktyczne-wymiary-procesu-resocjalizacji-nieletnich\/"},"modified":"2026-02-11T14:44:04","modified_gmt":"2026-02-11T14:44:04","slug":"teoretyczne-i-praktyczne-wymiary-procesu-resocjalizacji-nieletnich","status":"publish","type":"product","link":"https:\/\/wydawnictwo.ug.edu.pl\/en\/ksiegarnia-online\/pedagogika-i-psychologia\/teoretyczne-i-praktyczne-wymiary-procesu-resocjalizacji-nieletnich\/","title":{"rendered":"Teoretyczne i praktyczne wymiary procesu resocjalizacji nieletnich"},"content":{"rendered":"","protected":false},"excerpt":{"rendered":"<p>Publikacja wpisuje si\u0119 w aktualn\u0105 obecnie w polskiej pedagogice problematyk\u0119 efektywno\u015bci oddzia\u0142ywa\u0144 wychowawczych. Praca resocjalizacyjna z m\u0142odzie\u017c\u0105 niedostosowan\u0105 spo\u0142ecznie ukierunkowana jest na przygotowanie wychowank\u00f3w na powr\u00f3t do \u015brodowiska otwartego oraz funkcjonowanie w oparciu o obowi\u0105zuj\u0105ce normy spo\u0142eczno-prawne. Cel ten nie mo\u017ce by\u0107 osi\u0105gni\u0119ty bez sta\u0142ych poszukiwa\u0144 skutecznych rozwi\u0105za\u0144, jak r\u00f3wnie\u017c wdra\u017caniu innowacji pedagogicznych. Autorki poza umocowaniem teoretycznym (opartym o r\u00f3\u017cne nurty psychologiczne istotne z punktu widzenia resocjalizacji) zagadnienia resocjalizacji dzieci i m\u0142odzie\u017cy, wskazuj\u0105 przyk\u0142adowe programy pracy, a przede wszystkim zach\u0119caj\u0105 czytelnika do tworzenia w\u0142asnych autorskich program\u00f3w ukierunkowanych na pomoc i wsparcie zar\u00f3wno dziecka jak i jego rodziny.<\/p>\n<p>Publikacja zawiera r\u00f3wnie\u017c opis Indywidualnego Programu Edukacyjno-Terapeutycznego, zasad jego tworzenia i znaczenia dla przebiegu ca\u0142ego procesu resocjalizacji. Ponadto, czytelnik zostanie zapoznany z r\u00f3\u017cnymi modyfikacjami tych program\u00f3w w zale\u017cno\u015bci od potrzeb i posiadanych przez dziecko jaki jego rodzin\u0119 zasob\u00f3w. Interesuj\u0105ce jest r\u00f3wnie\u017c to jak tworzenie indywidualnych oraz grupowych program\u00f3w pracy z wychowankami \u0142\u0105czy si\u0119 z zagadnieniem efektywno\u015bci procesu resocjalizacji, pozwala projektowa\u0107 poszczeg\u00f3lne jego etapy, wskazywa\u0107 skuteczne dzia\u0142ania i na bie\u017c\u0105co je modyfikowa\u0107.<\/p>\n","protected":false},"featured_media":16583,"template":"","meta":{"_acf_changed":false},"journal":[],"rodzaj":[],"seria":[],"product_brand":[],"product_cat":[7007],"product_tag":[8008,8009],"class_list":{"0":"post-46567","1":"product","2":"type-product","3":"status-publish","4":"has-post-thumbnail","6":"product_cat-pedagogika-i-psychologia","7":"product_tag-joanna-jezierskajoanna-jezierska","8":"product_tag-justyna-siemionowjustyna-siemionow","9":"pa_rok-wydania-2020-en","11":"first","12":"outofstock","13":"taxable","14":"shipping-taxable","15":"purchasable","16":"product-type-simple"},"acf":[],"_links":{"self":[{"href":"https:\/\/wydawnictwo.ug.edu.pl\/en\/wp-json\/wp\/v2\/product\/46567","targetHints":{"allow":["GET"]}}],"collection":[{"href":"https:\/\/wydawnictwo.ug.edu.pl\/en\/wp-json\/wp\/v2\/product"}],"about":[{"href":"https:\/\/wydawnictwo.ug.edu.pl\/en\/wp-json\/wp\/v2\/types\/product"}],"wp:featuredmedia":[{"embeddable":true,"href":"https:\/\/wydawnictwo.ug.edu.pl\/en\/wp-json\/wp\/v2\/media\/16583"}],"wp:attachment":[{"href":"https:\/\/wydawnictwo.ug.edu.pl\/en\/wp-json\/wp\/v2\/media?parent=46567"}],"wp:term":[{"taxonomy":"journal","embeddable":true,"href":"https:\/\/wydawnictwo.ug.edu.pl\/en\/wp-json\/wp\/v2\/journal?post=46567"},{"taxonomy":"rodzaj","embeddable":true,"href":"https:\/\/wydawnictwo.ug.edu.pl\/en\/wp-json\/wp\/v2\/rodzaj?post=46567"},{"taxonomy":"seria","embeddable":true,"href":"https:\/\/wydawnictwo.ug.edu.pl\/en\/wp-json\/wp\/v2\/seria?post=46567"},{"taxonomy":"product_brand","embeddable":true,"href":"https:\/\/wydawnictwo.ug.edu.pl\/en\/wp-json\/wp\/v2\/product_brand?post=46567"},{"taxonomy":"product_cat","embeddable":true,"href":"https:\/\/wydawnictwo.ug.edu.pl\/en\/wp-json\/wp\/v2\/product_cat?post=46567"},{"taxonomy":"product_tag","embeddable":true,"href":"https:\/\/wydawnictwo.ug.edu.pl\/en\/wp-json\/wp\/v2\/product_tag?post=46567"}],"curies":[{"name":"wp","href":"https:\/\/api.w.org\/{rel}","templated":true}]}}

<p>Publikacja wpisuje się w aktualną obecnie w polskiej pedagogice problematykę efektywności oddziaływań wychowawczych. Praca resocjalizacyjna z młodzieżą niedostosowaną społecznie ukierunkowana jest na przygotowanie wychowanków na powrót do środowiska otwartego oraz funkcjonowanie w oparciu o obowiązujące normy społeczno-prawne. Cel ten nie może być osiągnięty bez stałych poszukiwań skutecznych rozwiązań, jak również wdrażaniu innowacji pedagogicznych. Autorki poza umocowaniem teoretycznym (opartym o różne nurty psychologiczne istotne z punktu widzenia resocjalizacji) zagadnienia resocjalizacji dzieci i młodzieży, wskazują przykładowe programy pracy, a przede wszystkim zachęcają czytelnika do tworzenia własnych autorskich programów ukierunkowanych na pomoc i wsparcie zarówno dziecka jak i jego rodziny.</p>
<p>Publikacja zawiera również opis Indywidualnego Programu Edukacyjno-Terapeutycznego, zasad jego tworzenia i znaczenia dla przebiegu całego procesu resocjalizacji. Ponadto, czytelnik zostanie zapoznany z różnymi modyfikacjami tych programów w zależności od potrzeb i posiadanych przez dziecko jaki jego rodzinę zasobów. Interesujące jest również to jak tworzenie indywidualnych oraz grupowych programów pracy z wychowankami łączy się z zagadnieniem efektywności procesu resocjalizacji, pozwala projektować poszczególne jego etapy, wskazywać skuteczne działania i na bieżąco je modyfikować.</p>
