{"id":46546,"date":"2019-12-01T00:00:00","date_gmt":"2019-12-01T00:00:00","guid":{"rendered":"https:\/\/wydawnictwo.ug.edu.pl\/ksiegarnia-online\/uncategorized\/pamietniki-gaudentia-di-lucca\/"},"modified":"2026-02-11T14:32:43","modified_gmt":"2026-02-11T14:32:43","slug":"pamietniki-gaudentia-di-lucca","status":"publish","type":"product","link":"https:\/\/wydawnictwo.ug.edu.pl\/en\/ksiegarnia-online\/literatura-piekna\/pamietniki-gaudentia-di-lucca\/","title":{"rendered":"Pami\u0119tniki Gaudentia di Lucca"},"content":{"rendered":"","protected":false},"excerpt":{"rendered":"<p><em>Wspomnienia Gaudentia di Lucca<\/em>\u00a0to pierwsza\u00a0angielska powie\u015b\u0107 utopijna, kt\u00f3rej autorem\u00a0by\u0142 &#8211; jak pocz\u0105tkowo powszechnie s\u0105dzono &#8211;\u00a0s\u0142ynny filozof i biskup protestancki George\u00a0Berkeley (1685-1753). Przekonanie o autorstwie Berkeleya utrzymywa\u0142o si\u0119 do ko\u0144ca XIX\u00a0wieku pomimo stanowczych zaprzecze\u0144 jego\u00a0syna. Obecnie wi\u0119kszo\u015b\u0107 badaczy uwa\u017ca, \u017ce\u00a0rzeczywistym autorem utworu by\u0142 rzymskokatolicki duchowny Simon Berington (1680-1755), wychowanek i wieloletni profesor\u00a0poezji i filozofii w seminarium duchownym\u00a0College des Grands Anglais w Douai we\u00a0Francji. Po powrocie do Anglii Berington\u00a0opublikowa\u0142 wiele polemicznych traktat\u00f3w\u00a0i pamflet\u00f3w teologicznych. Wed\u0142ug anonimowego korespondenta \u201eGentleman&#8217;s Magazine&#8221;\u00a0(1785) swoj\u0105 powie\u015b\u0107 napisa\u0142 dla zabawy\u00a0podczas ataku podagry.<\/p>\n","protected":false},"featured_media":17496,"template":"","meta":{"_acf_changed":false},"journal":[],"rodzaj":[7074,7076],"seria":[7920],"product_brand":[],"product_cat":[6979],"product_tag":[7992,7993,8291],"class_list":{"0":"post-46546","1":"product","2":"type-product","3":"status-publish","4":"has-post-thumbnail","6":"rodzaj-ksiazki","7":"rodzaj-serie-wydawnicze","8":"seria-bibliotheca-utopiana","9":"product_cat-literatura-piekna","10":"product_tag-artur-blaimartur-blaim","11":"product_tag-krzysztof-filip-rudolf","12":"product_tag-simon-beringotn","13":"pa_rok-wydania-2019-en","15":"first","16":"outofstock","17":"taxable","18":"shipping-taxable","19":"purchasable","20":"product-type-simple"},"acf":[],"_links":{"self":[{"href":"https:\/\/wydawnictwo.ug.edu.pl\/en\/wp-json\/wp\/v2\/product\/46546","targetHints":{"allow":["GET"]}}],"collection":[{"href":"https:\/\/wydawnictwo.ug.edu.pl\/en\/wp-json\/wp\/v2\/product"}],"about":[{"href":"https:\/\/wydawnictwo.ug.edu.pl\/en\/wp-json\/wp\/v2\/types\/product"}],"wp:featuredmedia":[{"embeddable":true,"href":"https:\/\/wydawnictwo.ug.edu.pl\/en\/wp-json\/wp\/v2\/media\/17496"}],"wp:attachment":[{"href":"https:\/\/wydawnictwo.ug.edu.pl\/en\/wp-json\/wp\/v2\/media?parent=46546"}],"wp:term":[{"taxonomy":"journal","embeddable":true,"href":"https:\/\/wydawnictwo.ug.edu.pl\/en\/wp-json\/wp\/v2\/journal?post=46546"},{"taxonomy":"rodzaj","embeddable":true,"href":"https:\/\/wydawnictwo.ug.edu.pl\/en\/wp-json\/wp\/v2\/rodzaj?post=46546"},{"taxonomy":"seria","embeddable":true,"href":"https:\/\/wydawnictwo.ug.edu.pl\/en\/wp-json\/wp\/v2\/seria?post=46546"},{"taxonomy":"product_brand","embeddable":true,"href":"https:\/\/wydawnictwo.ug.edu.pl\/en\/wp-json\/wp\/v2\/product_brand?post=46546"},{"taxonomy":"product_cat","embeddable":true,"href":"https:\/\/wydawnictwo.ug.edu.pl\/en\/wp-json\/wp\/v2\/product_cat?post=46546"},{"taxonomy":"product_tag","embeddable":true,"href":"https:\/\/wydawnictwo.ug.edu.pl\/en\/wp-json\/wp\/v2\/product_tag?post=46546"}],"curies":[{"name":"wp","href":"https:\/\/api.w.org\/{rel}","templated":true}]}}

Pamiętniki Gaudentia di Lucca

<p><em>Wspomnienia Gaudentia di Lucca</em> to pierwsza angielska powieść utopijna, której autorem był &#8211; jak początkowo powszechnie sądzono &#8211; słynny filozof i biskup protestancki George Berkeley (1685-1753). Przekonanie o autorstwie Berkeleya utrzymywało się do końca XIX wieku pomimo stanowczych zaprzeczeń jego syna. Obecnie większość badaczy uważa, że rzeczywistym autorem utworu był rzymskokatolicki duchowny Simon Berington (1680-1755), wychowanek i wieloletni profesor poezji i filozofii w seminarium duchownym College des Grands Anglais w Douai we Francji. Po powrocie do Anglii Berington opublikował wiele polemicznych traktatów i pamfletów teologicznych. Według anonimowego korespondenta „Gentleman&#8217;s Magazine&#8221; (1785) swoją powieść napisał dla zabawy podczas ataku podagry.</p>
