{"id":46539,"date":"2019-12-01T00:00:00","date_gmt":"2019-12-01T00:00:00","guid":{"rendered":"https:\/\/wydawnictwo.ug.edu.pl\/ksiegarnia-online\/uncategorized\/gdansk-w-ogladzie-socjologicznym\/"},"modified":"2026-02-11T14:30:43","modified_gmt":"2026-02-11T14:30:43","slug":"gdansk-w-ogladzie-socjologicznym","status":"publish","type":"product","link":"https:\/\/wydawnictwo.ug.edu.pl\/en\/ksiegarnia-online\/socjologia\/gdansk-w-ogladzie-socjologicznym\/","title":{"rendered":"Gda\u0144sk w ogl\u0105dzie socjologicznym"},"content":{"rendered":"","protected":false},"excerpt":{"rendered":"<p>W ostatnich latach zaobserwowa\u0107 mo\u017cna zwrot w my\u015bleniu o mie\u015bcie. Proces globalizacji i prymat neoliberalnej gospodarki w zarz\u0105dzaniu miastem powodowa\u0142, \u017ce interesy ekonomiczne zwykle bra\u0142y g\u00f3r\u0119 nad interesami spo\u0142ecznymi. Obecnie mo\u017cna zauwa\u017cy\u0107 przebudzenie \u015bwiadomo\u015bci i poczucia odpowiedzialno\u015bci za jako\u015b\u0107 przestrzeni. Wzros\u0142o zainteresowanie modelem rozwoju rozumianym jako sie\u0107 wsp\u00f3\u0142pracy jednostek\u00a0 i grup spo\u0142ecznych, w wyniku kt\u00f3rej powstaj\u0105 wsp\u00f3lnoty lokalne. Wiele na to wskazuje, \u017ce\u00a0 jest to kierunek, kt\u00f3ry warunkowa\u0107 b\u0119dzie proces kszta\u0142towania si\u0119 to\u017csamo\u015bci Gda\u0144ska w przysz\u0142o\u015bci. W publikacji zaprezentowane zosta\u0142y wybrane wyniki bada\u0144 socjologicznych realizowanych w Gda\u0144sku w okresie od 1996 do 2018 roku, w oparciu o umowy partnerskie zawierane pomi\u0119dzy Urz\u0119dem Miasta w Gda\u0144sku a Uniwersytetem Gda\u0144skim. Publikacja ma charakter socjologicznego studium empiryczno-analitycznego.<\/p>\n<p><strong>Publikacja sfinansowana przez Urz\u0105d Miasta Gda\u0144ska.<\/strong><\/p>\n<p><img decoding=\"async\" src=\"https:\/\/www.gdansk.pl\/en\/download\/2012-04\/20088.jpg\" alt=\"herb\" width=\"150\" height=\"116\" \/><\/p>\n","protected":false},"featured_media":16743,"template":"","meta":{"_acf_changed":false},"journal":[],"rodzaj":[],"seria":[],"product_brand":[],"product_cat":[6953],"product_tag":[7989],"class_list":{"0":"post-46539","1":"product","2":"type-product","3":"status-publish","4":"has-post-thumbnail","6":"product_cat-socjologia","7":"product_tag-jaroslaw-zalecki","8":"pa_rok-wydania-2020-en","10":"first","11":"outofstock","12":"taxable","13":"shipping-taxable","14":"purchasable","15":"product-type-simple"},"acf":[],"_links":{"self":[{"href":"https:\/\/wydawnictwo.ug.edu.pl\/en\/wp-json\/wp\/v2\/product\/46539","targetHints":{"allow":["GET"]}}],"collection":[{"href":"https:\/\/wydawnictwo.ug.edu.pl\/en\/wp-json\/wp\/v2\/product"}],"about":[{"href":"https:\/\/wydawnictwo.ug.edu.pl\/en\/wp-json\/wp\/v2\/types\/product"}],"wp:featuredmedia":[{"embeddable":true,"href":"https:\/\/wydawnictwo.ug.edu.pl\/en\/wp-json\/wp\/v2\/media\/16743"}],"wp:attachment":[{"href":"https:\/\/wydawnictwo.ug.edu.pl\/en\/wp-json\/wp\/v2\/media?parent=46539"}],"wp:term":[{"taxonomy":"journal","embeddable":true,"href":"https:\/\/wydawnictwo.ug.edu.pl\/en\/wp-json\/wp\/v2\/journal?post=46539"},{"taxonomy":"rodzaj","embeddable":true,"href":"https:\/\/wydawnictwo.ug.edu.pl\/en\/wp-json\/wp\/v2\/rodzaj?post=46539"},{"taxonomy":"seria","embeddable":true,"href":"https:\/\/wydawnictwo.ug.edu.pl\/en\/wp-json\/wp\/v2\/seria?post=46539"},{"taxonomy":"product_brand","embeddable":true,"href":"https:\/\/wydawnictwo.ug.edu.pl\/en\/wp-json\/wp\/v2\/product_brand?post=46539"},{"taxonomy":"product_cat","embeddable":true,"href":"https:\/\/wydawnictwo.ug.edu.pl\/en\/wp-json\/wp\/v2\/product_cat?post=46539"},{"taxonomy":"product_tag","embeddable":true,"href":"https:\/\/wydawnictwo.ug.edu.pl\/en\/wp-json\/wp\/v2\/product_tag?post=46539"}],"curies":[{"name":"wp","href":"https:\/\/api.w.org\/{rel}","templated":true}]}}

Gdańsk w oglądzie socjologicznym

<p>W ostatnich latach zaobserwować można zwrot w myśleniu o mieście. Proces globalizacji i prymat neoliberalnej gospodarki w zarządzaniu miastem powodował, że interesy ekonomiczne zwykle brały górę nad interesami społecznymi. Obecnie można zauważyć przebudzenie świadomości i poczucia odpowiedzialności za jakość przestrzeni. Wzrosło zainteresowanie modelem rozwoju rozumianym jako sieć współpracy jednostek  i grup społecznych, w wyniku której powstają wspólnoty lokalne. Wiele na to wskazuje, że  jest to kierunek, który warunkować będzie proces kształtowania się tożsamości Gdańska w przyszłości. W publikacji zaprezentowane zostały wybrane wyniki badań socjologicznych realizowanych w Gdańsku w okresie od 1996 do 2018 roku, w oparciu o umowy partnerskie zawierane pomiędzy Urzędem Miasta w Gdańsku a Uniwersytetem Gdańskim. Publikacja ma charakter socjologicznego studium empiryczno-analitycznego.</p>
<p><strong>Publikacja sfinansowana przez Urząd Miasta Gdańska.</strong></p>
<p><img decoding="async" src="https://www.gdansk.pl/en/download/2012-04/20088.jpg" alt="herb" width="150" height="116" /></p>
