{"id":46538,"date":"2019-12-01T00:00:00","date_gmt":"2019-12-01T00:00:00","guid":{"rendered":"https:\/\/wydawnictwo.ug.edu.pl\/ksiegarnia-online\/uncategorized\/sny-wiezniow-obozu-koncentracyjnego-w-oswiecimiu\/"},"modified":"2026-02-11T14:30:20","modified_gmt":"2026-02-11T14:30:20","slug":"sny-wiezniow-obozu-koncentracyjnego-w-oswiecimiu","status":"publish","type":"product","link":"https:\/\/wydawnictwo.ug.edu.pl\/en\/ksiegarnia-online\/pedagogika-i-psychologia\/sny-wiezniow-obozu-koncentracyjnego-w-oswiecimiu\/","title":{"rendered":"Sny wi\u0119\u017ani\u00f3w obozu koncentracyjnego w O\u015bwi\u0119cimiu"},"content":{"rendered":"","protected":false},"excerpt":{"rendered":"<p>W\u015br\u00f3d wielorakich \u015bwiadectw na temat Holokaustu s\u0105 takie, na kt\u00f3re, jak dot\u0105d, nie zwracano szczeg\u00f3lnej uwagi: marzenia senne. W ostatnich latach badacze wykazuj\u0105 coraz wi\u0119ksze zainteresowanie subiektywnymi wra\u017ceniami ofiar i ocala\u0142ych. Studiuj\u0105 ich sekretne pami\u0119tniki, intymne wyznania czy artystyczne formy ekspresji. Zajmuj\u0105 si\u0119 wspomnieniami \u201eodziedziczonymi\u201d przez ich dzieci i wnuki, ale sny pomijaj\u0105 niemal zupe\u0142nie. A przecie\u017c to w\u0142a\u015bnie sny zdaj\u0105 si\u0119 oferowa\u0107 najlepsz\u0105 mo\u017cliwo\u015b\u0107 wejrzenia w \u017cycie wewn\u0119trzne ocala\u0142ych. Sny mog\u0105 ods\u0142oni\u0107 prawd\u0119, kt\u00f3ra pozostaje nierozpoznana i niepoj\u0119ta przez samych \u015bni\u0105cych.<\/p>\n<p>W ksi\u0105\u017cce autor opisuje marzenia senne tych, kt\u00f3rzy prze\u017cyli ob\u00f3z koncentracyjny w O\u015bwi\u0119cimiu z nadziej\u0105, \u017ce pozwoli ona spojrze\u0107 na ich do\u015bwiadczenia z nowej, nieznanej dot\u0105d perspektywy.<\/p>\n","protected":false},"featured_media":16872,"template":"","meta":{"_acf_changed":false},"journal":[],"rodzaj":[],"seria":[],"product_brand":[],"product_cat":[7007],"product_tag":[7988],"class_list":{"0":"post-46538","1":"product","2":"type-product","3":"status-publish","4":"has-post-thumbnail","6":"product_cat-pedagogika-i-psychologia","7":"product_tag-wojciech-owczarski","8":"pa_rok-wydania-2020-en","10":"first","11":"outofstock","12":"taxable","13":"shipping-taxable","14":"purchasable","15":"product-type-simple"},"acf":[],"_links":{"self":[{"href":"https:\/\/wydawnictwo.ug.edu.pl\/en\/wp-json\/wp\/v2\/product\/46538","targetHints":{"allow":["GET"]}}],"collection":[{"href":"https:\/\/wydawnictwo.ug.edu.pl\/en\/wp-json\/wp\/v2\/product"}],"about":[{"href":"https:\/\/wydawnictwo.ug.edu.pl\/en\/wp-json\/wp\/v2\/types\/product"}],"wp:featuredmedia":[{"embeddable":true,"href":"https:\/\/wydawnictwo.ug.edu.pl\/en\/wp-json\/wp\/v2\/media\/16872"}],"wp:attachment":[{"href":"https:\/\/wydawnictwo.ug.edu.pl\/en\/wp-json\/wp\/v2\/media?parent=46538"}],"wp:term":[{"taxonomy":"journal","embeddable":true,"href":"https:\/\/wydawnictwo.ug.edu.pl\/en\/wp-json\/wp\/v2\/journal?post=46538"},{"taxonomy":"rodzaj","embeddable":true,"href":"https:\/\/wydawnictwo.ug.edu.pl\/en\/wp-json\/wp\/v2\/rodzaj?post=46538"},{"taxonomy":"seria","embeddable":true,"href":"https:\/\/wydawnictwo.ug.edu.pl\/en\/wp-json\/wp\/v2\/seria?post=46538"},{"taxonomy":"product_brand","embeddable":true,"href":"https:\/\/wydawnictwo.ug.edu.pl\/en\/wp-json\/wp\/v2\/product_brand?post=46538"},{"taxonomy":"product_cat","embeddable":true,"href":"https:\/\/wydawnictwo.ug.edu.pl\/en\/wp-json\/wp\/v2\/product_cat?post=46538"},{"taxonomy":"product_tag","embeddable":true,"href":"https:\/\/wydawnictwo.ug.edu.pl\/en\/wp-json\/wp\/v2\/product_tag?post=46538"}],"curies":[{"name":"wp","href":"https:\/\/api.w.org\/{rel}","templated":true}]}}

Sny więźniów obozu koncentracyjnego w Oświęcimiu

<p>Wśród wielorakich świadectw na temat Holokaustu są takie, na które, jak dotąd, nie zwracano szczególnej uwagi: marzenia senne. W ostatnich latach badacze wykazują coraz większe zainteresowanie subiektywnymi wrażeniami ofiar i ocalałych. Studiują ich sekretne pamiętniki, intymne wyznania czy artystyczne formy ekspresji. Zajmują się wspomnieniami „odziedziczonymi” przez ich dzieci i wnuki, ale sny pomijają niemal zupełnie. A przecież to właśnie sny zdają się oferować najlepszą możliwość wejrzenia w życie wewnętrzne ocalałych. Sny mogą odsłonić prawdę, która pozostaje nierozpoznana i niepojęta przez samych śniących.</p>
<p>W książce autor opisuje marzenia senne tych, którzy przeżyli obóz koncentracyjny w Oświęcimiu z nadzieją, że pozwoli ona spojrzeć na ich doświadczenia z nowej, nieznanej dotąd perspektywy.</p>
