{"id":46535,"date":"2019-12-01T00:00:00","date_gmt":"2019-12-01T00:00:00","guid":{"rendered":"https:\/\/wydawnictwo.ug.edu.pl\/ksiegarnia-online\/uncategorized\/polityka-redystrybucyjna-a-nierownosci-dochodowe\/"},"modified":"2026-02-11T14:24:00","modified_gmt":"2026-02-11T14:24:00","slug":"polityka-redystrybucyjna-a-nierownosci-dochodowe","status":"publish","type":"product","link":"https:\/\/wydawnictwo.ug.edu.pl\/en\/ksiegarnia-online\/ekonomia\/polityka-redystrybucyjna-a-nierownosci-dochodowe\/","title":{"rendered":"Polityka redystrybucyjna a nier\u00f3wno\u015bci dochodowe"},"content":{"rendered":"","protected":false},"excerpt":{"rendered":"<p>W niniejszej monografii przedstawiono zagadnienie nier\u00f3wno\u015bci dochodowych z punktu widzenia polityki redystrybucyjnej. Celem pracy jest ocena wp\u0142ywu redystrybucji dochod\u00f3w na kszta\u0142towanie si\u0119 ostatecznego poziomu dochod\u00f3w rozporz\u0105dzalnych gospodarstw domowych. Hipoteza badawcza zak\u0142ada, \u017ce w gospodarkach, w kt\u00f3rych obserwuje si\u0119 wi\u0119ksze nier\u00f3wno\u015bci rynkowe (pierwotne), redystrybucja dochod\u00f3w osi\u0105ga wi\u0119ksz\u0105 skal\u0119. Sama redystrybucja zosta\u0142a tu przedstawiona na kilku p\u0142aszczyznach. Analizie poddano redystrybucj\u0119 zar\u00f3wno bezpo\u015bredni\u0105, jak i po\u015bredni\u0105. Badano mo\u017cliwo\u015bci wp\u0142ywania na poziom dochod\u00f3w przez w\u0142adze centralne i lokalne. Szczeg\u00f3lnie, na podstawie szerokiego przegl\u0105du literatury, zwracano uwag\u0119 na te aspekty redystrybucji, kt\u00f3re wydaj\u0105 si\u0119 przynosi\u0107 najlepsze rezultaty dla podniesienia jako\u015bci \u017cycia obywateli.<\/p>\n","protected":false},"featured_media":16225,"template":"","meta":{"_acf_changed":false},"journal":[],"rodzaj":[],"seria":[],"product_brand":[],"product_cat":[6934],"product_tag":[7386,7518,7830],"class_list":{"0":"post-46535","1":"product","2":"type-product","3":"status-publish","4":"has-post-thumbnail","6":"product_cat-ekonomia","7":"product_tag-anita-szymanska","8":"product_tag-grzegorz-pawlowski","9":"product_tag-jaroslaw-kempa3","10":"pa_rok-wydania-2020-en","12":"first","13":"outofstock","14":"taxable","15":"shipping-taxable","16":"purchasable","17":"product-type-simple"},"acf":[],"_links":{"self":[{"href":"https:\/\/wydawnictwo.ug.edu.pl\/en\/wp-json\/wp\/v2\/product\/46535","targetHints":{"allow":["GET"]}}],"collection":[{"href":"https:\/\/wydawnictwo.ug.edu.pl\/en\/wp-json\/wp\/v2\/product"}],"about":[{"href":"https:\/\/wydawnictwo.ug.edu.pl\/en\/wp-json\/wp\/v2\/types\/product"}],"wp:featuredmedia":[{"embeddable":true,"href":"https:\/\/wydawnictwo.ug.edu.pl\/en\/wp-json\/wp\/v2\/media\/16225"}],"wp:attachment":[{"href":"https:\/\/wydawnictwo.ug.edu.pl\/en\/wp-json\/wp\/v2\/media?parent=46535"}],"wp:term":[{"taxonomy":"journal","embeddable":true,"href":"https:\/\/wydawnictwo.ug.edu.pl\/en\/wp-json\/wp\/v2\/journal?post=46535"},{"taxonomy":"rodzaj","embeddable":true,"href":"https:\/\/wydawnictwo.ug.edu.pl\/en\/wp-json\/wp\/v2\/rodzaj?post=46535"},{"taxonomy":"seria","embeddable":true,"href":"https:\/\/wydawnictwo.ug.edu.pl\/en\/wp-json\/wp\/v2\/seria?post=46535"},{"taxonomy":"product_brand","embeddable":true,"href":"https:\/\/wydawnictwo.ug.edu.pl\/en\/wp-json\/wp\/v2\/product_brand?post=46535"},{"taxonomy":"product_cat","embeddable":true,"href":"https:\/\/wydawnictwo.ug.edu.pl\/en\/wp-json\/wp\/v2\/product_cat?post=46535"},{"taxonomy":"product_tag","embeddable":true,"href":"https:\/\/wydawnictwo.ug.edu.pl\/en\/wp-json\/wp\/v2\/product_tag?post=46535"}],"curies":[{"name":"wp","href":"https:\/\/api.w.org\/{rel}","templated":true}]}}

Polityka redystrybucyjna a nierówności dochodowe

<p>W niniejszej monografii przedstawiono zagadnienie nierówności dochodowych z punktu widzenia polityki redystrybucyjnej. Celem pracy jest ocena wpływu redystrybucji dochodów na kształtowanie się ostatecznego poziomu dochodów rozporządzalnych gospodarstw domowych. Hipoteza badawcza zakłada, że w gospodarkach, w których obserwuje się większe nierówności rynkowe (pierwotne), redystrybucja dochodów osiąga większą skalę. Sama redystrybucja została tu przedstawiona na kilku płaszczyznach. Analizie poddano redystrybucję zarówno bezpośrednią, jak i pośrednią. Badano możliwości wpływania na poziom dochodów przez władze centralne i lokalne. Szczególnie, na podstawie szerokiego przeglądu literatury, zwracano uwagę na te aspekty redystrybucji, które wydają się przynosić najlepsze rezultaty dla podniesienia jakości życia obywateli.</p>
