{"id":46517,"date":"2021-08-26T12:43:06","date_gmt":"2021-08-26T12:43:06","guid":{"rendered":"https:\/\/wydawnictwo.ug.edu.pl\/ksiegarnia-online\/uncategorized\/challenger-metamorfozy-poety-w-tworczosci-krzysztofa-karaska\/"},"modified":"2026-02-11T14:14:47","modified_gmt":"2026-02-11T14:14:47","slug":"challenger-metamorfozy-poety-w-tworczosci-krzysztofa-karaska","status":"publish","type":"product","link":"https:\/\/wydawnictwo.ug.edu.pl\/en\/ksiegarnia-online\/literaturoznawstwo\/challenger-metamorfozy-poety-w-tworczosci-krzysztofa-karaska\/","title":{"rendered":"Challenger. Metamorfozy poety w tw\u00f3rczo\u015bci Krzysztofa Karaska"},"content":{"rendered":"","protected":false},"excerpt":{"rendered":"<p>Ceni\u0119 sobie po\u0142\u0105czenie przez Nowaczewskiego metody pracy \u201eblisko tekst\u00f3w\u201d, kt\u00f3ra wywodzi si\u0119 najwyra\u017aniej z tradycji hermeneutycznej, nakazuj\u0105cej rzetelno\u015b\u0107 wobec intencji znaczeniowych zawartych w poszczeg\u00f3lnych utworach z uj\u0119ciem strukturalnym, wywiedzionym najprawdopodobniej ze znanych prac (na gruncie polskim) Edwarda Balcerzana. Co wi\u0119cej \u2013 cho\u0107 to nieco ryzykowne \u2013 Nowaczewski si\u0119ga tak\u017ce po metod\u0119 biograficzno-kontekstualn\u0105 interpretacji, zachowuj\u0105c tu jednak w\u0142a\u015bciwe proporcje i potrzebny umiar.<\/p>\n<p>Ksi\u0105\u017cka z pewno\u015bci\u0105 b\u0119dzie mog\u0142a ubiega\u0107 si\u0119 o miano tzw. lektury pierwszej. Rozumiem przez to okre\u015blenie sytuacj\u0119, gdy tekst staje si\u0119 fundamentalnym punktem wyj\u015bcia dla tych, kt\u00f3rzy chc\u0105 bli\u017cej i g\u0142\u0119biej zaj\u0105\u0107 si\u0119 tw\u00f3rczo\u015bci\u0105 Karaska. \u201eKsi\u0105\u017cki pierwsze\u201d to takie, od kt\u00f3rych zaczyna si\u0119 czytanie opracowa\u0144\u2026 Wynika to oczywi\u015bcie z ambicji stworzenia pierwszej monografii poezji autora, wydaje si\u0119, \u017ce udanej. Takie monografie tworz\u0105 podstaw\u0119 dyskusji, oferuj\u0105c jednocze\u015bnie pewne kanoniczne rozpoznania. (\u2026)<\/p>\n<p>Krzysztof Karasek na takie ca\u0142o\u015bciowe spojrzenie na sw\u00f3j poetycki do-robek niew\u0105tpliwie zas\u0142ugiwa\u0142 i mo\u017cna nawet z pewnym zdumieniem stwierdzi\u0107, \u017ce nie doczeka\u0142 si\u0119 go spod pi\u00f3ra komentator\u00f3w bli\u017cszych pokoleniowo. Trzeba by\u0142o dopiero badacza (i poety jednocze\u015bnie) znacznie m\u0142odszego, kt\u00f3ry b\u0119dzie umia\u0142 po\u0142\u0105czy\u0107 osobist\u0105 fascynacj\u0119 t\u0105 tw\u00f3rczo\u015bci\u0105 z ch\u0142odnym ogl\u0105dem naukowca \u015bwiadomego technik, horyzontu ideowego, poetyki czy te\u017c \u2013 co wa\u017cne \u2013 biograficznych uwi-k\u0142a\u0144 i kontekst\u00f3w poety, kt\u00f3rego dzie\u0142em si\u0119 zajmuje.<\/p>\n<p><em>Z recenzji dr. hab. Jaros\u0142awa Klejnockiego, prof. UW<\/em><\/p>\n","protected":false},"featured_media":15200,"template":"","meta":{"_acf_changed":false},"journal":[],"rodzaj":[7074],"seria":[],"product_brand":[],"product_cat":[6925],"product_tag":[7835],"class_list":{"0":"post-46517","1":"product","2":"type-product","3":"status-publish","4":"has-post-thumbnail","6":"rodzaj-ksiazki","7":"product_cat-literaturoznawstwo","8":"product_tag-artur-nowaczewski","10":"first","11":"instock","12":"taxable","13":"shipping-taxable","14":"purchasable","15":"product-type-simple"},"acf":[],"_links":{"self":[{"href":"https:\/\/wydawnictwo.ug.edu.pl\/en\/wp-json\/wp\/v2\/product\/46517","targetHints":{"allow":["GET"]}}],"collection":[{"href":"https:\/\/wydawnictwo.ug.edu.pl\/en\/wp-json\/wp\/v2\/product"}],"about":[{"href":"https:\/\/wydawnictwo.ug.edu.pl\/en\/wp-json\/wp\/v2\/types\/product"}],"wp:featuredmedia":[{"embeddable":true,"href":"https:\/\/wydawnictwo.ug.edu.pl\/en\/wp-json\/wp\/v2\/media\/15200"}],"wp:attachment":[{"href":"https:\/\/wydawnictwo.ug.edu.pl\/en\/wp-json\/wp\/v2\/media?parent=46517"}],"wp:term":[{"taxonomy":"journal","embeddable":true,"href":"https:\/\/wydawnictwo.ug.edu.pl\/en\/wp-json\/wp\/v2\/journal?post=46517"},{"taxonomy":"rodzaj","embeddable":true,"href":"https:\/\/wydawnictwo.ug.edu.pl\/en\/wp-json\/wp\/v2\/rodzaj?post=46517"},{"taxonomy":"seria","embeddable":true,"href":"https:\/\/wydawnictwo.ug.edu.pl\/en\/wp-json\/wp\/v2\/seria?post=46517"},{"taxonomy":"product_brand","embeddable":true,"href":"https:\/\/wydawnictwo.ug.edu.pl\/en\/wp-json\/wp\/v2\/product_brand?post=46517"},{"taxonomy":"product_cat","embeddable":true,"href":"https:\/\/wydawnictwo.ug.edu.pl\/en\/wp-json\/wp\/v2\/product_cat?post=46517"},{"taxonomy":"product_tag","embeddable":true,"href":"https:\/\/wydawnictwo.ug.edu.pl\/en\/wp-json\/wp\/v2\/product_tag?post=46517"}],"curies":[{"name":"wp","href":"https:\/\/api.w.org\/{rel}","templated":true}]}}

Challenger. Metamorfozy poety w twórczości Krzysztofa Karaska

<p>Cenię sobie połączenie przez Nowaczewskiego metody pracy „blisko tekstów”, która wywodzi się najwyraźniej z tradycji hermeneutycznej, nakazującej rzetelność wobec intencji znaczeniowych zawartych w poszczególnych utworach z ujęciem strukturalnym, wywiedzionym najprawdopodobniej ze znanych prac (na gruncie polskim) Edwarda Balcerzana. Co więcej – choć to nieco ryzykowne – Nowaczewski sięga także po metodę biograficzno-kontekstualną interpretacji, zachowując tu jednak właściwe proporcje i potrzebny umiar.</p>
<p>Książka z pewnością będzie mogła ubiegać się o miano tzw. lektury pierwszej. Rozumiem przez to określenie sytuację, gdy tekst staje się fundamentalnym punktem wyjścia dla tych, którzy chcą bliżej i głębiej zająć się twórczością Karaska. „Książki pierwsze” to takie, od których zaczyna się czytanie opracowań… Wynika to oczywiście z ambicji stworzenia pierwszej monografii poezji autora, wydaje się, że udanej. Takie monografie tworzą podstawę dyskusji, oferując jednocześnie pewne kanoniczne rozpoznania. (…)</p>
<p>Krzysztof Karasek na takie całościowe spojrzenie na swój poetycki do-robek niewątpliwie zasługiwał i można nawet z pewnym zdumieniem stwierdzić, że nie doczekał się go spod pióra komentatorów bliższych pokoleniowo. Trzeba było dopiero badacza (i poety jednocześnie) znacznie młodszego, który będzie umiał połączyć osobistą fascynację tą twórczością z chłodnym oglądem naukowca świadomego technik, horyzontu ideowego, poetyki czy też – co ważne – biograficznych uwi-kłań i kontekstów poety, którego dziełem się zajmuje.</p>
<p><em>Z recenzji dr. hab. Jarosława Klejnockiego, prof. UW</em></p>
