{"id":46514,"date":"2021-08-27T07:30:49","date_gmt":"2021-08-27T07:30:49","guid":{"rendered":"https:\/\/wydawnictwo.ug.edu.pl\/ksiegarnia-online\/uncategorized\/administratywizacja-prawa-karnego-czy-kryminalizacja-prawa-administracyjnego\/"},"modified":"2026-02-11T14:14:51","modified_gmt":"2026-02-11T14:14:51","slug":"administratywizacja-prawa-karnego-czy-kryminalizacja-prawa-administracyjnego","status":"publish","type":"product","link":"https:\/\/wydawnictwo.ug.edu.pl\/en\/ksiegarnia-online\/prawo-i-administracja\/administratywizacja-prawa-karnego-czy-kryminalizacja-prawa-administracyjnego\/","title":{"rendered":"\u201eAdministratywizacja\u201d prawa karnego czy \u201ekryminalizacja\u201d prawa administracyjnego?"},"content":{"rendered":"","protected":false},"excerpt":{"rendered":"<p>Opracowanie przedk\u0142adane Czytelnikom jest po\u015bwi\u0119cone aktualnemu i \u017cywo dyskutowanemu zjawisku kwalifikowania przez ustawodawc\u0119 niekt\u00f3rych typ\u00f3w nagannych zachowa\u0144 jako delikt\u00f3w administracyjnych, w tym tak\u017ce w drodze konwersji przest\u0119pstw i wykrocze\u0144, w delikty administracyjne. Konsekwencj\u0105 tego zjawiska jest wyposa\u017canie organ\u00f3w administracji publicznej w kompetencje do wymierzania kar administracyjnych w formie decyzji administracyjnych, wydawanych w trybie post\u0119powania administracyjnego.<\/p>\n<p>Kary administracyjne nierzadko charakteryzuj\u0105 si\u0119 znacznym poziomem dolegliwo\u015bci (w pewnych przypadkach bywaj\u0105 nawet oceniane jako horrendalne), a ich orzekanie odbywa si\u0119 bez konieczno\u015bci zachowania gwarancji ochrony jednostki wypracowanych w obr\u0119bie prawa karnego materialnego i procesowego.<\/p>\n<p>W tekstach sk\u0142adaj\u0105cych si\u0119 na niniejsz\u0105 ksi\u0105\u017ck\u0119 om\u00f3wiono w\u0119z\u0142owe zagadnienia teoretyczne i praktyczne oraz ryzyka zwi\u0105zane z \u201eprzenoszeniem&#8221; funkcji penalnej z p\u0142aszczyzny prawa karnego na p\u0142aszczyzn\u0119 prawa administracyjnego. Istotnym w\u0105tkiem rozwa\u017canym w opracowaniach by\u0142o poszukiwanie standard\u00f3w ochrony jednostki przy wymierzaniu kar administracyjnych. Ksi\u0105\u017cka adresowana jest do wszystkich, kt\u00f3rzy zajmuj\u0105 si\u0119 problematyk\u0105 delikt\u00f3w administracyjnych i kar administracyjnych tak w wymiarze teoretycznym, jak i praktycznym.<\/p>\n","protected":false},"featured_media":15217,"template":"","meta":{"_acf_changed":false},"journal":[],"rodzaj":[],"seria":[],"product_brand":[],"product_cat":[6932],"product_tag":[7592,7350],"class_list":{"0":"post-46514","1":"product","2":"type-product","3":"status-publish","4":"has-post-thumbnail","6":"product_cat-prawo-i-administracja","7":"product_tag-mariusz-boguszmariusz-bogusz","8":"product_tag-wojciech-zalewskiwojciech-zalewski","10":"first","11":"outofstock","12":"taxable","13":"shipping-taxable","14":"purchasable","15":"product-type-simple"},"acf":[],"_links":{"self":[{"href":"https:\/\/wydawnictwo.ug.edu.pl\/en\/wp-json\/wp\/v2\/product\/46514","targetHints":{"allow":["GET"]}}],"collection":[{"href":"https:\/\/wydawnictwo.ug.edu.pl\/en\/wp-json\/wp\/v2\/product"}],"about":[{"href":"https:\/\/wydawnictwo.ug.edu.pl\/en\/wp-json\/wp\/v2\/types\/product"}],"wp:featuredmedia":[{"embeddable":true,"href":"https:\/\/wydawnictwo.ug.edu.pl\/en\/wp-json\/wp\/v2\/media\/15217"}],"wp:attachment":[{"href":"https:\/\/wydawnictwo.ug.edu.pl\/en\/wp-json\/wp\/v2\/media?parent=46514"}],"wp:term":[{"taxonomy":"journal","embeddable":true,"href":"https:\/\/wydawnictwo.ug.edu.pl\/en\/wp-json\/wp\/v2\/journal?post=46514"},{"taxonomy":"rodzaj","embeddable":true,"href":"https:\/\/wydawnictwo.ug.edu.pl\/en\/wp-json\/wp\/v2\/rodzaj?post=46514"},{"taxonomy":"seria","embeddable":true,"href":"https:\/\/wydawnictwo.ug.edu.pl\/en\/wp-json\/wp\/v2\/seria?post=46514"},{"taxonomy":"product_brand","embeddable":true,"href":"https:\/\/wydawnictwo.ug.edu.pl\/en\/wp-json\/wp\/v2\/product_brand?post=46514"},{"taxonomy":"product_cat","embeddable":true,"href":"https:\/\/wydawnictwo.ug.edu.pl\/en\/wp-json\/wp\/v2\/product_cat?post=46514"},{"taxonomy":"product_tag","embeddable":true,"href":"https:\/\/wydawnictwo.ug.edu.pl\/en\/wp-json\/wp\/v2\/product_tag?post=46514"}],"curies":[{"name":"wp","href":"https:\/\/api.w.org\/{rel}","templated":true}]}}

<p>Opracowanie przedkładane Czytelnikom jest poświęcone aktualnemu i żywo dyskutowanemu zjawisku kwalifikowania przez ustawodawcę niektórych typów nagannych zachowań jako deliktów administracyjnych, w tym także w drodze konwersji przestępstw i wykroczeń, w delikty administracyjne. Konsekwencją tego zjawiska jest wyposażanie organów administracji publicznej w kompetencje do wymierzania kar administracyjnych w formie decyzji administracyjnych, wydawanych w trybie postępowania administracyjnego.</p>
<p>Kary administracyjne nierzadko charakteryzują się znacznym poziomem dolegliwości (w pewnych przypadkach bywają nawet oceniane jako horrendalne), a ich orzekanie odbywa się bez konieczności zachowania gwarancji ochrony jednostki wypracowanych w obrębie prawa karnego materialnego i procesowego.</p>
<p>W tekstach składających się na niniejszą książkę omówiono węzłowe zagadnienia teoretyczne i praktyczne oraz ryzyka związane z „przenoszeniem&#8221; funkcji penalnej z płaszczyzny prawa karnego na płaszczyznę prawa administracyjnego. Istotnym wątkiem rozważanym w opracowaniach było poszukiwanie standardów ochrony jednostki przy wymierzaniu kar administracyjnych. Książka adresowana jest do wszystkich, którzy zajmują się problematyką deliktów administracyjnych i kar administracyjnych tak w wymiarze teoretycznym, jak i praktycznym.</p>
