{"id":46511,"date":"2021-08-27T08:01:41","date_gmt":"2021-08-27T08:01:41","guid":{"rendered":"https:\/\/wydawnictwo.ug.edu.pl\/ksiegarnia-online\/uncategorized\/prussia-monastica-studia-z-dziejow-zakonow-w-prusach-krzyzackich-krolewskich-i-zachodnich-od-xiii-do-polowy-xix-w\/"},"modified":"2026-02-11T14:14:55","modified_gmt":"2026-02-11T14:14:55","slug":"prussia-monastica-studia-z-dziejow-zakonow-w-prusach-krzyzackich-krolewskich-i-zachodnich-od-xiii-do-polowy-xix-w","status":"publish","type":"product","link":"https:\/\/wydawnictwo.ug.edu.pl\/en\/ksiegarnia-online\/historia\/prussia-monastica-studia-z-dziejow-zakonow-w-prusach-krzyzackich-krolewskich-i-zachodnich-od-xiii-do-polowy-xix-w\/","title":{"rendered":"Prussia Monastica. Studia z dziej\u00f3w zakon\u00f3w w Prusach Krzy\u017cackich, Kr\u00f3lewskich i Zachodnich (od XIII do po\u0142owy XIX w.)"},"content":{"rendered":"","protected":false},"excerpt":{"rendered":"<p>Ksi\u0105\u017cka zawiera studia dotycz\u0105ce wybranych aspekt\u00f3w \u017cycia monastycznego w Prusach Krzy\u017cackich, Kr\u00f3lewskich i Zachodnich od XIII\u00a0do po\u0142owy XIX w. Wi\u0119kszo\u015b\u0107 opracowa\u0144 po\u015bwi\u0119cono dzia\u0142alno\u015bci\u00a0zakon\u00f3w mendykanckich (dominikan\u00f3w i franciszkan\u00f3w). Cho\u0107\u00a0poszczeg\u00f3lne prace przedstawiaj\u0105 r\u00f3\u017cne zagadnienia szczeg\u00f3\u0142owe\u00a0i obejmuj\u0105 bardzo d\u0142ugi czas, to w sumie sk\u0142adaj\u0105 si\u0119 na sp\u00f3jny obraz\u00a0funkcjonowania instytucji klasztornych na tych terenach, daj\u0105c\u00a0\u015bwiadectwo ich niezwyk\u0142ej umiej\u0119tno\u015bci przystosowania si\u0119 do zachodz\u0105cych zmian.<\/p>\n","protected":false},"featured_media":15230,"template":"","meta":{"_acf_changed":false},"journal":[],"rodzaj":[],"seria":[],"product_brand":[],"product_cat":[6958],"product_tag":[7525],"class_list":{"0":"post-46511","1":"product","2":"type-product","3":"status-publish","4":"has-post-thumbnail","6":"product_cat-historia","7":"product_tag-rafal-kubickirafal-kubicki","8":"pa_rok-wydania-2021-en","10":"first","11":"instock","12":"taxable","13":"shipping-taxable","14":"purchasable","15":"product-type-simple"},"acf":[],"_links":{"self":[{"href":"https:\/\/wydawnictwo.ug.edu.pl\/en\/wp-json\/wp\/v2\/product\/46511","targetHints":{"allow":["GET"]}}],"collection":[{"href":"https:\/\/wydawnictwo.ug.edu.pl\/en\/wp-json\/wp\/v2\/product"}],"about":[{"href":"https:\/\/wydawnictwo.ug.edu.pl\/en\/wp-json\/wp\/v2\/types\/product"}],"wp:featuredmedia":[{"embeddable":true,"href":"https:\/\/wydawnictwo.ug.edu.pl\/en\/wp-json\/wp\/v2\/media\/15230"}],"wp:attachment":[{"href":"https:\/\/wydawnictwo.ug.edu.pl\/en\/wp-json\/wp\/v2\/media?parent=46511"}],"wp:term":[{"taxonomy":"journal","embeddable":true,"href":"https:\/\/wydawnictwo.ug.edu.pl\/en\/wp-json\/wp\/v2\/journal?post=46511"},{"taxonomy":"rodzaj","embeddable":true,"href":"https:\/\/wydawnictwo.ug.edu.pl\/en\/wp-json\/wp\/v2\/rodzaj?post=46511"},{"taxonomy":"seria","embeddable":true,"href":"https:\/\/wydawnictwo.ug.edu.pl\/en\/wp-json\/wp\/v2\/seria?post=46511"},{"taxonomy":"product_brand","embeddable":true,"href":"https:\/\/wydawnictwo.ug.edu.pl\/en\/wp-json\/wp\/v2\/product_brand?post=46511"},{"taxonomy":"product_cat","embeddable":true,"href":"https:\/\/wydawnictwo.ug.edu.pl\/en\/wp-json\/wp\/v2\/product_cat?post=46511"},{"taxonomy":"product_tag","embeddable":true,"href":"https:\/\/wydawnictwo.ug.edu.pl\/en\/wp-json\/wp\/v2\/product_tag?post=46511"}],"curies":[{"name":"wp","href":"https:\/\/api.w.org\/{rel}","templated":true}]}}

Prussia Monastica. Studia z dziejów zakonów w Prusach Krzyżackich, Królewskich i Zachodnich (od XIII do połowy XIX w.)

<p>Książka zawiera studia dotyczące wybranych aspektów życia monastycznego w Prusach Krzyżackich, Królewskich i Zachodnich od XIII do połowy XIX w. Większość opracowań poświęcono działalności zakonów mendykanckich (dominikanów i franciszkanów). Choć poszczególne prace przedstawiają różne zagadnienia szczegółowe i obejmują bardzo długi czas, to w sumie składają się na spójny obraz funkcjonowania instytucji klasztornych na tych terenach, dając świadectwo ich niezwykłej umiejętności przystosowania się do zachodzących zmian.</p>
