{"id":46506,"date":"2021-08-27T11:30:43","date_gmt":"2021-08-27T11:30:43","guid":{"rendered":"https:\/\/wydawnictwo.ug.edu.pl\/ksiegarnia-online\/uncategorized\/wyobrazenie-sprawstwo-i-kontrola-struktura-dzialan-w-przestrzeni-mieszkalnej\/"},"modified":"2026-02-11T14:15:00","modified_gmt":"2026-02-11T14:15:00","slug":"wyobrazenie-sprawstwo-i-kontrola-struktura-dzialan-w-przestrzeni-mieszkalnej","status":"publish","type":"product","link":"https:\/\/wydawnictwo.ug.edu.pl\/en\/ksiegarnia-online\/socjologia\/wyobrazenie-sprawstwo-i-kontrola-struktura-dzialan-w-przestrzeni-mieszkalnej\/","title":{"rendered":"Wyobra\u017cenie, sprawstwo i kontrola. Struktura dzia\u0142a\u0144 w przestrzeni mieszkalnej"},"content":{"rendered":"","protected":false},"excerpt":{"rendered":"<p>Zamieszkiwanie mo\u017ce by\u0107 pojmowane jako suma r\u00f3\u017cnorodnych dzia\u0142a\u0144 wy\u0107wiczonych w ci\u0105gu nast\u0119puj\u0105cych po sobie dni, tygodni i lat. Dzia\u0142ania te staj\u0105 si\u0119 z czasem niezauwa\u017cone &#8211; wykonywane niemal pod\u015bwiadomie, jak: zamykanie i otwieranie drzwi, odk\u0142adanie kluczy na miejsce lub niedostrzeganie pami\u0105tek z wakacji dekoracyjnie ustawionych gdzie\u015b na p\u00f3\u0142ce.<\/p>\n<p>Przypadek zrz\u0105dzi\u0142, \u017ce niniejsza ksi\u0105\u017cka trafia do r\u0105k Czytelnik\u00f3w nieco ponad rok od wprowadzenia pierwszych ogranicze\u0144 wynikaj\u0105cych z wybuchu pandemii COVID-19. Wielu osobom konieczno\u015b\u0107 przebywania w domu &#8211; pracowania, uczenia si\u0119, sp\u0119dzania czasu wolnego unaoczni\u0142a niedoskona\u0142o\u015bci zamieszkiwanych miejsc i wywo\u0142a\u0142a liczne negatywne skutki odbijaj\u0105ce si\u0119 na samopoczuciu, kondycji psychicznej czy harmonii \u017cycia rodzinnego. Struktura dzia\u0142a\u0144 w przestrzeni mieszkalnej jest bowiem nie tylko sum\u0105 osadzaj\u0105cych si\u0119 do\u015bwiadcze\u0144 \u017cycia codziennego, ale przede wszystkim \u2013 jako sytuacja spo\u0142eczna \u2013 rodzajem soczewki skupiaj\u0105cej r\u00f3\u017cnorodne sensy. Podejmowane w niniejszej ksi\u0105\u017cce kwestie do\u015bwiadczania domu, unawykowiania i urefleksyjniania przestrzeni mieszkalnej pozwalaj\u0105 uwzgl\u0119dni\u0107 spo\u0142eczny aspekt natury odczuwania przestrzeni.<\/p>\n","protected":false},"featured_media":15258,"template":"","meta":{"_acf_changed":false},"journal":[],"rodzaj":[],"seria":[],"product_brand":[],"product_cat":[269],"product_tag":[366],"class_list":{"0":"post-46506","1":"product","2":"type-product","3":"status-publish","4":"has-post-thumbnail","6":"product_cat-socjologia","7":"product_tag-maciej-brosz","9":"first","10":"instock","11":"taxable","12":"shipping-taxable","13":"purchasable","14":"product-type-simple"},"acf":[],"_links":{"self":[{"href":"https:\/\/wydawnictwo.ug.edu.pl\/en\/wp-json\/wp\/v2\/product\/46506","targetHints":{"allow":["GET"]}}],"collection":[{"href":"https:\/\/wydawnictwo.ug.edu.pl\/en\/wp-json\/wp\/v2\/product"}],"about":[{"href":"https:\/\/wydawnictwo.ug.edu.pl\/en\/wp-json\/wp\/v2\/types\/product"}],"wp:featuredmedia":[{"embeddable":true,"href":"https:\/\/wydawnictwo.ug.edu.pl\/en\/wp-json\/wp\/v2\/media\/15258"}],"wp:attachment":[{"href":"https:\/\/wydawnictwo.ug.edu.pl\/en\/wp-json\/wp\/v2\/media?parent=46506"}],"wp:term":[{"taxonomy":"journal","embeddable":true,"href":"https:\/\/wydawnictwo.ug.edu.pl\/en\/wp-json\/wp\/v2\/journal?post=46506"},{"taxonomy":"rodzaj","embeddable":true,"href":"https:\/\/wydawnictwo.ug.edu.pl\/en\/wp-json\/wp\/v2\/rodzaj?post=46506"},{"taxonomy":"seria","embeddable":true,"href":"https:\/\/wydawnictwo.ug.edu.pl\/en\/wp-json\/wp\/v2\/seria?post=46506"},{"taxonomy":"product_brand","embeddable":true,"href":"https:\/\/wydawnictwo.ug.edu.pl\/en\/wp-json\/wp\/v2\/product_brand?post=46506"},{"taxonomy":"product_cat","embeddable":true,"href":"https:\/\/wydawnictwo.ug.edu.pl\/en\/wp-json\/wp\/v2\/product_cat?post=46506"},{"taxonomy":"product_tag","embeddable":true,"href":"https:\/\/wydawnictwo.ug.edu.pl\/en\/wp-json\/wp\/v2\/product_tag?post=46506"}],"curies":[{"name":"wp","href":"https:\/\/api.w.org\/{rel}","templated":true}]}}

Wyobrażenie, sprawstwo i kontrola. Struktura działań w przestrzeni mieszkalnej

<p>Zamieszkiwanie może być pojmowane jako suma różnorodnych działań wyćwiczonych w ciągu następujących po sobie dni, tygodni i lat. Działania te stają się z czasem niezauważone &#8211; wykonywane niemal podświadomie, jak: zamykanie i otwieranie drzwi, odkładanie kluczy na miejsce lub niedostrzeganie pamiątek z wakacji dekoracyjnie ustawionych gdzieś na półce.</p>
<p>Przypadek zrządził, że niniejsza książka trafia do rąk Czytelników nieco ponad rok od wprowadzenia pierwszych ograniczeń wynikających z wybuchu pandemii COVID-19. Wielu osobom konieczność przebywania w domu &#8211; pracowania, uczenia się, spędzania czasu wolnego unaoczniła niedoskonałości zamieszkiwanych miejsc i wywołała liczne negatywne skutki odbijające się na samopoczuciu, kondycji psychicznej czy harmonii życia rodzinnego. Struktura działań w przestrzeni mieszkalnej jest bowiem nie tylko sumą osadzających się doświadczeń życia codziennego, ale przede wszystkim – jako sytuacja społeczna – rodzajem soczewki skupiającej różnorodne sensy. Podejmowane w niniejszej książce kwestie doświadczania domu, unawykowiania i urefleksyjniania przestrzeni mieszkalnej pozwalają uwzględnić społeczny aspekt natury odczuwania przestrzeni.</p>
