{"id":46493,"date":"2019-11-30T00:00:00","date_gmt":"2019-11-30T00:00:00","guid":{"rendered":"https:\/\/wydawnictwo.ug.edu.pl\/ksiegarnia-online\/uncategorized\/zasady-prawa-ochrony-dziedzictwa-kultury-w-orzecznictwie-sadow-administracyjnych\/"},"modified":"2026-02-11T14:35:28","modified_gmt":"2026-02-11T14:35:28","slug":"zasady-prawa-ochrony-dziedzictwa-kultury-w-orzecznictwie-sadow-administracyjnych","status":"publish","type":"product","link":"https:\/\/wydawnictwo.ug.edu.pl\/en\/ksiegarnia-online\/prawo-i-administracja\/zasady-prawa-ochrony-dziedzictwa-kultury-w-orzecznictwie-sadow-administracyjnych\/","title":{"rendered":"Zasady prawa ochrony dziedzictwa kultury w orzecznictwie s\u0105d\u00f3w administracyjnych"},"content":{"rendered":"","protected":false},"excerpt":{"rendered":"<p>\u201eOd kilku lat w doktrynie daj\u0105 si\u0119 coraz silniej s\u0142ysze\u0107 g\u0142osy postuluj\u0105ce wyodr\u0119bnienie prawa dziedzictwa kultury w osobn\u0105, kompleksow\u0105 ga\u0142\u0105\u017a prawa. Z uznaniem nale\u017cy powita\u0107 pierwsz\u0105 w literaturze polskiej, a jedn\u0105 z nielicznych w skali \u015bwiatowej, pr\u00f3b\u0119 zweryfikowania zasadno\u015bci tego postulatu, przynajmniej pod k\u0105tem mo\u017cliwo\u015bci wyodr\u0119bnienia zasad prawa dziedzictwa kulturowego\u201d.<\/p>\n<p><em>Z recenzji prof. Piotra Steca<\/em><\/p>\n<p>\u201ePodj\u0119ta przez autork\u0119 tematyka dotyczy problemu donios\u0142ego poznawczo z punktu widzenia praktyki prawniczej. Przedstawienie zagadnienia zasad prawa w aspekcie zasad prawa ochrony dziedzictwa kultury wydaje si\u0119 niezwykle interesuj\u0105ce. Temat realizowany jest z wielu perspektyw. Autorka\u00a0 w swojej pracy dostrzeg\u0142a, przedstawi\u0142a i przedyskutowa\u0142a wiele wa\u017ckich kwestii teoretycznych, wynikaj\u0105cych z orzecznictwa, ustawodawstwa i literatury. Z uznaniem nale\u017cy przyj\u0105\u0107, \u017ce podj\u0119\u0142a trud przygotowania pracy o takim charakterze. Dokonane przez autork\u0119 ustalenia mog\u0105 zainteresowa\u0107 zar\u00f3wno teoretyk\u00f3w prawa, jak r\u00f3wnie\u017c osoby zajmuj\u0105ce si\u0119 prawem ochrony dziedzictwa kultury w praktyce. Prac\u0119 uwa\u017cam za inspiruj\u0105c\u0105 i oceniam j\u0105 wysoko \u201d.<\/p>\n<p><em>Z recenzji prof. S\u0142awomira Tkacza<\/em><\/p>\n","protected":false},"featured_media":15315,"template":"","meta":{"_acf_changed":false},"journal":[],"rodzaj":[2604],"seria":[6739],"product_brand":[],"product_cat":[232],"product_tag":[748],"class_list":{"0":"post-46493","1":"product","2":"type-product","3":"status-publish","4":"has-post-thumbnail","6":"rodzaj-serie-wydawnicze","7":"seria-biblioteka-prawa-ochrony-zabytkow","8":"product_cat-prawo-i-administracja","9":"product_tag-malgorzata-joanna-wegrzak","11":"first","12":"instock","13":"taxable","14":"shipping-taxable","15":"purchasable","16":"product-type-simple"},"acf":[],"_links":{"self":[{"href":"https:\/\/wydawnictwo.ug.edu.pl\/en\/wp-json\/wp\/v2\/product\/46493","targetHints":{"allow":["GET"]}}],"collection":[{"href":"https:\/\/wydawnictwo.ug.edu.pl\/en\/wp-json\/wp\/v2\/product"}],"about":[{"href":"https:\/\/wydawnictwo.ug.edu.pl\/en\/wp-json\/wp\/v2\/types\/product"}],"wp:featuredmedia":[{"embeddable":true,"href":"https:\/\/wydawnictwo.ug.edu.pl\/en\/wp-json\/wp\/v2\/media\/15315"}],"wp:attachment":[{"href":"https:\/\/wydawnictwo.ug.edu.pl\/en\/wp-json\/wp\/v2\/media?parent=46493"}],"wp:term":[{"taxonomy":"journal","embeddable":true,"href":"https:\/\/wydawnictwo.ug.edu.pl\/en\/wp-json\/wp\/v2\/journal?post=46493"},{"taxonomy":"rodzaj","embeddable":true,"href":"https:\/\/wydawnictwo.ug.edu.pl\/en\/wp-json\/wp\/v2\/rodzaj?post=46493"},{"taxonomy":"seria","embeddable":true,"href":"https:\/\/wydawnictwo.ug.edu.pl\/en\/wp-json\/wp\/v2\/seria?post=46493"},{"taxonomy":"product_brand","embeddable":true,"href":"https:\/\/wydawnictwo.ug.edu.pl\/en\/wp-json\/wp\/v2\/product_brand?post=46493"},{"taxonomy":"product_cat","embeddable":true,"href":"https:\/\/wydawnictwo.ug.edu.pl\/en\/wp-json\/wp\/v2\/product_cat?post=46493"},{"taxonomy":"product_tag","embeddable":true,"href":"https:\/\/wydawnictwo.ug.edu.pl\/en\/wp-json\/wp\/v2\/product_tag?post=46493"}],"curies":[{"name":"wp","href":"https:\/\/api.w.org\/{rel}","templated":true}]}}

Zasady prawa ochrony dziedzictwa kultury w orzecznictwie sądów administracyjnych

<p>„Od kilku lat w doktrynie dają się coraz silniej słyszeć głosy postulujące wyodrębnienie prawa dziedzictwa kultury w osobną, kompleksową gałąź prawa. Z uznaniem należy powitać pierwszą w literaturze polskiej, a jedną z nielicznych w skali światowej, próbę zweryfikowania zasadności tego postulatu, przynajmniej pod kątem możliwości wyodrębnienia zasad prawa dziedzictwa kulturowego”.</p>
<p><em>Z recenzji prof. Piotra Steca</em></p>
<p>„Podjęta przez autorkę tematyka dotyczy problemu doniosłego poznawczo z punktu widzenia praktyki prawniczej. Przedstawienie zagadnienia zasad prawa w aspekcie zasad prawa ochrony dziedzictwa kultury wydaje się niezwykle interesujące. Temat realizowany jest z wielu perspektyw. Autorka  w swojej pracy dostrzegła, przedstawiła i przedyskutowała wiele ważkich kwestii teoretycznych, wynikających z orzecznictwa, ustawodawstwa i literatury. Z uznaniem należy przyjąć, że podjęła trud przygotowania pracy o takim charakterze. Dokonane przez autorkę ustalenia mogą zainteresować zarówno teoretyków prawa, jak również osoby zajmujące się prawem ochrony dziedzictwa kultury w praktyce. Pracę uważam za inspirującą i oceniam ją wysoko ”.</p>
<p><em>Z recenzji prof. Sławomira Tkacza</em></p>
