{"id":46492,"date":"2019-11-30T00:00:00","date_gmt":"2019-11-30T00:00:00","guid":{"rendered":"https:\/\/wydawnictwo.ug.edu.pl\/ksiegarnia-online\/uncategorized\/teatr-jako-kulturotechnika-w-socjoterapii\/"},"modified":"2026-02-11T14:34:01","modified_gmt":"2026-02-11T14:34:01","slug":"teatr-jako-kulturotechnika-w-socjoterapii","status":"publish","type":"product","link":"https:\/\/wydawnictwo.ug.edu.pl\/en\/ksiegarnia-online\/socjologia\/teatr-jako-kulturotechnika-w-socjoterapii\/","title":{"rendered":"Teatr jako kulturotechnika w socjoterapii"},"content":{"rendered":"","protected":false},"excerpt":{"rendered":"<p>Niniejsza publikacja ukazuje mo\u017cliwo\u015bci stosowania praktyk teatralnych jako kulturotechniki stanowi\u0105cej (w swym wychowawczym aspekcie) wsparcie w procesach socjoterapeutycznych. Barbara Forysiewicz i Ma\u0142gorzata Polakowska zwracaj\u0105 uwag\u0119 na warto\u015b\u0107 kultury artystycznej (w szczeg\u00f3lno\u015bci sztuki scenicznej w przestrzeni spo\u0142ecznej), odkrywaj\u0105 przed czytelnikiem jej szersze znaczenie, nieograniczone jedynie do funkcji kompensacyjnej czy estetycznej. Poj\u0119cie kulturotechniki odnosi si\u0119 do dzia\u0142a\u0144 (i ich efekt\u00f3w) w obr\u0119bie okre\u015blonych obszar\u00f3w kultury na rzecz kszta\u0142towania w\u0142a\u015bciwych postaw spo\u0142ecznych. Autorki koncentruj\u0105 si\u0119 na dw\u00f3ch mo\u017cliwo\u015bciach wykorzystania teatru jako kulturotechniki: na dzia\u0142aniach wspieraj\u0105cych procesy resocjalizacyjne os\u00f3b doros\u0142ych oraz na zaj\u0119ciach wzmacniaj\u0105cych procesy wychowawcze nastoletniej m\u0142odzie\u017cy.<\/p>\n<p>Zapis ze spotkania promuj\u0105cego ksi\u0105\u017ck\u0119 dost\u0119pny jest na stronie <a href=\"https:\/\/www.facebook.com\/TeatrGdyniaGlowna\/videos\/141108007996972\/\">Teatru Gdynia G\u0142\u00f3wna<\/a> na Facebooku.<\/p>\n","protected":false},"featured_media":15311,"template":"","meta":{"_acf_changed":false},"journal":[],"rodzaj":[],"seria":[],"product_brand":[],"product_cat":[269],"product_tag":[500,747],"class_list":{"0":"post-46492","1":"product","2":"type-product","3":"status-publish","4":"has-post-thumbnail","6":"product_cat-socjologia","7":"product_tag-barbara-forysiewicz","8":"product_tag-malgorzata-polakowska","10":"first","11":"instock","12":"taxable","13":"shipping-taxable","14":"product-type-simple"},"acf":[],"_links":{"self":[{"href":"https:\/\/wydawnictwo.ug.edu.pl\/en\/wp-json\/wp\/v2\/product\/46492","targetHints":{"allow":["GET"]}}],"collection":[{"href":"https:\/\/wydawnictwo.ug.edu.pl\/en\/wp-json\/wp\/v2\/product"}],"about":[{"href":"https:\/\/wydawnictwo.ug.edu.pl\/en\/wp-json\/wp\/v2\/types\/product"}],"wp:featuredmedia":[{"embeddable":true,"href":"https:\/\/wydawnictwo.ug.edu.pl\/en\/wp-json\/wp\/v2\/media\/15311"}],"wp:attachment":[{"href":"https:\/\/wydawnictwo.ug.edu.pl\/en\/wp-json\/wp\/v2\/media?parent=46492"}],"wp:term":[{"taxonomy":"journal","embeddable":true,"href":"https:\/\/wydawnictwo.ug.edu.pl\/en\/wp-json\/wp\/v2\/journal?post=46492"},{"taxonomy":"rodzaj","embeddable":true,"href":"https:\/\/wydawnictwo.ug.edu.pl\/en\/wp-json\/wp\/v2\/rodzaj?post=46492"},{"taxonomy":"seria","embeddable":true,"href":"https:\/\/wydawnictwo.ug.edu.pl\/en\/wp-json\/wp\/v2\/seria?post=46492"},{"taxonomy":"product_brand","embeddable":true,"href":"https:\/\/wydawnictwo.ug.edu.pl\/en\/wp-json\/wp\/v2\/product_brand?post=46492"},{"taxonomy":"product_cat","embeddable":true,"href":"https:\/\/wydawnictwo.ug.edu.pl\/en\/wp-json\/wp\/v2\/product_cat?post=46492"},{"taxonomy":"product_tag","embeddable":true,"href":"https:\/\/wydawnictwo.ug.edu.pl\/en\/wp-json\/wp\/v2\/product_tag?post=46492"}],"curies":[{"name":"wp","href":"https:\/\/api.w.org\/{rel}","templated":true}]}}

<p>Niniejsza publikacja ukazuje możliwości stosowania praktyk teatralnych jako kulturotechniki stanowiącej (w swym wychowawczym aspekcie) wsparcie w procesach socjoterapeutycznych. Barbara Forysiewicz i Małgorzata Polakowska zwracają uwagę na wartość kultury artystycznej (w szczególności sztuki scenicznej w przestrzeni społecznej), odkrywają przed czytelnikiem jej szersze znaczenie, nieograniczone jedynie do funkcji kompensacyjnej czy estetycznej. Pojęcie kulturotechniki odnosi się do działań (i ich efektów) w obrębie określonych obszarów kultury na rzecz kształtowania właściwych postaw społecznych. Autorki koncentrują się na dwóch możliwościach wykorzystania teatru jako kulturotechniki: na działaniach wspierających procesy resocjalizacyjne osób dorosłych oraz na zajęciach wzmacniających procesy wychowawcze nastoletniej młodzieży.</p>
<p>Zapis ze spotkania promującego książkę dostępny jest na stronie <a href="https://www.facebook.com/TeatrGdyniaGlowna/videos/141108007996972/">Teatru Gdynia Główna</a> na Facebooku.</p>
