{"id":46480,"date":"2019-11-30T00:00:00","date_gmt":"2019-11-30T00:00:00","guid":{"rendered":"https:\/\/wydawnictwo.ug.edu.pl\/ksiegarnia-online\/uncategorized\/mniejszosci-etniczne-i-ich-pogranicza-szkice-tozsamosciowe\/"},"modified":"2026-02-11T14:34:04","modified_gmt":"2026-02-11T14:34:04","slug":"mniejszosci-etniczne-i-ich-pogranicza-szkice-tozsamosciowe","status":"publish","type":"product","link":"https:\/\/wydawnictwo.ug.edu.pl\/en\/ksiegarnia-online\/etnologia-i-antropologia-kulturowa\/mniejszosci-etniczne-i-ich-pogranicza-szkice-tozsamosciowe\/","title":{"rendered":"Mniejszo\u015bci etniczne i ich pogranicza. Szkice to\u017csamo\u015bciowe"},"content":{"rendered":"","protected":false},"excerpt":{"rendered":"<p>\u201eDotychczas podejmowana problematyka zr\u00f3\u017cnicowania kulturowego zostaje\u00a0wzbogacona \u2012 za spraw\u0105 rekomendowanej do druku pozycji \u2012 o kwestie dotycz\u0105ce mniejszo\u015bci etnicznych, dzi\u0119ki kt\u00f3rym obszary ich zamieszkania nabieraj\u0105 charakteru pogranicza. Proponowana tematyka jest obecna w dyskursie naukowym, jednak w recenzowanej publikacji s\u0105 prezentowane nowe zjawiska spo\u0142eczne maj\u0105ce konsekwencje dla edukacji, a zw\u0142aszcza dla edukacji mi\u0119dzykulturowej. Autorzy tekst\u00f3w zamieszczonych w zbiorze kategori\u0119 pogranicza \u2012 w r\u00f3\u017cnych kontekstach \u2012 uczynili\u00a0g\u0142\u00f3wnym tematem podj\u0119tych rozwa\u017ca\u0144. [\u2026]<\/p>\n<p>Koncepcja tomu jest przemy\u015blana. Zawarte w poszczeg\u00f3lnych rozdzia\u0142ach teksty zosta\u0142y dobrze dobrane, odzwierciedlaj\u0105\u0328 aktualny stan bada\u0144 w omawianym zakresie. Ich autorzy to osoby kompetentne, zwi\u0105zane badawczo z zagadnieniami teorii i problematyki pogranicza, mniejszo\u015bci narodowych i etnicznych oraz wielokulturowo\u015bci\u0301. [\u2026] Publikacja stanowi propozycj\u0119 popularyzuj\u0105c\u0105 \u2012 w\u015br\u00f3d pedagog\u00f3w i os\u00f3b zaanga\u017co-wanych w praktyk\u0119 edukacyjn\u0105 \u2012 ide\u0119 edukacji etnicznej, ale w uj\u0119ciu szerszym, w kontek\u015bcie edukacji mi\u0119dzykulturowej. Tym samym mo\u017ce si\u0119 przyczyni\u0107\u00a0 do doskonalenia rzeczywisto\u015bci edukacyjnej. Powinny si\u0119 ni\u0105 zainteresowa\u0107 tak\u017ce osoby \u017cyj\u0105ce w \u015brodowiskach zr\u00f3\u017cnicowanych kulturowo\u201d.<\/p>\n<p><em>Z recenzji dr hab. Barbary Grabowskiej, prof. U\u015a<\/em><\/p>\n","protected":false},"featured_media":15283,"template":"","meta":{"_acf_changed":false},"journal":[],"rodzaj":[],"seria":[],"product_brand":[],"product_cat":[6970],"product_tag":[7930,7688],"class_list":{"0":"post-46480","1":"product","2":"type-product","3":"status-publish","4":"has-post-thumbnail","6":"product_cat-etnologia-i-antropologia-kulturowa","7":"product_tag-adela-kozyczkowskaadela-kozyczkowska","8":"product_tag-maria-szczepska-pustkowska","10":"first","11":"instock","12":"taxable","13":"shipping-taxable","14":"purchasable","15":"product-type-simple"},"acf":[],"_links":{"self":[{"href":"https:\/\/wydawnictwo.ug.edu.pl\/en\/wp-json\/wp\/v2\/product\/46480","targetHints":{"allow":["GET"]}}],"collection":[{"href":"https:\/\/wydawnictwo.ug.edu.pl\/en\/wp-json\/wp\/v2\/product"}],"about":[{"href":"https:\/\/wydawnictwo.ug.edu.pl\/en\/wp-json\/wp\/v2\/types\/product"}],"wp:featuredmedia":[{"embeddable":true,"href":"https:\/\/wydawnictwo.ug.edu.pl\/en\/wp-json\/wp\/v2\/media\/15283"}],"wp:attachment":[{"href":"https:\/\/wydawnictwo.ug.edu.pl\/en\/wp-json\/wp\/v2\/media?parent=46480"}],"wp:term":[{"taxonomy":"journal","embeddable":true,"href":"https:\/\/wydawnictwo.ug.edu.pl\/en\/wp-json\/wp\/v2\/journal?post=46480"},{"taxonomy":"rodzaj","embeddable":true,"href":"https:\/\/wydawnictwo.ug.edu.pl\/en\/wp-json\/wp\/v2\/rodzaj?post=46480"},{"taxonomy":"seria","embeddable":true,"href":"https:\/\/wydawnictwo.ug.edu.pl\/en\/wp-json\/wp\/v2\/seria?post=46480"},{"taxonomy":"product_brand","embeddable":true,"href":"https:\/\/wydawnictwo.ug.edu.pl\/en\/wp-json\/wp\/v2\/product_brand?post=46480"},{"taxonomy":"product_cat","embeddable":true,"href":"https:\/\/wydawnictwo.ug.edu.pl\/en\/wp-json\/wp\/v2\/product_cat?post=46480"},{"taxonomy":"product_tag","embeddable":true,"href":"https:\/\/wydawnictwo.ug.edu.pl\/en\/wp-json\/wp\/v2\/product_tag?post=46480"}],"curies":[{"name":"wp","href":"https:\/\/api.w.org\/{rel}","templated":true}]}}

Mniejszości etniczne i ich pogranicza. Szkice tożsamościowe

<p>„Dotychczas podejmowana problematyka zróżnicowania kulturowego zostaje wzbogacona ‒ za sprawą rekomendowanej do druku pozycji ‒ o kwestie dotyczące mniejszości etnicznych, dzięki którym obszary ich zamieszkania nabierają charakteru pogranicza. Proponowana tematyka jest obecna w dyskursie naukowym, jednak w recenzowanej publikacji są prezentowane nowe zjawiska społeczne mające konsekwencje dla edukacji, a zwłaszcza dla edukacji międzykulturowej. Autorzy tekstów zamieszczonych w zbiorze kategorię pogranicza ‒ w różnych kontekstach ‒ uczynili głównym tematem podjętych rozważań. […]</p>
<p>Koncepcja tomu jest przemyślana. Zawarte w poszczególnych rozdziałach teksty zostały dobrze dobrane, odzwierciedlają̨ aktualny stan badań w omawianym zakresie. Ich autorzy to osoby kompetentne, związane badawczo z zagadnieniami teorii i problematyki pogranicza, mniejszości narodowych i etnicznych oraz wielokulturowoścí. […] Publikacja stanowi propozycję popularyzującą ‒ wśród pedagogów i osób zaangażo-wanych w praktykę edukacyjną ‒ ideę edukacji etnicznej, ale w ujęciu szerszym, w kontekście edukacji międzykulturowej. Tym samym może się przyczynić  do doskonalenia rzeczywistości edukacyjnej. Powinny się nią zainteresować także osoby żyjące w środowiskach zróżnicowanych kulturowo”.</p>
<p><em>Z recenzji dr hab. Barbary Grabowskiej, prof. UŚ</em></p>
