{"id":46477,"date":"2019-11-30T00:00:00","date_gmt":"2019-11-30T00:00:00","guid":{"rendered":"https:\/\/wydawnictwo.ug.edu.pl\/ksiegarnia-online\/uncategorized\/nauka-prawa-w-gdansku-w-xx-i-xxi-wieku-ksiega-50-lecia-wydzialu-prawa-i-administracji-uniwersytetu-gdanskiego\/"},"modified":"2026-02-11T14:37:42","modified_gmt":"2026-02-11T14:37:42","slug":"nauka-prawa-w-gdansku-w-xx-i-xxi-wieku-ksiega-50-lecia-wydzialu-prawa-i-administracji-uniwersytetu-gdanskiego","status":"publish","type":"product","link":"https:\/\/wydawnictwo.ug.edu.pl\/en\/ksiegarnia-online\/prawo-i-administracja\/nauka-prawa-w-gdansku-w-xx-i-xxi-wieku-ksiega-50-lecia-wydzialu-prawa-i-administracji-uniwersytetu-gdanskiego\/","title":{"rendered":"Nauka prawa w Gda\u0144sku w XX i XXI wieku. Ksi\u0119ga 50-lecia Wydzia\u0142u Prawa i Administracji Uniwersytetu Gda\u0144skiego"},"content":{"rendered":"","protected":false},"excerpt":{"rendered":"<p>\u200bTom niniejszy stanowi pr\u00f3b\u0119 podsumowania mijaj\u0105cego p\u00f3\u0142wiecza, dlatego zdecydowali\u015bmy si\u0119 zamie\u015bci\u0107 w nim artyku\u0142y wcze\u015bniej opublikowane przez Autor\u00f3w, kt\u00f3re w ich ocenie stanowi\u0105 wa\u017cny element prowadzonych przez nich bada\u0144 naukowych, a ca\u0142o\u015b\u0107\u00a0 zosta\u0142a podzielona tematycznie na jedena\u015bcie g\u0142\u00f3wnych rozdzia\u0142\u00f3w, pocz\u0105wszy od historii prawa oraz teorii i filozofii pa\u0144stwa i prawa jako refleksji o tym, sk\u0105d si\u0119 wzi\u0119\u0142o, po co jest i na czym si\u0119 opiera prawo, poprzez poszczeg\u00f3lne dogmatyki prawnicze, a sko\u0144czywszy na prawie morskim, kt\u00f3re jest swoiste dla gda\u0144skiego Wydzia\u0142u Prawa i Administracji i stanowi wa\u017cny od jego zarania element morsko\u015bci naszej Alma Mater. Wszak na jej murach widnieje dewiza<em>: In mari via tua<\/em>. Wszystkie rozdzia\u0142y zaczynaj\u0105 si\u0119 od kr\u00f3tkiej historii katedr, z kt\u00f3rymi byli i s\u0105 zwi\u0105zani Autorzy zamieszczonych w danym rozdziale artyku\u0142\u00f3w, u\u0142o\u017conych wed\u0142ug klucza chronologicznego z uwzgl\u0119dnieniem starsze\u0144stwa profesor\u00f3w. W niniejszej Ksi\u0119dze bowiem ka\u017cda Katedra dzieli si\u0119 swoimi osi\u0105gni\u0119ciami. Co wa\u017cne, znalaz\u0142y si\u0119 tu opracowania publikowane ju\u017c w pierwszych latach funkcjonowania Wydzia\u0142u. Poniewa\u017c pami\u0119tamy r\u00f3wnie\u017c o tych profesorach, kt\u00f3rzy od nas odeszli, zamie\u015bcili\u015bmy w Ksi\u0119dze ich teksty. Cho\u0107 nie ma w\u015br\u00f3d nas ju\u017c tych znamienitych Profesor\u00f3w, pozosta\u0142 ich dorobek, kt\u00f3ry z dum\u0105 przypominamy. Mamy \u015bwiadomo\u015b\u0107, \u017ce artyku\u0142y wcze\u015bniej publikowane, zw\u0142aszcza z lat dawnych, nawet z czasu minionego ustroju, nie mog\u0105 pretendowa\u0107 do miana aktualnych, je\u015bli chodzi o stan prawny. Decyduj\u0105c si\u0119 na tak\u0105 ide\u0119 Ksi\u0119gi, mieli\u015bmy jednak inny cel \u2013 przypomnie\u0107 wk\u0142ad profesor\u00f3w naszej uczelni, zar\u00f3wno tych by\u0142ych, jak i obecnych, w rozw\u00f3j nauki prawa w Gda\u0144sku, co oddaje tytu\u0142 Ksi\u0119gi. My\u015bl\u0119 jednak, \u017ce patrz\u0105c na nazwiska i dorobek wielu spo\u015br\u00f3d zebranych tu Autor\u00f3w, mo\u017cna pokusi\u0107 si\u0119 o stwierdzenie, \u017ce jest to wk\u0142ad znacznie szerszy, ni\u017c sugerowa\u0142by sam tytu\u0142.<\/p>\n","protected":false},"featured_media":15652,"template":"","meta":{"_acf_changed":false},"journal":[],"rodzaj":[],"seria":[],"product_brand":[],"product_cat":[6932],"product_tag":[7350],"class_list":{"0":"post-46477","1":"product","2":"type-product","3":"status-publish","4":"has-post-thumbnail","6":"product_cat-prawo-i-administracja","7":"product_tag-wojciech-zalewskiwojciech-zalewski","8":"pa_rok-wydania-2020-en","10":"first","11":"instock","12":"taxable","13":"shipping-taxable","14":"purchasable","15":"product-type-simple"},"acf":[],"_links":{"self":[{"href":"https:\/\/wydawnictwo.ug.edu.pl\/en\/wp-json\/wp\/v2\/product\/46477","targetHints":{"allow":["GET"]}}],"collection":[{"href":"https:\/\/wydawnictwo.ug.edu.pl\/en\/wp-json\/wp\/v2\/product"}],"about":[{"href":"https:\/\/wydawnictwo.ug.edu.pl\/en\/wp-json\/wp\/v2\/types\/product"}],"wp:featuredmedia":[{"embeddable":true,"href":"https:\/\/wydawnictwo.ug.edu.pl\/en\/wp-json\/wp\/v2\/media\/15652"}],"wp:attachment":[{"href":"https:\/\/wydawnictwo.ug.edu.pl\/en\/wp-json\/wp\/v2\/media?parent=46477"}],"wp:term":[{"taxonomy":"journal","embeddable":true,"href":"https:\/\/wydawnictwo.ug.edu.pl\/en\/wp-json\/wp\/v2\/journal?post=46477"},{"taxonomy":"rodzaj","embeddable":true,"href":"https:\/\/wydawnictwo.ug.edu.pl\/en\/wp-json\/wp\/v2\/rodzaj?post=46477"},{"taxonomy":"seria","embeddable":true,"href":"https:\/\/wydawnictwo.ug.edu.pl\/en\/wp-json\/wp\/v2\/seria?post=46477"},{"taxonomy":"product_brand","embeddable":true,"href":"https:\/\/wydawnictwo.ug.edu.pl\/en\/wp-json\/wp\/v2\/product_brand?post=46477"},{"taxonomy":"product_cat","embeddable":true,"href":"https:\/\/wydawnictwo.ug.edu.pl\/en\/wp-json\/wp\/v2\/product_cat?post=46477"},{"taxonomy":"product_tag","embeddable":true,"href":"https:\/\/wydawnictwo.ug.edu.pl\/en\/wp-json\/wp\/v2\/product_tag?post=46477"}],"curies":[{"name":"wp","href":"https:\/\/api.w.org\/{rel}","templated":true}]}}

Nauka prawa w Gdańsku w XX i XXI wieku. Księga 50-lecia Wydziału Prawa i Administracji Uniwersytetu Gdańskiego

<p>​Tom niniejszy stanowi próbę podsumowania mijającego półwiecza, dlatego zdecydowaliśmy się zamieścić w nim artykuły wcześniej opublikowane przez Autorów, które w ich ocenie stanowią ważny element prowadzonych przez nich badań naukowych, a całość  została podzielona tematycznie na jedenaście głównych rozdziałów, począwszy od historii prawa oraz teorii i filozofii państwa i prawa jako refleksji o tym, skąd się wzięło, po co jest i na czym się opiera prawo, poprzez poszczególne dogmatyki prawnicze, a skończywszy na prawie morskim, które jest swoiste dla gdańskiego Wydziału Prawa i Administracji i stanowi ważny od jego zarania element morskości naszej Alma Mater. Wszak na jej murach widnieje dewiza<em>: In mari via tua</em>. Wszystkie rozdziały zaczynają się od krótkiej historii katedr, z którymi byli i są związani Autorzy zamieszczonych w danym rozdziale artykułów, ułożonych według klucza chronologicznego z uwzględnieniem starszeństwa profesorów. W niniejszej Księdze bowiem każda Katedra dzieli się swoimi osiągnięciami. Co ważne, znalazły się tu opracowania publikowane już w pierwszych latach funkcjonowania Wydziału. Ponieważ pamiętamy również o tych profesorach, którzy od nas odeszli, zamieściliśmy w Księdze ich teksty. Choć nie ma wśród nas już tych znamienitych Profesorów, pozostał ich dorobek, który z dumą przypominamy. Mamy świadomość, że artykuły wcześniej publikowane, zwłaszcza z lat dawnych, nawet z czasu minionego ustroju, nie mogą pretendować do miana aktualnych, jeśli chodzi o stan prawny. Decydując się na taką ideę Księgi, mieliśmy jednak inny cel – przypomnieć wkład profesorów naszej uczelni, zarówno tych byłych, jak i obecnych, w rozwój nauki prawa w Gdańsku, co oddaje tytuł Księgi. Myślę jednak, że patrząc na nazwiska i dorobek wielu spośród zebranych tu Autorów, można pokusić się o stwierdzenie, że jest to wkład znacznie szerszy, niż sugerowałby sam tytuł.</p>
