{"id":46476,"date":"2019-11-30T00:00:00","date_gmt":"2019-11-30T00:00:00","guid":{"rendered":"https:\/\/wydawnictwo.ug.edu.pl\/ksiegarnia-online\/uncategorized\/wplyw-nowych-technologii-na-elastycznosc-rynku-pracy\/"},"modified":"2026-02-11T14:47:03","modified_gmt":"2026-02-11T14:47:03","slug":"wplyw-nowych-technologii-na-elastycznosc-rynku-pracy","status":"publish","type":"product","link":"https:\/\/wydawnictwo.ug.edu.pl\/en\/ksiegarnia-online\/ekonomia\/wplyw-nowych-technologii-na-elastycznosc-rynku-pracy\/","title":{"rendered":"Wp\u0142yw nowych technologii na elastyczno\u015b\u0107 rynku pracy"},"content":{"rendered":"","protected":false},"excerpt":{"rendered":"<p>W niniejszej monografii problem badawczy dotyczy wp\u0142ywu nowych technologii na elastyczno\u015b\u0107 rynku pracy, kt\u00f3ra daje mo\u017cliwo\u015b\u0107 stosowania zmiennych form organizacji pracy, czasu pracy oraz form zatrudnienia. Ma te\u017c wp\u0142yw na zdolno\u015b\u0107 i szybko\u015b\u0107 adaptacji pracownik\u00f3w i przedsi\u0119biorc\u00f3w do zmieniaj\u0105cego si\u0119 otoczenia, zwi\u0119kszaj\u0105c tym samym konkurencyjno\u015b\u0107 rynku pracy. Pracownicy swobodnie dokonuj\u0105 zmiany miejsca pracy, a pracodawcy dopasowuj\u0105 wielko\u015b\u0107 i struktur\u0119 zatrudnienia do bie\u017c\u0105cych i przysz\u0142ych potrzeb przedsi\u0119biorstwa. Pod koniec XX w., na przyk\u0142adzie gospodarki ameryka\u0144skiej, w literaturze przedmiotu wykazano zale\u017cno\u015b\u0107 pomi\u0119dzy wy\u017csz\u0105 elastyczno\u015bci\u0105 rynku pracy a ni\u017cszym bezrobociem. W konsekwencji w Europie pojawi\u0142 si\u0119 postulat o konieczno\u015bci uelastyczniania rynk\u00f3w pracy w celu zmniejszenia bezrobocia.<\/p>\n","protected":false},"featured_media":17021,"template":"","meta":{"_acf_changed":false},"journal":[],"rodzaj":[],"seria":[],"product_brand":[],"product_cat":[6934],"product_tag":[7927],"class_list":{"0":"post-46476","1":"product","2":"type-product","3":"status-publish","4":"has-post-thumbnail","6":"product_cat-ekonomia","7":"product_tag-anna-galikanna-galik","8":"pa_rok-wydania-2020-en","10":"first","11":"outofstock","12":"taxable","13":"shipping-taxable","14":"purchasable","15":"product-type-simple"},"acf":[],"_links":{"self":[{"href":"https:\/\/wydawnictwo.ug.edu.pl\/en\/wp-json\/wp\/v2\/product\/46476","targetHints":{"allow":["GET"]}}],"collection":[{"href":"https:\/\/wydawnictwo.ug.edu.pl\/en\/wp-json\/wp\/v2\/product"}],"about":[{"href":"https:\/\/wydawnictwo.ug.edu.pl\/en\/wp-json\/wp\/v2\/types\/product"}],"wp:featuredmedia":[{"embeddable":true,"href":"https:\/\/wydawnictwo.ug.edu.pl\/en\/wp-json\/wp\/v2\/media\/17021"}],"wp:attachment":[{"href":"https:\/\/wydawnictwo.ug.edu.pl\/en\/wp-json\/wp\/v2\/media?parent=46476"}],"wp:term":[{"taxonomy":"journal","embeddable":true,"href":"https:\/\/wydawnictwo.ug.edu.pl\/en\/wp-json\/wp\/v2\/journal?post=46476"},{"taxonomy":"rodzaj","embeddable":true,"href":"https:\/\/wydawnictwo.ug.edu.pl\/en\/wp-json\/wp\/v2\/rodzaj?post=46476"},{"taxonomy":"seria","embeddable":true,"href":"https:\/\/wydawnictwo.ug.edu.pl\/en\/wp-json\/wp\/v2\/seria?post=46476"},{"taxonomy":"product_brand","embeddable":true,"href":"https:\/\/wydawnictwo.ug.edu.pl\/en\/wp-json\/wp\/v2\/product_brand?post=46476"},{"taxonomy":"product_cat","embeddable":true,"href":"https:\/\/wydawnictwo.ug.edu.pl\/en\/wp-json\/wp\/v2\/product_cat?post=46476"},{"taxonomy":"product_tag","embeddable":true,"href":"https:\/\/wydawnictwo.ug.edu.pl\/en\/wp-json\/wp\/v2\/product_tag?post=46476"}],"curies":[{"name":"wp","href":"https:\/\/api.w.org\/{rel}","templated":true}]}}

Wpływ nowych technologii na elastyczność rynku pracy

<p>W niniejszej monografii problem badawczy dotyczy wpływu nowych technologii na elastyczność rynku pracy, która daje możliwość stosowania zmiennych form organizacji pracy, czasu pracy oraz form zatrudnienia. Ma też wpływ na zdolność i szybkość adaptacji pracowników i przedsiębiorców do zmieniającego się otoczenia, zwiększając tym samym konkurencyjność rynku pracy. Pracownicy swobodnie dokonują zmiany miejsca pracy, a pracodawcy dopasowują wielkość i strukturę zatrudnienia do bieżących i przyszłych potrzeb przedsiębiorstwa. Pod koniec XX w., na przykładzie gospodarki amerykańskiej, w literaturze przedmiotu wykazano zależność pomiędzy wyższą elastycznością rynku pracy a niższym bezrobociem. W konsekwencji w Europie pojawił się postulat o konieczności uelastyczniania rynków pracy w celu zmniejszenia bezrobocia.</p>
