{"id":46470,"date":"2019-11-30T00:00:00","date_gmt":"2019-11-30T00:00:00","guid":{"rendered":"https:\/\/wydawnictwo.ug.edu.pl\/ksiegarnia-online\/uncategorized\/nie-sama-nauka-student-zyje-karty-z-dziejow-studenckiego-zycia-codziennego-spolecznego-kulturalnego-i-politycznego-na-przestrzeni-wiekow\/"},"modified":"2026-02-11T14:43:12","modified_gmt":"2026-02-11T14:43:12","slug":"nie-sama-nauka-student-zyje-karty-z-dziejow-studenckiego-zycia-codziennego-spolecznego-kulturalnego-i-politycznego-na-przestrzeni-wiekow","status":"publish","type":"product","link":"https:\/\/wydawnictwo.ug.edu.pl\/en\/ksiegarnia-online\/historia\/nie-sama-nauka-student-zyje-karty-z-dziejow-studenckiego-zycia-codziennego-spolecznego-kulturalnego-i-politycznego-na-przestrzeni-wiekow\/","title":{"rendered":"Nie sam\u0105 nauk\u0105 student \u017cyje. Karty z dziej\u00f3w studenckiego \u017cycia codziennego, spo\u0142ecznego, kulturalnego i politycznego na przestrzeni wiek\u00f3w"},"content":{"rendered":"","protected":false},"excerpt":{"rendered":"<p>Jest to oryginalna praca zbiorowa autorstwa 16 polskich i zagranicznych naukowc\u00f3w, kt\u00f3rzy pochylili si\u0119 zar\u00f3wno nad dawnymi, jak i\u00a0bli\u017cszymi naszych czas\u00f3w spo\u0142eczno\u015bciami akademickimi. Dla przejrzysto\u015bci i wygody Czytelnika tekst zosta\u0142 podzielony na cztery cz\u0119\u015bci:\u00a0<em>Studenci a czas wolny, Studenci a praworz\u0105dno\u015b\u0107, Obraz student\u00f3w w kulturze\u00a0<\/em>oraz\u00a0<em>Studenci w dzia\u0142aniu<\/em>, kt\u00f3rych autorzy prezentuj\u0105 \u017cycie towarzyskie\u00a0ucz\u0105cej si\u0119 m\u0142odzie\u017cy, rozrywki, ekscesy, a nawet przest\u0119pstwa, jakich\u00a0si\u0119 niekiedy dopuszcza\u0142a. Wielu student\u00f3w anga\u017cowa\u0142o si\u0119 w dzia\u0142alno\u015b\u0107 polityczn\u0105, zak\u0142ada\u0142o stowarzyszenia, korporacje, manifestowa\u0142o\u00a0w r\u00f3\u017cnej formie sw\u00f3j patriotyzm, p\u0142ac\u0105c za to czasami wysok\u0105 cen\u0119.\u00a0Pokazana tu r\u00f3\u017cnorodno\u015b\u0107 \u017cycia \u015brodowiska studenckiego sk\u0142ania do\u00a0refleksji i snucia por\u00f3wna\u0144 do \u017cycia wsp\u00f3\u0142czesnej m\u0142odzie\u017cy.<\/p>\n","protected":false},"featured_media":16961,"template":"","meta":{"_acf_changed":false},"journal":[],"rodzaj":[],"seria":[],"product_brand":[],"product_cat":[6958],"product_tag":[7608,7421,7926],"class_list":{"0":"post-46470","1":"product","2":"type-product","3":"status-publish","4":"has-post-thumbnail","6":"product_cat-historia","7":"product_tag-arkadiusz-janickiarkadiusz-janicki","8":"product_tag-iwona-janickaiwona-janicka","9":"product_tag-marta-urszula-dziedzic","10":"pa_rok-wydania-2020-en","12":"first","13":"outofstock","14":"taxable","15":"shipping-taxable","16":"purchasable","17":"product-type-simple"},"acf":[],"_links":{"self":[{"href":"https:\/\/wydawnictwo.ug.edu.pl\/en\/wp-json\/wp\/v2\/product\/46470","targetHints":{"allow":["GET"]}}],"collection":[{"href":"https:\/\/wydawnictwo.ug.edu.pl\/en\/wp-json\/wp\/v2\/product"}],"about":[{"href":"https:\/\/wydawnictwo.ug.edu.pl\/en\/wp-json\/wp\/v2\/types\/product"}],"wp:featuredmedia":[{"embeddable":true,"href":"https:\/\/wydawnictwo.ug.edu.pl\/en\/wp-json\/wp\/v2\/media\/16961"}],"wp:attachment":[{"href":"https:\/\/wydawnictwo.ug.edu.pl\/en\/wp-json\/wp\/v2\/media?parent=46470"}],"wp:term":[{"taxonomy":"journal","embeddable":true,"href":"https:\/\/wydawnictwo.ug.edu.pl\/en\/wp-json\/wp\/v2\/journal?post=46470"},{"taxonomy":"rodzaj","embeddable":true,"href":"https:\/\/wydawnictwo.ug.edu.pl\/en\/wp-json\/wp\/v2\/rodzaj?post=46470"},{"taxonomy":"seria","embeddable":true,"href":"https:\/\/wydawnictwo.ug.edu.pl\/en\/wp-json\/wp\/v2\/seria?post=46470"},{"taxonomy":"product_brand","embeddable":true,"href":"https:\/\/wydawnictwo.ug.edu.pl\/en\/wp-json\/wp\/v2\/product_brand?post=46470"},{"taxonomy":"product_cat","embeddable":true,"href":"https:\/\/wydawnictwo.ug.edu.pl\/en\/wp-json\/wp\/v2\/product_cat?post=46470"},{"taxonomy":"product_tag","embeddable":true,"href":"https:\/\/wydawnictwo.ug.edu.pl\/en\/wp-json\/wp\/v2\/product_tag?post=46470"}],"curies":[{"name":"wp","href":"https:\/\/api.w.org\/{rel}","templated":true}]}}

Nie samą nauką student żyje. Karty z dziejów studenckiego życia codziennego, społecznego, kulturalnego i politycznego na przestrzeni wieków

<p>Jest to oryginalna praca zbiorowa autorstwa 16 polskich i zagranicznych naukowców, którzy pochylili się zarówno nad dawnymi, jak i bliższymi naszych czasów społecznościami akademickimi. Dla przejrzystości i wygody Czytelnika tekst został podzielony na cztery części: <em>Studenci a czas wolny, Studenci a praworządność, Obraz studentów w kulturze </em>oraz <em>Studenci w działaniu</em>, których autorzy prezentują życie towarzyskie uczącej się młodzieży, rozrywki, ekscesy, a nawet przestępstwa, jakich się niekiedy dopuszczała. Wielu studentów angażowało się w działalność polityczną, zakładało stowarzyszenia, korporacje, manifestowało w różnej formie swój patriotyzm, płacąc za to czasami wysoką cenę. Pokazana tu różnorodność życia środowiska studenckiego skłania do refleksji i snucia porównań do życia współczesnej młodzieży.</p>
