{"id":46464,"date":"2019-11-30T00:00:00","date_gmt":"2019-11-30T00:00:00","guid":{"rendered":"https:\/\/wydawnictwo.ug.edu.pl\/ksiegarnia-online\/uncategorized\/rola-miejsce-i-znaczenie-zarzadzania-instytucjami-publicznymi-w-kreowaniu-jakosci-zycia-aspekt-zarzadczy\/"},"modified":"2026-02-11T14:39:49","modified_gmt":"2026-02-11T14:39:49","slug":"rola-miejsce-i-znaczenie-zarzadzania-instytucjami-publicznymi-w-kreowaniu-jakosci-zycia-aspekt-zarzadczy","status":"publish","type":"product","link":"https:\/\/wydawnictwo.ug.edu.pl\/en\/ksiegarnia-online\/zarzadzanie\/rola-miejsce-i-znaczenie-zarzadzania-instytucjami-publicznymi-w-kreowaniu-jakosci-zycia-aspekt-zarzadczy\/","title":{"rendered":"Rola, miejsce i znaczenie zarz\u0105dzania instytucjami publicznymi w kreowaniu jako\u015bci \u017cycia. Aspekt zarz\u0105dczy"},"content":{"rendered":"","protected":false},"excerpt":{"rendered":"<p>Monografia sk\u0142ada si\u0119 z dw\u00f3ch tom\u00f3w. Pierwszy z nich pt.\u00a0<em>Aspekt zarz\u0105dczy<\/em>\u00a0jest po\u015bwi\u0119cony rozwa\u017caniom dotycz\u0105cym kwestii zarz\u0105dzania. Czytelnik odnajdzie tu odniesienia do szeroko rozumianego zarz\u0105dzania, w szczeg\u00f3lno\u015bci spraw pracowniczych maj\u0105cych wp\u0142yw na efektywne realizowanie powierzonych zada\u0144. Odr\u0119bny obszar problem\u00f3w stanowi problem marki, my\u015blenia\u00a0strategicznego, a tak\u017ce podej\u015bcia Public Service Improvement. W drugim tomie zatytu\u0142owanym\u00a0<em>Aspekt instytucjonalny<\/em>\u00a0zosta\u0142y zgromadzone artyku\u0142y odnosz\u0105ce si\u0119 do aspekt\u00f3w instytucjonalnych organizacji publicznych nakierowanych na sektor samorz\u0105dowy, rolno-spo\u017cywczy, edukacyjny oraz ochrony zdrowia.<\/p>\n","protected":false},"featured_media":16175,"template":"","meta":{"_acf_changed":false},"journal":[],"rodzaj":[],"seria":[],"product_brand":[],"product_cat":[6942],"product_tag":[7672],"class_list":{"0":"post-46464","1":"product","2":"type-product","3":"status-publish","4":"has-post-thumbnail","6":"product_cat-zarzadzanie","7":"product_tag-jaroslaw-wasniewski","8":"pa_rok-wydania-2020-en","10":"first","11":"outofstock","12":"taxable","13":"shipping-taxable","14":"purchasable","15":"product-type-simple"},"acf":[],"_links":{"self":[{"href":"https:\/\/wydawnictwo.ug.edu.pl\/en\/wp-json\/wp\/v2\/product\/46464","targetHints":{"allow":["GET"]}}],"collection":[{"href":"https:\/\/wydawnictwo.ug.edu.pl\/en\/wp-json\/wp\/v2\/product"}],"about":[{"href":"https:\/\/wydawnictwo.ug.edu.pl\/en\/wp-json\/wp\/v2\/types\/product"}],"wp:featuredmedia":[{"embeddable":true,"href":"https:\/\/wydawnictwo.ug.edu.pl\/en\/wp-json\/wp\/v2\/media\/16175"}],"wp:attachment":[{"href":"https:\/\/wydawnictwo.ug.edu.pl\/en\/wp-json\/wp\/v2\/media?parent=46464"}],"wp:term":[{"taxonomy":"journal","embeddable":true,"href":"https:\/\/wydawnictwo.ug.edu.pl\/en\/wp-json\/wp\/v2\/journal?post=46464"},{"taxonomy":"rodzaj","embeddable":true,"href":"https:\/\/wydawnictwo.ug.edu.pl\/en\/wp-json\/wp\/v2\/rodzaj?post=46464"},{"taxonomy":"seria","embeddable":true,"href":"https:\/\/wydawnictwo.ug.edu.pl\/en\/wp-json\/wp\/v2\/seria?post=46464"},{"taxonomy":"product_brand","embeddable":true,"href":"https:\/\/wydawnictwo.ug.edu.pl\/en\/wp-json\/wp\/v2\/product_brand?post=46464"},{"taxonomy":"product_cat","embeddable":true,"href":"https:\/\/wydawnictwo.ug.edu.pl\/en\/wp-json\/wp\/v2\/product_cat?post=46464"},{"taxonomy":"product_tag","embeddable":true,"href":"https:\/\/wydawnictwo.ug.edu.pl\/en\/wp-json\/wp\/v2\/product_tag?post=46464"}],"curies":[{"name":"wp","href":"https:\/\/api.w.org\/{rel}","templated":true}]}}

Rola, miejsce i znaczenie zarządzania instytucjami publicznymi w kreowaniu jakości życia. Aspekt zarządczy

<p>Monografia składa się z dwóch tomów. Pierwszy z nich pt. <em>Aspekt zarządczy</em> jest poświęcony rozważaniom dotyczącym kwestii zarządzania. Czytelnik odnajdzie tu odniesienia do szeroko rozumianego zarządzania, w szczególności spraw pracowniczych mających wpływ na efektywne realizowanie powierzonych zadań. Odrębny obszar problemów stanowi problem marki, myślenia strategicznego, a także podejścia Public Service Improvement. W drugim tomie zatytułowanym <em>Aspekt instytucjonalny</em> zostały zgromadzone artykuły odnoszące się do aspektów instytucjonalnych organizacji publicznych nakierowanych na sektor samorządowy, rolno-spożywczy, edukacyjny oraz ochrony zdrowia.</p>
