{"id":46463,"date":"2019-11-30T00:00:00","date_gmt":"2019-11-30T00:00:00","guid":{"rendered":"https:\/\/wydawnictwo.ug.edu.pl\/ksiegarnia-online\/uncategorized\/kwestia-mlodziezy-w-polityce-rozwoju-regionu-morza-baltyckiego\/"},"modified":"2026-02-11T14:43:53","modified_gmt":"2026-02-11T14:43:53","slug":"kwestia-mlodziezy-w-polityce-rozwoju-regionu-morza-baltyckiego","status":"publish","type":"product","link":"https:\/\/wydawnictwo.ug.edu.pl\/en\/ksiegarnia-online\/ekonomia\/kwestia-mlodziezy-w-polityce-rozwoju-regionu-morza-baltyckiego\/","title":{"rendered":"Kwestia m\u0142odzie\u017cy w polityce rozwoju regionu Morza Ba\u0142tyckiego"},"content":{"rendered":"","protected":false},"excerpt":{"rendered":"<p>Ksi\u0105\u017cka dotyczy niezwykle wa\u017cnej kwestii, jak\u0105 jest miejsce m\u0142odzie\u017cy w polityce rozwojowej Regionu Morza Ba\u0142tyckiego. Europa Ba\u0142tycka to obszar zr\u00f3\u017cnicowany, obejmuj\u0105cy zar\u00f3wno znacz\u0105ce metropolie, jak i obszary peryferyjne o du\u017cych problemach gospodarczych, z kt\u00f3rych najwa\u017cniejszym jes t pos t\u0119puj\u0105ce wyludnienie, prowadz\u0105ce do dezaktywizacji ekonomicznej i spo\u0142ecznej, a tak\u017ce marginalizacji przestrzennej regionu.<\/p>\n<p>Publikacja\u00a0<em>Kwestia m\u0142odzie\u017cy w polityce rozwoju regionu Morza Ba\u0142tyckiego<\/em>\u00a0jest efektem ponad dwuletnich bada\u0144, kt\u00f3re realizowano w ramach projektu CASYPOT (Capacity Building for Strategic Youth Policy and Transnational Cooperation) w wybranych gminach Szwecji, Polski, Rosji i Litwy. W ramach projektu, w wymienionych powy\u017cej pa\u0144stwach, przeprowadzono mi\u0119dzy innymi badania m\u0142odzie\u017cy oraz analizy dokument\u00f3w strategicznych, sporz\u0105dzonych na poziomie krajowym, regionalnym i lokalnym.<\/p>\n<p>Rezultatem ko\u0144cowym prowadzonych prac s\u0105 opracowane dwa podej\u015bcia dotycz\u0105ce rozwi\u0105zywania problem\u00f3w m\u0142odzie\u017cy: autonomiczna polityka m\u0142odzie\u017cowa oraz polityka m\u0142odzie\u017cowa stanowi\u0105ca element polityki regionalnej. Wypracowanie dw\u00f3ch modeli daje wi\u0119ksze mo\u017cliwo\u015bci planistom spo\u0142ecznym i przestrzennym w zakresie wyboru narz\u0119dzi do interwencji publicznych. Analiza wspomnianych sposob\u00f3w realizacji polityki m\u0142odzie\u017cowej na poziomie regionalnym i lokalnym wskazuje, \u017ce oba modele s\u0105 warto\u015bciowe i pozwalaj\u0105 na stworzenie strategii zintegrowanej \u2013 \u0142\u0105cz\u0105cej oba wcze\u015bniej wymienione podej\u015bcia.<\/p>\n<p>Jednym z wa\u017cniejszych wniosk\u00f3w p\u0142yn\u0105cych z przeprowadzonych bada\u0144 jest sugestia zobowi\u0105zania w\u0142adz regionalnych do uwzgl\u0119dnienia czynnika demogra\ufb01 cznego w planach regionalnych oraz w strategiach rozwoju.<\/p>\n<p><em>Od Autor\u00f3w<\/em><\/p>\n","protected":false},"featured_media":16806,"template":"","meta":{"_acf_changed":false},"journal":[],"rodzaj":[],"seria":[],"product_brand":[],"product_cat":[6934],"product_tag":[7602,7919,7357],"class_list":{"0":"post-46463","1":"product","2":"type-product","3":"status-publish","4":"has-post-thumbnail","6":"product_cat-ekonomia","7":"product_tag-agata-ludwiczakagata-ludwiczak","8":"product_tag-andrzej-poszewicki","9":"product_tag-przemyslaw-kulawczukprzemyslaw-kulawczuk","10":"pa_rok-wydania-2020-en","12":"first","13":"outofstock","14":"taxable","15":"shipping-taxable","16":"purchasable","17":"product-type-simple"},"acf":[],"_links":{"self":[{"href":"https:\/\/wydawnictwo.ug.edu.pl\/en\/wp-json\/wp\/v2\/product\/46463","targetHints":{"allow":["GET"]}}],"collection":[{"href":"https:\/\/wydawnictwo.ug.edu.pl\/en\/wp-json\/wp\/v2\/product"}],"about":[{"href":"https:\/\/wydawnictwo.ug.edu.pl\/en\/wp-json\/wp\/v2\/types\/product"}],"wp:featuredmedia":[{"embeddable":true,"href":"https:\/\/wydawnictwo.ug.edu.pl\/en\/wp-json\/wp\/v2\/media\/16806"}],"wp:attachment":[{"href":"https:\/\/wydawnictwo.ug.edu.pl\/en\/wp-json\/wp\/v2\/media?parent=46463"}],"wp:term":[{"taxonomy":"journal","embeddable":true,"href":"https:\/\/wydawnictwo.ug.edu.pl\/en\/wp-json\/wp\/v2\/journal?post=46463"},{"taxonomy":"rodzaj","embeddable":true,"href":"https:\/\/wydawnictwo.ug.edu.pl\/en\/wp-json\/wp\/v2\/rodzaj?post=46463"},{"taxonomy":"seria","embeddable":true,"href":"https:\/\/wydawnictwo.ug.edu.pl\/en\/wp-json\/wp\/v2\/seria?post=46463"},{"taxonomy":"product_brand","embeddable":true,"href":"https:\/\/wydawnictwo.ug.edu.pl\/en\/wp-json\/wp\/v2\/product_brand?post=46463"},{"taxonomy":"product_cat","embeddable":true,"href":"https:\/\/wydawnictwo.ug.edu.pl\/en\/wp-json\/wp\/v2\/product_cat?post=46463"},{"taxonomy":"product_tag","embeddable":true,"href":"https:\/\/wydawnictwo.ug.edu.pl\/en\/wp-json\/wp\/v2\/product_tag?post=46463"}],"curies":[{"name":"wp","href":"https:\/\/api.w.org\/{rel}","templated":true}]}}

Kwestia młodzieży w polityce rozwoju regionu Morza Bałtyckiego

<p>Książka dotyczy niezwykle ważnej kwestii, jaką jest miejsce młodzieży w polityce rozwojowej Regionu Morza Bałtyckiego. Europa Bałtycka to obszar zróżnicowany, obejmujący zarówno znaczące metropolie, jak i obszary peryferyjne o dużych problemach gospodarczych, z których najważniejszym jes t pos tępujące wyludnienie, prowadzące do dezaktywizacji ekonomicznej i społecznej, a także marginalizacji przestrzennej regionu.</p>
<p>Publikacja <em>Kwestia młodzieży w polityce rozwoju regionu Morza Bałtyckiego</em> jest efektem ponad dwuletnich badań, które realizowano w ramach projektu CASYPOT (Capacity Building for Strategic Youth Policy and Transnational Cooperation) w wybranych gminach Szwecji, Polski, Rosji i Litwy. W ramach projektu, w wymienionych powyżej państwach, przeprowadzono między innymi badania młodzieży oraz analizy dokumentów strategicznych, sporządzonych na poziomie krajowym, regionalnym i lokalnym.</p>
<p>Rezultatem końcowym prowadzonych prac są opracowane dwa podejścia dotyczące rozwiązywania problemów młodzieży: autonomiczna polityka młodzieżowa oraz polityka młodzieżowa stanowiąca element polityki regionalnej. Wypracowanie dwóch modeli daje większe możliwości planistom społecznym i przestrzennym w zakresie wyboru narzędzi do interwencji publicznych. Analiza wspomnianych sposobów realizacji polityki młodzieżowej na poziomie regionalnym i lokalnym wskazuje, że oba modele są wartościowe i pozwalają na stworzenie strategii zintegrowanej – łączącej oba wcześniej wymienione podejścia.</p>
<p>Jednym z ważniejszych wniosków płynących z przeprowadzonych badań jest sugestia zobowiązania władz regionalnych do uwzględnienia czynnika demograﬁ cznego w planach regionalnych oraz w strategiach rozwoju.</p>
<p><em>Od Autorów</em></p>
